66.249.79.35 - - [02/Mar/2026:10:52:33 +0200] "GET /wp-admin/admin-ajax.php HTTP/1.1" 400 3649 "-" "Mozilla/5.0 (Linux; Android 6.0.1; Nexus 5X Build/MMB29P) AppleWebKit/537.36 (KHTML, like Gecko) Chrome/144.0.7559.132 Mobile Safari/537.36 (compatible; GoogleOther)"
217.146.69.20 - - [02/Mar/2026:11:00:29 +0200] "HEAD / HTTP/1.1" 200 3955 "-" "WordPress/6.9.1; https://bearmor.eu"
217.146.69.50 - - [02/Mar/2026:11:01:25 +0200] "HEAD / HTTP/1.1" 200 3955 "-" "Bearmor-Relay/1.0.0"
5.75.228.162 - - [02/Mar/2026:11:15:24 +0200] "POST /wp-load.php?df965d=45634 HTTP/1.1" 200 6808 "-" "Mozilla/5.0 (Windows NT 10.0; Win64; x64) AppleWebKit/537.36 (KHTML, like Gecko) Chrome/104.0.5112.97 Safari/537.36"
217.146.69.20 - - [02/Mar/2026:11:15:33 +0200] "HEAD / HTTP/1.1" 200 3955 "-" "WordPress/6.9.1; https://bearmor.eu"
217.146.69.50 - - [02/Mar/2026:11:16:34 +0200] "HEAD / HTTP/1.1" 200 3955 "-" "Bearmor-Relay/1.0.0"
45.148.235.231 - - [02/Mar/2026:11:17:18 +0200] "GET /wp-login.php HTTP/1.1" 200 5816 "-" "Mozilla/5.0 (Macintosh; Intel Mac OS X 13_5) AppleWebKit/605.1.15 (KHTML, like Gecko) Version/17.5 Safari/605.1.15"
45.148.235.231 - - [02/Mar/2026:11:17:20 +0200] "POST /xmlrpc.php HTTP/1.1" 200 3887 "-" "Mozilla/5.0 (Windows NT 10.0; Win64; x64) AppleWebKit/537.36 (KHTML, like Gecko) Chrome/124.0.6367.207 Safari/537.36"
45.148.235.231 - - [02/Mar/2026:11:17:22 +0200] "GET /wp-login.php HTTP/1.1" 200 5816 "-" "Mozilla/5.0 (Windows NT 10.0; Win64; x64) AppleWebKit/537.36 (KHTML, like Gecko) Chrome/124.0.6367.207 Safari/537.36"
45.148.235.231 - - [02/Mar/2026:11:17:23 +0200] "POST /wp-login.php HTTP/1.1" 302 1310 "https://fotovoltaicgreen.ro/wp-login.php" "Mozilla/5.0 (Windows NT 10.0; Win64; x64) AppleWebKit/537.36 (KHTML, like Gecko) Chrome/124.0.6367.207 Safari/537.36"
45.148.235.231 - - [02/Mar/2026:11:17:24 +0200] "GET /wp-admin/ HTTP/1.1" 200 35186 "https://fotovoltaicgreen.ro/wp-login.php" "Mozilla/5.0 (Windows NT 10.0; Win64; x64) AppleWebKit/537.36 (KHTML, like Gecko) Chrome/124.0.6367.207 Safari/537.36"
45.148.235.231 - - [02/Mar/2026:11:17:27 +0200] "GET /wp-admin/theme-editor.php HTTP/1.1" 200 53408 "-" "Mozilla/5.0 (Windows NT 10.0; Win64; x64) AppleWebKit/537.36 (KHTML, like Gecko) Chrome/124.0.6367.207 Safari/537.36"
45.148.235.231 - - [02/Mar/2026:11:17:28 +0200] "GET /wp-admin/plugin-editor.php HTTP/1.1" 200 32549 "-" "Mozilla/5.0 (Windows NT 10.0; Win64; x64) AppleWebKit/537.36 (KHTML, like Gecko) Chrome/124.0.6367.207 Safari/537.36"
45.148.235.231 - - [02/Mar/2026:11:17:29 +0200] "GET /wp-admin/theme-install.php HTTP/1.1" 200 29657 "-" "Mozilla/5.0 (Windows NT 10.0; Win64; x64) AppleWebKit/537.36 (KHTML, like Gecko) Chrome/124.0.6367.207 Safari/537.36"
45.148.235.231 - - [02/Mar/2026:11:17:30 +0200] "GET /wp-admin/plugin-install.php HTTP/1.1" 200 32912 "-" "Mozilla/5.0 (Windows NT 10.0; Win64; x64) AppleWebKit/537.36 (KHTML, like Gecko) Chrome/124.0.6367.207 Safari/537.36"
45.148.235.231 - - [02/Mar/2026:11:17:32 +0200] "POST /wp-admin/update.php?action=upload-plugin HTTP/1.1" 500 3065 "https://fotovoltaicgreen.ro/wp-admin/update.php?action=upload-plugin" "Mozilla/5.0 (Windows NT 10.0; Win64; x64) AppleWebKit/537.36 (KHTML, like Gecko) Chrome/124.0.6367.207 Safari/537.36"
45.148.235.231 - - [02/Mar/2026:11:17:37 +0200] "GET /wp-admin/plugins.php?plugin_status=all HTTP/1.1" 200 39378 "-" "Mozilla/5.0 (Windows NT 10.0; Win64; x64) AppleWebKit/537.36 (KHTML, like Gecko) Chrome/124.0.6367.207 Safari/537.36"
45.148.235.231 - - [02/Mar/2026:11:17:38 +0200] "GET /wp-admin/plugins.php?plugin_status=all HTTP/1.1" 200 39037 "-" "Mozilla/5.0 (Windows NT 10.0; Win64; x64) AppleWebKit/537.36 (KHTML, like Gecko) Chrome/124.0.6367.207 Safari/537.36"
45.148.235.231 - - [02/Mar/2026:11:17:39 +0200] "GET /wp-admin/plugins.php?plugin_status=all HTTP/1.1" 200 39049 "-" "Mozilla/5.0 (Windows NT 10.0; Win64; x64) AppleWebKit/537.36 (KHTML, like Gecko) Chrome/124.0.6367.207 Safari/537.36"
45.148.235.231 - - [02/Mar/2026:11:17:40 +0200] "GET /wp-admin/plugins.php?plugin_status=all HTTP/1.1" 200 39035 "-" "Mozilla/5.0 (Windows NT 10.0; Win64; x64) AppleWebKit/537.36 (KHTML, like Gecko) Chrome/124.0.6367.207 Safari/537.36"
45.148.235.231 - - [02/Mar/2026:11:17:42 +0200] "GET /wp-admin/plugins.php?plugin_status=all HTTP/1.1" 200 39054 "-" "Mozilla/5.0 (Windows NT 10.0; Win64; x64) AppleWebKit/537.36 (KHTML, like Gecko) Chrome/124.0.6367.207 Safari/537.36"
54.88.134.92 - - [02/Mar/2026:11:26:28 +0200] "GET / HTTP/1.1" 301 3785 "-" "Mozilla/5.0 (Windows NT 10.0; Win64; x64) AppleWebKit/537.36 (KHTML, like Gecko) Chrome/109.0.0.0 Safari/537.36"
54.88.134.92 - - [02/Mar/2026:11:26:30 +0200] "GET / HTTP/1.1" 200 36276 "-" "Mozilla/5.0 (Windows NT 10.0; Win64; x64) AppleWebKit/537.36 (KHTML, like Gecko) Chrome/109.0.0.0 Safari/537.36"
217.146.69.20 - - [02/Mar/2026:11:30:34 +0200] "HEAD / HTTP/1.1" 200 3955 "-" "WordPress/6.9.1; https://bearmor.eu"
217.146.69.50 - - [02/Mar/2026:11:31:27 +0200] "HEAD / HTTP/1.1" 200 3955 "-" "Bearmor-Relay/1.0.0"
192.168.1.1 - - [02/Mar/2026:11:45:35 +0200] "POST /wp-cron.php?doing_wp_cron=1772444735.5270578861236572265625 HTTP/1.1" 200 3609 "-" "WordPress/6.9.1; https://fotovoltaicgreen.ro"
217.146.69.20 - - [02/Mar/2026:11:45:33 +0200] "HEAD / HTTP/1.1" 200 3955 "-" "WordPress/6.9.1; https://bearmor.eu"
217.146.69.50 - - [02/Mar/2026:11:46:25 +0200] "HEAD / HTTP/1.1" 200 3955 "-" "Bearmor-Relay/1.0.0"
192.168.1.1 - - [02/Mar/2026:12:00:27 +0200] "POST /wp-cron.php?doing_wp_cron=1772445627.5080389976501464843750 HTTP/1.1" 200 3609 "-" "WordPress/6.9.1; https://fotovoltaicgreen.ro"
198.89.123.220 - - [02/Mar/2026:12:00:25 +0200] "GET /index.php/2026/02/28/exploring-kinghills-casino-a-world-of-endless-thri/ HTTP/1.1" 200 29462 "-" "Python/3.14 aiohttp/3.13.2"
217.146.69.20 - - [02/Mar/2026:12:00:37 +0200] "HEAD / HTTP/1.1" 200 3955 "-" "WordPress/6.9.1; https://bearmor.eu"
217.146.69.50 - - [02/Mar/2026:12:01:33 +0200] "HEAD / HTTP/1.1" 200 3955 "-" "Bearmor-Relay/1.0.0"
166.88.235.115 - - [02/Mar/2026:12:04:38 +0200] "GET /index.php/2026/03/01/casinia-casino-kattava-opas-maksimoimaan-pelikokem/ HTTP/1.1" 200 29688 "-" "Python/3.14 aiohttp/3.13.2"
188.245.90.252 - - [02/Mar/2026:12:15:34 +0200] "POST /wp-load.php?25ad58=49391 HTTP/1.1" 200 9250 "-" "Mozilla/5.0 (Windows NT 10.0; Win64; x64) AppleWebKit/537.36 (KHTML, like Gecko) Chrome/104.0.5112.97 Safari/537.36"
217.146.69.20 - - [02/Mar/2026:12:15:37 +0200] "HEAD / HTTP/1.1" 200 3955 "-" "WordPress/6.9.1; https://bearmor.eu"
217.146.69.50 - - [02/Mar/2026:12:16:35 +0200] "HEAD / HTTP/1.1" 200 3955 "-" "Bearmor-Relay/1.0.0"
217.146.69.20 - - [02/Mar/2026:12:30:35 +0200] "HEAD / HTTP/1.1" 200 3955 "-" "WordPress/6.9.1; https://bearmor.eu"
192.168.1.1 - - [02/Mar/2026:12:31:37 +0200] "POST /wp-cron.php?doing_wp_cron=1772447497.8194019794464111328125 HTTP/1.1" 200 3609 "-" "WordPress/6.9.1; https://fotovoltaicgreen.ro"
217.146.69.50 - - [02/Mar/2026:12:31:37 +0200] "HEAD / HTTP/1.1" 200 3955 "-" "Bearmor-Relay/1.0.0"
192.168.1.1 - - [02/Mar/2026:12:37:33 +0200] "POST /wp-cron.php?doing_wp_cron=1772447853.1002979278564453125000 HTTP/1.1" 200 3609 "-" "WordPress/6.9.1; https://fotovoltaicgreen.ro"
92.112.134.31 - - [02/Mar/2026:12:37:31 +0200] "GET /index.php/2026/02/28/strategic-chicken-road-gameplay-timing-e-gestione/ HTTP/1.1" 200 29510 "-" "Python/3.14 aiohttp/3.13.2"
192.168.1.1 - - [02/Mar/2026:12:44:11 +0200] "POST /wp-cron.php?doing_wp_cron=1772448251.1079680919647216796875 HTTP/1.1" 200 3609 "-" "WordPress/6.9.1; https://fotovoltaicgreen.ro"
51.68.111.215 - - [02/Mar/2026:12:44:09 +0200] "GET /robots.txt HTTP/1.1" 200 3993 "-" "Mozilla/5.0 (compatible; MJ12bot/v2.0.5; http://mj12bot.com/)"
51.68.111.215 - - [02/Mar/2026:12:44:11 +0200] "GET / HTTP/1.1" 200 32999 "-" "Mozilla/5.0 (compatible; MJ12bot/v2.0.5; http://mj12bot.com/)"
217.146.69.20 - - [02/Mar/2026:12:45:39 +0200] "HEAD / HTTP/1.1" 200 3955 "-" "WordPress/6.9.1; https://bearmor.eu"
192.168.1.1 - - [02/Mar/2026:12:46:33 +0200] "POST /wp-cron.php?doing_wp_cron=1772448393.8400869369506835937500 HTTP/1.1" 200 3609 "-" "WordPress/6.9.1; https://fotovoltaicgreen.ro"
217.146.69.50 - - [02/Mar/2026:12:46:33 +0200] "HEAD / HTTP/1.1" 200 3955 "-" "Bearmor-Relay/1.0.0"
217.146.69.20 - - [02/Mar/2026:13:00:33 +0200] "HEAD / HTTP/1.1" 200 3955 "-" "WordPress/6.9.1; https://bearmor.eu"
217.146.69.50 - - [02/Mar/2026:13:01:30 +0200] "HEAD / HTTP/1.1" 200 3955 "-" "Bearmor-Relay/1.0.0"
217.146.69.20 - - [02/Mar/2026:13:15:34 +0200] "HEAD / HTTP/1.1" 200 3955 "-" "WordPress/6.9.1; https://bearmor.eu"
88.99.13.2 - - [02/Mar/2026:13:15:44 +0200] "POST /wp-load.php?be533d=3965 HTTP/1.1" 200 7143 "-" "Mozilla/5.0 (Windows NT 10.0; Win64; x64) AppleWebKit/537.36 (KHTML, like Gecko) Chrome/104.0.5112.97 Safari/537.36"
217.146.69.50 - - [02/Mar/2026:13:16:31 +0200] "HEAD / HTTP/1.1" 200 3955 "-" "Bearmor-Relay/1.0.0"
109.50.247.231 - - [02/Mar/2026:13:23:38 +0200] "GET /wp-login.php HTTP/1.1" 200 5760 "-" "Mozilla/5.0 (Windows NT 10.0; Win64; x64) AppleWebKit/537.36 (KHTML, like Gecko) Chrome/136.0.0.0 Safari/537.36 (+https://support.wordpress.com)"
109.50.247.231 - - [02/Mar/2026:13:23:41 +0200] "POST /wp-login.php HTTP/1.1" 302 1255 "https://fotovoltaicgreen.ro/wp-login.php" "Mozilla/5.0 (Windows NT 10.0; Win64; x64) AppleWebKit/537.36 (KHTML, like Gecko) Chrome/136.0.0.0 Safari/537.36 (+https://support.wordpress.com)"
109.50.247.231 - - [02/Mar/2026:13:23:43 +0200] "GET /wp-admin/ HTTP/1.1" 200 35137 "https://fotovoltaicgreen.ro/wp-login.php" "Mozilla/5.0 (Windows NT 10.0; Win64; x64) AppleWebKit/537.36 (KHTML, like Gecko) Chrome/136.0.0.0 Safari/537.36 (+https://support.wordpress.com)"
109.50.247.231 - - [02/Mar/2026:13:23:47 +0200] "GET /wp-json/wp/v2/users/me?context=edit&_fields=id%2Croles%2Ccapabilities HTTP/1.1" 200 2600 "-" "Mozilla/5.0 (Windows NT 10.0; Win64; x64) AppleWebKit/537.36 (KHTML, like Gecko) Chrome/136.0.0.0 Safari/537.36 (+https://support.wordpress.com)"
109.50.247.231 - - [02/Mar/2026:13:23:48 +0200] "GET /wp-json/ HTTP/1.1" 200 230351 "-" "Mozilla/5.0 (Windows NT 10.0; Win64; x64) AppleWebKit/537.36 (KHTML, like Gecko) Chrome/136.0.0.0 Safari/537.36 (+https://support.wordpress.com)"
126.207.76.100 - - [02/Mar/2026:13:23:50 +0200] "GET /xmlrpc.php HTTP/1.1" 405 583 "-" "WP-Extra/1.2"
126.207.76.100 - - [02/Mar/2026:13:23:54 +0200] "GET /wp-json/ HTTP/1.1" 200 230351 "-" "Mozilla/5.0 (Windows NT 10.0; Win64; x64) AppleWebKit/537.36 (KHTML, like Gecko) Chrome/136.0.0.0 Safari/537.36 (+https://support.wordpress.com)"
126.207.76.100 - - [02/Mar/2026:13:23:58 +0200] "OPTIONS /wp-json/batch/v1 HTTP/1.1" 200 1211 "-" "Mozilla/5.0 (Windows NT 10.0; Win64; x64) AppleWebKit/537.36 (KHTML, like Gecko) Chrome/136.0.0.0 Safari/537.36 (+https://support.wordpress.com)"
126.207.76.100 - - [02/Mar/2026:13:23:59 +0200] "GET /wp-json/wp-site-health/v1/tests/https-status HTTP/1.1" 401 627 "-" "Mozilla/5.0 (Windows NT 10.0; Win64; x64) AppleWebKit/537.36 (KHTML, like Gecko) Chrome/136.0.0.0 Safari/537.36 (+https://support.wordpress.com)"
126.207.76.100 - - [02/Mar/2026:13:24:00 +0200] "POST /wp-json/wp/v2/users/1/application-passwords HTTP/1.1" 501 789 "-" "Mozilla/5.0 (Windows NT 10.0; Win64; x64) AppleWebKit/537.36 (KHTML, like Gecko) Chrome/136.0.0.0 Safari/537.36 (+https://support.wordpress.com)"
31.30.172.70 - - [02/Mar/2026:13:24:00 +0200] "GET /wp-json/wp/v2/users?search=bot&context=edit HTTP/1.1" 200 1018 "-" "Mozilla/5.0 (Windows NT 10.0; Win64; x64) AppleWebKit/537.36 (KHTML, like Gecko) Chrome/136.0.0.0 Safari/537.36 (+https://support.wordpress.com)"
31.30.172.70 - - [02/Mar/2026:13:24:01 +0200] "POST /wp-json/wp/v2/users HTTP/1.1" 400 1202 "-" "Mozilla/5.0 (Windows NT 10.0; Win64; x64) AppleWebKit/537.36 (KHTML, like Gecko) Chrome/136.0.0.0 Safari/537.36 (+https://support.wordpress.com)"
106.139.79.137 - - [02/Mar/2026:13:24:04 +0200] "GET /wp-json/wp-site-health/v1/tests/https-status HTTP/1.1" 401 950 "-" "Mozilla/5.0 (Windows NT 10.0; Win64; x64) AppleWebKit/537.36 (KHTML, like Gecko) Chrome/136.0.0.0 Safari/537.36 (+https://support.wordpress.com)"
106.139.79.137 - - [02/Mar/2026:13:24:05 +0200] "GET /wp-json/wp-site-health/v1/tests/background-updates HTTP/1.1" 401 627 "-" "Mozilla/5.0 (Windows NT 10.0; Win64; x64) AppleWebKit/537.36 (KHTML, like Gecko) Chrome/136.0.0.0 Safari/537.36 (+https://support.wordpress.com)"
106.139.79.137 - - [02/Mar/2026:13:24:06 +0200] "GET /wp-json/wp-site-health/v1/tests/loopback-requests HTTP/1.1" 401 627 "-" "Mozilla/5.0 (Windows NT 10.0; Win64; x64) AppleWebKit/537.36 (KHTML, like Gecko) Chrome/136.0.0.0 Safari/537.36 (+https://support.wordpress.com)"
217.146.69.20 - - [02/Mar/2026:13:30:34 +0200] "HEAD / HTTP/1.1" 200 3955 "-" "WordPress/6.9.1; https://bearmor.eu"
217.146.69.50 - - [02/Mar/2026:13:31:31 +0200] "HEAD / HTTP/1.1" 200 3955 "-" "Bearmor-Relay/1.0.0"
192.168.1.1 - - [02/Mar/2026:13:45:37 +0200] "POST /wp-cron.php?doing_wp_cron=1772451937.2831048965454101562500 HTTP/1.1" 200 3609 "-" "WordPress/6.9.1; https://fotovoltaicgreen.ro"
217.146.69.20 - - [02/Mar/2026:13:45:35 +0200] "HEAD / HTTP/1.1" 200 3955 "-" "WordPress/6.9.1; https://bearmor.eu"
192.168.1.1 - - [02/Mar/2026:13:46:30 +0200] "POST /wp-cron.php?doing_wp_cron=1772451990.2100689411163330078125 HTTP/1.1" 200 3609 "-" "WordPress/6.9.1; https://fotovoltaicgreen.ro"
217.146.69.50 - - [02/Mar/2026:13:46:29 +0200] "HEAD / HTTP/1.1" 200 3955 "-" "Bearmor-Relay/1.0.0"
217.146.69.20 - - [02/Mar/2026:14:00:40 +0200] "HEAD / HTTP/1.1" 200 3955 "-" "WordPress/6.9.1; https://bearmor.eu"
5.35.38.15 - - [02/Mar/2026:14:00:52 +0200] "GET /index.php/2026/02/04/stake-casino-canada-overview-and-features/ HTTP/1.1" 404 57089 "https://fotovoltaicgreen.ro/" "Mozilla/5.0 (X11; Linux i686) AppleWebKit/537.36 (KHTML, like Gecko) Chrome/114.0.0.0 Safari/537.36 Vivaldi/5.3.2679.68"
5.35.38.15 - - [02/Mar/2026:14:00:53 +0200] "GET / HTTP/1.1" 200 36317 "-" "Mozilla/5.0 (X11; Linux i686) AppleWebKit/537.36 (KHTML, like Gecko) Chrome/114.0.0.0 Safari/537.36 Vivaldi/5.3.2679.68"
5.35.38.15 - - [02/Mar/2026:14:00:55 +0200] "GET /wp-login.php HTTP/1.1" 200 5817 "https://fotovoltaicgreen.ro" "Mozilla/5.0 (Windows NT 6.3; Win64; x64) AppleWebKit/537.36 (KHTML, like Gecko) Chrome/103.0.0.0 Safari/537.36"
5.35.38.15 - - [02/Mar/2026:14:00:55 +0200] "GET /wp-login.php HTTP/1.1" 200 5817 "https://fotovoltaicgreen.ro/wp-login.php" "Mozilla/5.0 (Windows NT 6.3; Win64; x64) AppleWebKit/537.36 (KHTML, like Gecko) Chrome/103.0.0.0 Safari/537.36"
5.35.38.15 - - [02/Mar/2026:14:00:56 +0200] "GET /wp-includes/css/dashicons.min.css?ver=6.9.1 HTTP/1.1" 200 39527 "https://fotovoltaicgreen.ro/wp-login.php" "Mozilla/5.0 (Windows NT 10.0; Win64; x64) AppleWebKit/537.36 (KHTML, like Gecko) Chrome/143.0.0.0 Safari/537.36"
5.35.38.15 - - [02/Mar/2026:14:00:57 +0200] "GET /wp-includes/css/buttons.min.css?ver=6.9.1 HTTP/1.1" 200 5143 "https://fotovoltaicgreen.ro/wp-login.php" "Mozilla/5.0 (Windows NT 10.0; Win64; x64) AppleWebKit/537.36 (KHTML, like Gecko) Chrome/143.0.0.0 Safari/537.36"
5.35.38.15 - - [02/Mar/2026:14:00:57 +0200] "GET /wp-admin/css/forms.min.css?ver=6.9.1 HTTP/1.1" 200 10293 "https://fotovoltaicgreen.ro/wp-login.php" "Mozilla/5.0 (Windows NT 10.0; Win64; x64) AppleWebKit/537.36 (KHTML, like Gecko) Chrome/143.0.0.0 Safari/537.36"
5.35.38.15 - - [02/Mar/2026:14:00:57 +0200] "GET /wp-admin/css/l10n.min.css?ver=6.9.1 HTTP/1.1" 200 4438 "https://fotovoltaicgreen.ro/wp-login.php" "Mozilla/5.0 (Windows NT 10.0; Win64; x64) AppleWebKit/537.36 (KHTML, like Gecko) Chrome/143.0.0.0 Safari/537.36"
5.35.38.15 - - [02/Mar/2026:14:00:57 +0200] "GET /wp-admin/css/login.min.css?ver=6.9.1 HTTP/1.1" 200 5844 "https://fotovoltaicgreen.ro/wp-login.php" "Mozilla/5.0 (Windows NT 10.0; Win64; x64) AppleWebKit/537.36 (KHTML, like Gecko) Chrome/143.0.0.0 Safari/537.36"
5.35.38.15 - - [02/Mar/2026:14:00:57 +0200] "POST /wp-login.php HTTP/1.1" 302 4903 "https://fotovoltaicgreen.ro/wp-login.php" "Mozilla/5.0 (Windows NT 6.3; Win64; x64) AppleWebKit/537.36 (KHTML, like Gecko) Chrome/103.0.0.0 Safari/537.36"
5.35.38.15 - - [02/Mar/2026:14:00:59 +0200] "GET /wp-admin/ HTTP/1.1" 200 38481 "https://fotovoltaicgreen.ro/wp-login.php" "Mozilla/5.0 (Windows NT 6.3; Win64; x64) AppleWebKit/537.36 (KHTML, like Gecko) Chrome/103.0.0.0 Safari/537.36"
5.35.38.15 - - [02/Mar/2026:14:01:00 +0200] "GET /xmlrpc.php HTTP/1.1" 405 3629 "https://fotovoltaicgreen.ro/wp-admin/" "Mozilla/5.0 (Windows NT 6.3; Win64; x64) AppleWebKit/537.36 (KHTML, like Gecko) Chrome/103.0.0.0 Safari/537.36"
5.35.38.15 - - [02/Mar/2026:14:01:00 +0200] "POST /xmlrpc.php HTTP/1.1" 200 3676 "https://fotovoltaicgreen.ro/xmlrpc.php" "Mozilla/5.0 (Windows NT 6.3; Win64; x64) AppleWebKit/537.36 (KHTML, like Gecko) Chrome/103.0.0.0 Safari/537.36"
192.168.1.1 - - [02/Mar/2026:14:01:02 +0200] "POST /wp-cron.php?doing_wp_cron=1772452862.2052569389343261718750 HTTP/1.1" 200 3609 "-" "WordPress/6.9.1; https://fotovoltaicgreen.ro"
5.35.38.15 - - [02/Mar/2026:14:01:01 +0200] "POST /xmlrpc.php HTTP/1.1" 200 3681 "https://fotovoltaicgreen.ro/xmlrpc.php" "Mozilla/5.0 (Windows NT 6.3; Win64; x64) AppleWebKit/537.36 (KHTML, like Gecko) Chrome/103.0.0.0 Safari/537.36"
5.35.38.15 - - [02/Mar/2026:14:01:02 +0200] "GET /?p=1482 HTTP/1.1" 301 4089 "https://fotovoltaicgreen.ro/xmlrpc.php" "Mozilla/5.0 (Windows NT 6.3; Win64; x64) AppleWebKit/537.36 (KHTML, like Gecko) Chrome/103.0.0.0 Safari/537.36"
5.35.38.15 - - [02/Mar/2026:14:01:03 +0200] "GET /index.php/2026/03/02/tower-rush-arnaque-fast-action-strategy-game-challenge-your-mind-and-reflexes/ HTTP/1.1" 200 38852 "https://fotovoltaicgreen.ro/?p=1482" "Mozilla/5.0 (Windows NT 6.3; Win64; x64) AppleWebKit/537.36 (KHTML, like Gecko) Chrome/103.0.0.0 Safari/537.36"
192.168.1.1 - - [02/Mar/2026:14:01:36 +0200] "POST /wp-cron.php?doing_wp_cron=1772452896.1231939792633056640625 HTTP/1.1" 200 3609 "-" "WordPress/6.9.1; https://fotovoltaicgreen.ro"
217.146.69.50 - - [02/Mar/2026:14:01:35 +0200] "HEAD / HTTP/1.1" 200 3955 "-" "Bearmor-Relay/1.0.0"
5.35.38.15 - - [02/Mar/2026:14:02:21 +0200] "GET /index.php/2026/03/02/tower-rush-arnaque-fast-action-strategy-game-challenge-your-mind-and-reflexes/ HTTP/1.1" 200 33133 "-" "Mozilla/5.0 (X11; Linux i686) AppleWebKit/537.36 (KHTML, like Gecko) Chrome/114.0.0.0 Safari/537.36 Vivaldi/5.3.2679.68"
199.45.155.67 - - [02/Mar/2026:14:02:40 +0200] "GET / HTTP/1.1" 200 36240 "-" "Mozilla/5.0 (compatible; CensysInspect/1.1; +https://about.censys.io/)"
199.45.155.67 - - [02/Mar/2026:14:02:44 +0200] "GET /favicon.ico HTTP/1.1" 302 3886 "-" "Mozilla/5.0 (compatible; CensysInspect/1.1; +https://about.censys.io/)"
199.45.155.67 - - [02/Mar/2026:14:02:47 +0200] "GET /wp-includes/images/w-logo-blue-white-bg.png HTTP/1.1" 200 7688 "https://fotovoltaicgreen.ro/favicon.ico" "Mozilla/5.0 (compatible; CensysInspect/1.1; +https://about.censys.io/)"
20.215.220.209 - - [02/Mar/2026:14:10:05 +0200] "GET /index.php/contact/ HTTP/1.1" 200 30700 "-" "Mozilla/5.0 AppleWebKit/537.36 (KHTML, like Gecko); compatible; ChatGPT-User/1.0; +https://openai.com/bot"
217.146.69.20 - - [02/Mar/2026:14:15:31 +0200] "HEAD / HTTP/1.1" 200 3955 "-" "WordPress/6.9.1; https://bearmor.eu"
188.245.48.218 - - [02/Mar/2026:14:15:53 +0200] "POST /wp-load.php?2a58be=60340 HTTP/1.1" 200 18460 "-" "Mozilla/5.0 (Windows NT 10.0; Win64; x64) AppleWebKit/537.36 (KHTML, like Gecko) Chrome/104.0.5112.97 Safari/537.36"
205.169.39.191 - - [02/Mar/2026:14:16:21 +0200] "GET / HTTP/1.1" 200 32874 "-" "Mozilla/5.0 (Windows NT 6.1; Win64; x64) AppleWebKit/537.36 (KHTML, like Gecko) Chrome/83.0.4103.61 Safari/537.36"
205.169.39.191 - - [02/Mar/2026:14:16:26 +0200] "GET /wp-includes/js/jquery/jquery.min.js?ver=3.7.1 HTTP/1.1" 200 34219 "http://fotovoltaicgreen.ro/" "Mozilla/5.0 (Windows NT 6.1; Win64; x64) AppleWebKit/537.36 (KHTML, like Gecko) Chrome/83.0.4103.61 Safari/537.36"
205.169.39.191 - - [02/Mar/2026:14:16:26 +0200] "GET /wp-includes/js/jquery/jquery-migrate.min.js?ver=3.4.1 HTTP/1.1" 200 5238 "http://fotovoltaicgreen.ro/" "Mozilla/5.0 (Windows NT 6.1; Win64; x64) AppleWebKit/537.36 (KHTML, like Gecko) Chrome/83.0.4103.61 Safari/537.36"
205.169.39.191 - - [02/Mar/2026:14:16:26 +0200] "GET /wp-content/themes/Divi/js/scripts.min.js?ver=4.27.4 HTTP/1.1" 200 71345 "http://fotovoltaicgreen.ro/" "Mozilla/5.0 (Windows NT 6.1; Win64; x64) AppleWebKit/537.36 (KHTML, like Gecko) Chrome/83.0.4103.61 Safari/537.36"
205.169.39.191 - - [02/Mar/2026:14:16:28 +0200] "GET /wp-content/themes/Divi/includes/builder/feature/dynamic-assets/assets/js/jquery.fitvids.js?ver=4.27.4 HTTP/1.1" 200 1706 "http://fotovoltaicgreen.ro/" "Mozilla/5.0 (Windows NT 6.1; Win64; x64) AppleWebKit/537.36 (KHTML, like Gecko) Chrome/83.0.4103.61 Safari/537.36"
205.169.39.191 - - [02/Mar/2026:14:16:28 +0200] "GET /wp-content/themes/Divi/includes/builder/feature/dynamic-assets/assets/js/magnific-popup.js?ver=4.27.4 HTTP/1.1" 200 8769 "http://fotovoltaicgreen.ro/" "Mozilla/5.0 (Windows NT 6.1; Win64; x64) AppleWebKit/537.36 (KHTML, like Gecko) Chrome/83.0.4103.61 Safari/537.36"
205.169.39.191 - - [02/Mar/2026:14:16:28 +0200] "GET /wp-content/themes/Divi/includes/builder/feature/dynamic-assets/assets/js/salvattore.js?ver=4.27.4 HTTP/1.1" 200 3778 "http://fotovoltaicgreen.ro/" "Mozilla/5.0 (Windows NT 6.1; Win64; x64) AppleWebKit/537.36 (KHTML, like Gecko) Chrome/83.0.4103.61 Safari/537.36"
205.169.39.191 - - [02/Mar/2026:14:16:29 +0200] "GET /wp-content/themes/Divi/core/admin/js/common.js?ver=4.27.4 HTTP/1.1" 200 930 "http://fotovoltaicgreen.ro/" "Mozilla/5.0 (Windows NT 6.1; Win64; x64) AppleWebKit/537.36 (KHTML, like Gecko) Chrome/83.0.4103.61 Safari/537.36"
205.169.39.191 - - [02/Mar/2026:14:16:29 +0200] "GET /wp-content/plugins/gtranslate/js/popup.js?ver=6.9.1 HTTP/1.1" 200 6296 "http://fotovoltaicgreen.ro/" "Mozilla/5.0 (Windows NT 6.1; Win64; x64) AppleWebKit/537.36 (KHTML, like Gecko) Chrome/83.0.4103.61 Safari/537.36"
205.169.39.191 - - [02/Mar/2026:14:16:30 +0200] "GET /wp-content/uploads/2025/05/png-clipart-solar-panel-solar-power-solar-energy-renewable-energy-solar-panels-creative-elements-logo-sunlight.png HTTP/1.1" 200 52126 "http://fotovoltaicgreen.ro/" "Mozilla/5.0 (Windows NT 6.1; Win64; x64) AppleWebKit/537.36 (KHTML, like Gecko) Chrome/83.0.4103.61 Safari/537.36"
217.146.69.50 - - [02/Mar/2026:14:16:38 +0200] "HEAD / HTTP/1.1" 200 3955 "-" "Bearmor-Relay/1.0.0"
74.7.241.129 - - [02/Mar/2026:14:20:55 +0200] "GET /robots.txt HTTP/1.1" 200 3952 "-" "Mozilla/5.0 (Macintosh; Intel Mac OS X 10_15_7) AppleWebKit/537.36 (KHTML, like Gecko) Chrome/131.0.0.0 Safari/537.36; compatible; OAI-SearchBot/1.3; robots.txt; +https://openai.com/searchbot"
217.146.69.20 - - [02/Mar/2026:14:30:32 +0200] "HEAD / HTTP/1.1" 200 3955 "-" "WordPress/6.9.1; https://bearmor.eu"
192.168.1.1 - - [02/Mar/2026:14:31:05 +0200] "GET / HTTP/1.1" 200 36317 "-" "Mozilla/5.0 (Windows NT 10.0; Win64; x64) AppleWebKit/537.36 (KHTML, like Gecko) Chrome/145.0.0.0 Safari/537.36"
192.168.1.1 - - [02/Mar/2026:14:31:06 +0200] "GET /wp-content/et-cache/1383/et-divi-dynamic-1383-late.css?ver=1772135134 HTTP/1.1" 200 3034 "https://fotovoltaicgreen.ro/" "Mozilla/5.0 (Windows NT 10.0; Win64; x64) AppleWebKit/537.36 (KHTML, like Gecko) Chrome/145.0.0.0 Safari/537.36"
192.168.1.1 - - [02/Mar/2026:14:31:06 +0200] "GET /wp-content/et-cache/1383/et-divi-dynamic-1383.css?ver=1772135134 HTTP/1.1" 200 9752 "https://fotovoltaicgreen.ro/" "Mozilla/5.0 (Windows NT 10.0; Win64; x64) AppleWebKit/537.36 (KHTML, like Gecko) Chrome/145.0.0.0 Safari/537.36"
192.168.1.1 - - [02/Mar/2026:14:31:06 +0200] "GET /wp-content/et-cache/1383/et-core-unified-deferred-1383.min.css?ver=1772141424 HTTP/1.1" 200 4223 "https://fotovoltaicgreen.ro/" "Mozilla/5.0 (Windows NT 10.0; Win64; x64) AppleWebKit/537.36 (KHTML, like Gecko) Chrome/145.0.0.0 Safari/537.36"
192.168.1.1 - - [02/Mar/2026:14:31:06 +0200] "GET /wp-content/uploads/2025/05/png-clipart-solar-panel-solar-power-solar-energy-renewable-energy-solar-panels-creative-elements-logo-sunlight.png HTTP/1.1" 304 271 "https://fotovoltaicgreen.ro/" "Mozilla/5.0 (Windows NT 10.0; Win64; x64) AppleWebKit/537.36 (KHTML, like Gecko) Chrome/145.0.0.0 Safari/537.36"
192.168.1.1 - - [02/Mar/2026:14:31:06 +0200] "GET /wp-content/uploads/2025/05/solar-3.webp HTTP/1.1" 304 272 "https://fotovoltaicgreen.ro/" "Mozilla/5.0 (Windows NT 10.0; Win64; x64) AppleWebKit/537.36 (KHTML, like Gecko) Chrome/145.0.0.0 Safari/537.36"
192.168.1.1 - - [02/Mar/2026:14:31:06 +0200] "GET /wp-content/et-cache/1383/et-divi-dynamic-1383-late.css HTTP/1.1" 200 3034 "https://fotovoltaicgreen.ro/" "Mozilla/5.0 (Windows NT 10.0; Win64; x64) AppleWebKit/537.36 (KHTML, like Gecko) Chrome/145.0.0.0 Safari/537.36"
192.168.1.1 - - [02/Mar/2026:14:31:06 +0200] "GET /wp-content/themes/Divi/includes/builder/feature/dynamic-assets/assets/js/magnific-popup.js?ver=4.27.4 HTTP/1.1" 200 8769 "https://fotovoltaicgreen.ro/" "Mozilla/5.0 (Windows NT 10.0; Win64; x64) AppleWebKit/537.36 (KHTML, like Gecko) Chrome/145.0.0.0 Safari/537.36"
192.168.1.1 - - [02/Mar/2026:14:31:06 +0200] "GET /wp-content/themes/Divi/includes/builder/feature/dynamic-assets/assets/js/salvattore.js?ver=4.27.4 HTTP/1.1" 200 3778 "https://fotovoltaicgreen.ro/" "Mozilla/5.0 (Windows NT 10.0; Win64; x64) AppleWebKit/537.36 (KHTML, like Gecko) Chrome/145.0.0.0 Safari/537.36"
192.168.1.1 - - [02/Mar/2026:14:31:06 +0200] "GET /wp-content/plugins/gtranslate/js/popup.js?ver=6.9.1 HTTP/1.1" 200 6296 "https://fotovoltaicgreen.ro/" "Mozilla/5.0 (Windows NT 10.0; Win64; x64) AppleWebKit/537.36 (KHTML, like Gecko) Chrome/145.0.0.0 Safari/537.36"
192.168.1.1 - - [02/Mar/2026:14:31:07 +0200] "GET /wp-content/themes/Divi/core/admin/fonts/modules/all/modules.woff HTTP/1.1" 304 272 "https://fotovoltaicgreen.ro/" "Mozilla/5.0 (Windows NT 10.0; Win64; x64) AppleWebKit/537.36 (KHTML, like Gecko) Chrome/145.0.0.0 Safari/537.36"
192.168.1.1 - - [02/Mar/2026:14:31:07 +0200] "GET /wp-content/themes/Divi/core/admin/fonts/fontawesome/fa-brands-400.woff2 HTTP/1.1" 304 272 "https://fotovoltaicgreen.ro/" "Mozilla/5.0 (Windows NT 10.0; Win64; x64) AppleWebKit/537.36 (KHTML, like Gecko) Chrome/145.0.0.0 Safari/537.36"
192.168.1.1 - - [02/Mar/2026:14:31:07 +0200] "GET /wp-content/plugins/gtranslate/flags/16/en.png HTTP/1.1" 304 270 "https://fotovoltaicgreen.ro/" "Mozilla/5.0 (Windows NT 10.0; Win64; x64) AppleWebKit/537.36 (KHTML, like Gecko) Chrome/145.0.0.0 Safari/537.36"
192.168.1.1 - - [02/Mar/2026:14:31:07 +0200] "GET /wp-content/themes/Divi/core/admin/fonts/fontawesome/fa-regular-400.woff2 HTTP/1.1" 304 271 "https://fotovoltaicgreen.ro/" "Mozilla/5.0 (Windows NT 10.0; Win64; x64) AppleWebKit/537.36 (KHTML, like Gecko) Chrome/145.0.0.0 Safari/537.36"
217.146.69.50 - - [02/Mar/2026:14:31:27 +0200] "HEAD / HTTP/1.1" 200 3955 "-" "Bearmor-Relay/1.0.0"
192.168.1.1 - - [02/Mar/2026:14:40:16 +0200] "POST /wp-cron.php?doing_wp_cron=1772455216.1431639194488525390625 HTTP/1.1" 200 3609 "-" "WordPress/6.9.1; https://fotovoltaicgreen.ro"
199.45.154.147 - - [02/Mar/2026:14:40:14 +0200] "GET / HTTP/1.1" 301 435 "-" "Mozilla/5.0 (compatible; CensysInspect/1.1; +https://about.censys.io/)"
199.45.154.147 - - [02/Mar/2026:14:40:21 +0200] "GET / HTTP/1.1" 200 36239 "-" "Mozilla/5.0 (compatible; CensysInspect/1.1; +https://about.censys.io/)"
199.45.154.147 - - [02/Mar/2026:14:40:24 +0200] "GET /favicon.ico HTTP/1.1" 302 3886 "-" "Mozilla/5.0 (compatible; CensysInspect/1.1; +https://about.censys.io/)"
199.45.154.147 - - [02/Mar/2026:14:40:27 +0200] "GET /wp-includes/images/w-logo-blue-white-bg.png HTTP/1.1" 200 7688 "https://fotovoltaicgreen.ro/favicon.ico" "Mozilla/5.0 (compatible; CensysInspect/1.1; +https://about.censys.io/)"
135.136.23.249 - - [02/Mar/2026:14:42:49 +0200] "GET / HTTP/1.1" 301 3785 "-" "Mozilla/5.0 (X11; Ubuntu; Linux x86_64; rv:126.0) Gecko/20100101 Firefox/126.0"
135.136.23.199 - - [02/Mar/2026:14:42:49 +0200] "GET / HTTP/1.1" 301 435 "-" "Mozilla/5.0 (X11; Ubuntu; Linux x86_64; rv:126.0) Gecko/20100101 Firefox/126.0"
135.136.23.208 - - [02/Mar/2026:14:42:49 +0200] "GET / HTTP/1.1" 200 32815 "-" "Mozilla/5.0 (X11; Ubuntu; Linux x86_64; rv:126.0) Gecko/20100101 Firefox/126.0"
135.136.23.199 - - [02/Mar/2026:14:42:49 +0200] "GET / HTTP/1.1" 200 36275 "-" "Mozilla/5.0 (X11; Ubuntu; Linux x86_64; rv:126.0) Gecko/20100101 Firefox/126.0"
135.136.23.249 - - [02/Mar/2026:14:42:50 +0200] "GET / HTTP/1.1" 200 36277 "-" "Mozilla/5.0 (X11; Ubuntu; Linux x86_64; rv:126.0) Gecko/20100101 Firefox/126.0"
135.136.23.208 - - [02/Mar/2026:14:42:50 +0200] "GET / HTTP/1.1" 200 36274 "-" "Mozilla/5.0 (X11; Ubuntu; Linux x86_64; rv:126.0) Gecko/20100101 Firefox/126.0"
192.168.1.1 - - [02/Mar/2026:14:45:34 +0200] "POST /wp-cron.php?doing_wp_cron=1772455534.4056730270385742187500 HTTP/1.1" 200 3609 "-" "WordPress/6.9.1; https://fotovoltaicgreen.ro"
217.146.69.20 - - [02/Mar/2026:14:45:32 +0200] "HEAD / HTTP/1.1" 200 3955 "-" "WordPress/6.9.1; https://bearmor.eu"
192.168.1.1 - - [02/Mar/2026:14:46:35 +0200] "POST /wp-cron.php?doing_wp_cron=1772455595.7933900356292724609375 HTTP/1.1" 200 3609 "-" "WordPress/6.9.1; https://fotovoltaicgreen.ro"
217.146.69.50 - - [02/Mar/2026:14:46:35 +0200] "HEAD / HTTP/1.1" 200 3955 "-" "Bearmor-Relay/1.0.0"
74.7.228.44 - - [02/Mar/2026:14:50:03 +0200] "GET /robots.txt HTTP/1.1" 301 3795 "-" "Mozilla/5.0 (Macintosh; Intel Mac OS X 10_15_7) AppleWebKit/537.36 (KHTML, like Gecko) Chrome/131.0.0.0 Safari/537.36; compatible; OAI-SearchBot/1.3; robots.txt; +https://openai.com/searchbot"
74.7.228.44 - - [02/Mar/2026:14:50:04 +0200] "GET /robots.txt HTTP/1.1" 200 3952 "https://www.fotovoltaicgreen.ro/robots.txt" "Mozilla/5.0 (Macintosh; Intel Mac OS X 10_15_7) AppleWebKit/537.36 (KHTML, like Gecko) Chrome/131.0.0.0 Safari/537.36; compatible; OAI-SearchBot/1.3; robots.txt; +https://openai.com/searchbot"
217.146.69.20 - - [02/Mar/2026:15:00:32 +0200] "HEAD / HTTP/1.1" 200 3955 "-" "WordPress/6.9.1; https://bearmor.eu"
217.146.69.50 - - [02/Mar/2026:15:01:27 +0200] "HEAD / HTTP/1.1" 200 3955 "-" "Bearmor-Relay/1.0.0"
64.71.166.35 - - [02/Mar/2026:15:10:50 +0200] "GET / HTTP/1.1" 200 32836 "-" "Mozilla/5.0 (Windows NT 10.0; Win64; x64) AppleWebKit/537.36 (KHTML, like Gecko) Chrome/142.0.7444.162 Safari/537.36"
64.71.166.35 - - [02/Mar/2026:15:10:53 +0200] "GET /wp-content/et-cache/1383/et-core-unified-deferred-1383.min.css?ver=1772141424 HTTP/1.1" 200 7175 "http://fotovoltaicgreen.ro/" "Mozilla/5.0 (Windows NT 10.0; Win64; x64) AppleWebKit/537.36 (KHTML, like Gecko) Chrome/142.0.7444.162 Safari/537.36"
64.71.166.35 - - [02/Mar/2026:15:10:53 +0200] "GET /wp-content/et-cache/1383/et-divi-dynamic-1383.css?ver=1772135134 HTTP/1.1" 200 13028 "http://fotovoltaicgreen.ro/" "Mozilla/5.0 (Windows NT 10.0; Win64; x64) AppleWebKit/537.36 (KHTML, like Gecko) Chrome/142.0.7444.162 Safari/537.36"
64.71.166.35 - - [02/Mar/2026:15:10:53 +0200] "GET /wp-content/uploads/2025/05/png-clipart-solar-panel-solar-power-solar-energy-renewable-energy-solar-panels-creative-elements-logo-sunlight.png HTTP/1.1" 200 55402 "http://fotovoltaicgreen.ro/" "Mozilla/5.0 (Windows NT 10.0; Win64; x64) AppleWebKit/537.36 (KHTML, like Gecko) Chrome/142.0.7444.162 Safari/537.36"
64.71.166.35 - - [02/Mar/2026:15:10:53 +0200] "GET /wp-content/themes/Divi/includes/builder/feature/dynamic-assets/assets/js/jquery.fitvids.js?ver=4.27.4 HTTP/1.1" 200 4982 "http://fotovoltaicgreen.ro/" "Mozilla/5.0 (Windows NT 10.0; Win64; x64) AppleWebKit/537.36 (KHTML, like Gecko) Chrome/142.0.7444.162 Safari/537.36"
64.71.166.35 - - [02/Mar/2026:15:10:53 +0200] "GET /wp-content/plugins/gtranslate/js/popup.js?ver=6.9.1 HTTP/1.1" 200 9572 "http://fotovoltaicgreen.ro/" "Mozilla/5.0 (Windows NT 10.0; Win64; x64) AppleWebKit/537.36 (KHTML, like Gecko) Chrome/142.0.7444.162 Safari/537.36"
64.71.166.35 - - [02/Mar/2026:15:10:53 +0200] "GET /wp-content/themes/Divi/includes/builder/feature/dynamic-assets/assets/js/salvattore.js?ver=4.27.4 HTTP/1.1" 200 7054 "http://fotovoltaicgreen.ro/" "Mozilla/5.0 (Windows NT 10.0; Win64; x64) AppleWebKit/537.36 (KHTML, like Gecko) Chrome/142.0.7444.162 Safari/537.36"
64.71.166.35 - - [02/Mar/2026:15:10:53 +0200] "GET /wp-content/themes/Divi/includes/builder/feature/dynamic-assets/assets/js/magnific-popup.js?ver=4.27.4 HTTP/1.1" 200 12045 "http://fotovoltaicgreen.ro/" "Mozilla/5.0 (Windows NT 10.0; Win64; x64) AppleWebKit/537.36 (KHTML, like Gecko) Chrome/142.0.7444.162 Safari/537.36"
64.71.166.35 - - [02/Mar/2026:15:10:53 +0200] "GET /wp-content/et-cache/1383/et-divi-dynamic-1383-late.css?ver=1772135134 HTTP/1.1" 200 6310 "http://fotovoltaicgreen.ro/" "Mozilla/5.0 (Windows NT 10.0; Win64; x64) AppleWebKit/537.36 (KHTML, like Gecko) Chrome/142.0.7444.162 Safari/537.36"
64.71.166.35 - - [02/Mar/2026:15:10:53 +0200] "GET /wp-includes/js/jquery/jquery.min.js?ver=3.7.1 HTTP/1.1" 200 34122 "http://fotovoltaicgreen.ro/" "Mozilla/5.0 (Windows NT 10.0; Win64; x64) AppleWebKit/537.36 (KHTML, like Gecko) Chrome/142.0.7444.162 Safari/537.36"
64.71.166.35 - - [02/Mar/2026:15:10:53 +0200] "GET /wp-content/uploads/2025/05/solar-3.webp HTTP/1.1" 200 87255 "http://fotovoltaicgreen.ro/" "Mozilla/5.0 (Windows NT 10.0; Win64; x64) AppleWebKit/537.36 (KHTML, like Gecko) Chrome/142.0.7444.162 Safari/537.36"
64.71.166.35 - - [02/Mar/2026:15:10:53 +0200] "GET /wp-content/themes/Divi/core/admin/js/common.js?ver=4.27.4 HTTP/1.1" 200 4206 "http://fotovoltaicgreen.ro/" "Mozilla/5.0 (Windows NT 10.0; Win64; x64) AppleWebKit/537.36 (KHTML, like Gecko) Chrome/142.0.7444.162 Safari/537.36"
64.71.166.35 - - [02/Mar/2026:15:10:53 +0200] "GET /wp-includes/js/jquery/jquery-migrate.min.js?ver=3.4.1 HTTP/1.1" 200 8514 "http://fotovoltaicgreen.ro/" "Mozilla/5.0 (Windows NT 10.0; Win64; x64) AppleWebKit/537.36 (KHTML, like Gecko) Chrome/142.0.7444.162 Safari/537.36"
64.71.166.35 - - [02/Mar/2026:15:10:53 +0200] "GET /wp-content/themes/Divi/js/scripts.min.js?ver=4.27.4 HTTP/1.1" 200 74621 "http://fotovoltaicgreen.ro/" "Mozilla/5.0 (Windows NT 10.0; Win64; x64) AppleWebKit/537.36 (KHTML, like Gecko) Chrome/142.0.7444.162 Safari/537.36"
64.71.166.35 - - [02/Mar/2026:15:10:54 +0200] "GET /wp-content/uploads/2025/05/solar-powerse-1-1280x853.webp HTTP/1.1" 200 87216 "http://fotovoltaicgreen.ro/" "Mozilla/5.0 (Windows NT 10.0; Win64; x64) AppleWebKit/537.36 (KHTML, like Gecko) Chrome/142.0.7444.162 Safari/537.36"
64.71.166.35 - - [02/Mar/2026:15:10:54 +0200] "GET /wp-content/uploads/2025/05/soalr-about.webp HTTP/1.1" 200 17776 "http://fotovoltaicgreen.ro/" "Mozilla/5.0 (Windows NT 10.0; Win64; x64) AppleWebKit/537.36 (KHTML, like Gecko) Chrome/142.0.7444.162 Safari/537.36"
64.71.166.35 - - [02/Mar/2026:15:10:54 +0200] "GET /wp-content/uploads/2025/05/solar-powerse-3-1280x852.webp HTTP/1.1" 200 127376 "http://fotovoltaicgreen.ro/" "Mozilla/5.0 (Windows NT 10.0; Win64; x64) AppleWebKit/537.36 (KHTML, like Gecko) Chrome/142.0.7444.162 Safari/537.36"
64.71.166.35 - - [02/Mar/2026:15:10:54 +0200] "GET /wp-content/et-cache/1383/et-divi-dynamic-1383-late.css HTTP/1.1" 200 6310 "http://fotovoltaicgreen.ro/" "Mozilla/5.0 (Windows NT 10.0; Win64; x64) AppleWebKit/537.36 (KHTML, like Gecko) Chrome/142.0.7444.162 Safari/537.36"
64.71.166.35 - - [02/Mar/2026:15:10:54 +0200] "GET /wp-content/uploads/2025/05/solar-powerse-2-1280x719.webp HTTP/1.1" 200 16852 "http://fotovoltaicgreen.ro/" "Mozilla/5.0 (Windows NT 10.0; Win64; x64) AppleWebKit/537.36 (KHTML, like Gecko) Chrome/142.0.7444.162 Safari/537.36"
167.94.146.54 - - [02/Mar/2026:15:12:18 +0200] "GET / HTTP/1.1" 301 3754 "-" "Mozilla/5.0 (compatible; CensysInspect/1.1; +https://about.censys.io/)"
167.94.146.54 - - [02/Mar/2026:15:12:22 +0200] "GET / HTTP/1.1" 200 36240 "-" "Mozilla/5.0 (compatible; CensysInspect/1.1; +https://about.censys.io/)"
167.94.146.54 - - [02/Mar/2026:15:12:23 +0200] "GET /favicon.ico HTTP/1.1" 302 3886 "-" "Mozilla/5.0 (compatible; CensysInspect/1.1; +https://about.censys.io/)"
167.94.146.54 - - [02/Mar/2026:15:12:25 +0200] "GET /wp-includes/images/w-logo-blue-white-bg.png HTTP/1.1" 200 7688 "https://fotovoltaicgreen.ro/favicon.ico" "Mozilla/5.0 (compatible; CensysInspect/1.1; +https://about.censys.io/)"
217.146.69.20 - - [02/Mar/2026:15:15:30 +0200] "HEAD / HTTP/1.1" 200 3955 "-" "WordPress/6.9.1; https://bearmor.eu"
167.235.254.214 - - [02/Mar/2026:15:15:54 +0200] "POST /wp-load.php?d7a41e=7829 HTTP/1.1" 200 8436 "-" "Mozilla/5.0 (Windows NT 10.0; Win64; x64) AppleWebKit/537.36 (KHTML, like Gecko) Chrome/104.0.5112.97 Safari/537.36"
217.146.69.50 - - [02/Mar/2026:15:16:21 +0200] "HEAD / HTTP/1.1" 200 3955 "-" "Bearmor-Relay/1.0.0"
64.62.210.37 - - [02/Mar/2026:15:28:09 +0200] "GET /robots.txt HTTP/1.1" 200 658 "-" "Mozilla/5.0 (Windows NT 10.0; Win64; x64) AppleWebKit/537.36 (KHTML, like Gecko) Chrome/145.0.7632.26 Safari/537.36"
64.62.210.37 - - [02/Mar/2026:15:28:13 +0200] "GET / HTTP/1.1" 200 32871 "-" "Mozilla/5.0 (Windows NT 10.0; Win64; x64) AppleWebKit/537.36 (KHTML, like Gecko) Chrome/145.0.7632.26 Safari/537.36"
216.218.141.228 - - [02/Mar/2026:15:28:23 +0200] "GET / HTTP/1.1" 200 32872 "-" "Mozilla/5.0 (Windows NT 10.0; Win64; x64) AppleWebKit/537.36 (KHTML, like Gecko) Chrome/142.0.7444.162 Safari/537.36"
216.218.141.228 - - [02/Mar/2026:15:28:25 +0200] "GET /wp-content/et-cache/1383/et-core-unified-deferred-1383.min.css?ver=1772141424 HTTP/1.1" 200 7212 "http://fotovoltaicgreen.ro/" "Mozilla/5.0 (Windows NT 10.0; Win64; x64) AppleWebKit/537.36 (KHTML, like Gecko) Chrome/142.0.7444.162 Safari/537.36"
216.218.141.228 - - [02/Mar/2026:15:28:25 +0200] "GET /wp-content/et-cache/1383/et-divi-dynamic-1383-late.css?ver=1772135134 HTTP/1.1" 200 6347 "http://fotovoltaicgreen.ro/" "Mozilla/5.0 (Windows NT 10.0; Win64; x64) AppleWebKit/537.36 (KHTML, like Gecko) Chrome/142.0.7444.162 Safari/537.36"
216.218.141.228 - - [02/Mar/2026:15:28:25 +0200] "GET /wp-content/et-cache/1383/et-divi-dynamic-1383-late.css HTTP/1.1" 200 6347 "http://fotovoltaicgreen.ro/" "Mozilla/5.0 (Windows NT 10.0; Win64; x64) AppleWebKit/537.36 (KHTML, like Gecko) Chrome/142.0.7444.162 Safari/537.36"
216.218.141.228 - - [02/Mar/2026:15:28:25 +0200] "GET /wp-content/et-cache/1383/et-divi-dynamic-1383.css?ver=1772135134 HTTP/1.1" 200 13065 "http://fotovoltaicgreen.ro/" "Mozilla/5.0 (Windows NT 10.0; Win64; x64) AppleWebKit/537.36 (KHTML, like Gecko) Chrome/142.0.7444.162 Safari/537.36"
216.218.141.228 - - [02/Mar/2026:15:28:25 +0200] "GET /wp-content/uploads/2025/05/solar-3.webp HTTP/1.1" 200 87292 "http://fotovoltaicgreen.ro/" "Mozilla/5.0 (Windows NT 10.0; Win64; x64) AppleWebKit/537.36 (KHTML, like Gecko) Chrome/142.0.7444.162 Safari/537.36"
216.218.141.228 - - [02/Mar/2026:15:28:25 +0200] "GET /wp-includes/js/jquery/jquery.min.js?ver=3.7.1 HTTP/1.1" 200 34159 "http://fotovoltaicgreen.ro/" "Mozilla/5.0 (Windows NT 10.0; Win64; x64) AppleWebKit/537.36 (KHTML, like Gecko) Chrome/142.0.7444.162 Safari/537.36"
216.218.141.228 - - [02/Mar/2026:15:28:25 +0200] "GET /wp-content/uploads/2025/05/png-clipart-solar-panel-solar-power-solar-energy-renewable-energy-solar-panels-creative-elements-logo-sunlight.png HTTP/1.1" 200 52126 "http://fotovoltaicgreen.ro/" "Mozilla/5.0 (Windows NT 10.0; Win64; x64) AppleWebKit/537.36 (KHTML, like Gecko) Chrome/142.0.7444.162 Safari/537.36"
216.218.141.228 - - [02/Mar/2026:15:28:25 +0200] "GET /wp-includes/js/jquery/jquery-migrate.min.js?ver=3.4.1 HTTP/1.1" 200 5238 "http://fotovoltaicgreen.ro/" "Mozilla/5.0 (Windows NT 10.0; Win64; x64) AppleWebKit/537.36 (KHTML, like Gecko) Chrome/142.0.7444.162 Safari/537.36"
216.218.141.228 - - [02/Mar/2026:15:28:25 +0200] "GET /wp-content/themes/Divi/includes/builder/feature/dynamic-assets/assets/js/jquery.fitvids.js?ver=4.27.4 HTTP/1.1" 200 1706 "http://fotovoltaicgreen.ro/" "Mozilla/5.0 (Windows NT 10.0; Win64; x64) AppleWebKit/537.36 (KHTML, like Gecko) Chrome/142.0.7444.162 Safari/537.36"
216.218.141.228 - - [02/Mar/2026:15:28:25 +0200] "GET /wp-content/themes/Divi/js/scripts.min.js?ver=4.27.4 HTTP/1.1" 200 71345 "http://fotovoltaicgreen.ro/" "Mozilla/5.0 (Windows NT 10.0; Win64; x64) AppleWebKit/537.36 (KHTML, like Gecko) Chrome/142.0.7444.162 Safari/537.36"
216.218.141.228 - - [02/Mar/2026:15:28:25 +0200] "GET /wp-content/themes/Divi/includes/builder/feature/dynamic-assets/assets/js/salvattore.js?ver=4.27.4 HTTP/1.1" 200 3778 "http://fotovoltaicgreen.ro/" "Mozilla/5.0 (Windows NT 10.0; Win64; x64) AppleWebKit/537.36 (KHTML, like Gecko) Chrome/142.0.7444.162 Safari/537.36"
216.218.141.228 - - [02/Mar/2026:15:28:25 +0200] "GET /wp-content/themes/Divi/includes/builder/feature/dynamic-assets/assets/js/magnific-popup.js?ver=4.27.4 HTTP/1.1" 200 8769 "http://fotovoltaicgreen.ro/" "Mozilla/5.0 (Windows NT 10.0; Win64; x64) AppleWebKit/537.36 (KHTML, like Gecko) Chrome/142.0.7444.162 Safari/537.36"
216.218.141.228 - - [02/Mar/2026:15:28:25 +0200] "GET /wp-content/themes/Divi/core/admin/js/common.js?ver=4.27.4 HTTP/1.1" 200 930 "http://fotovoltaicgreen.ro/" "Mozilla/5.0 (Windows NT 10.0; Win64; x64) AppleWebKit/537.36 (KHTML, like Gecko) Chrome/142.0.7444.162 Safari/537.36"
216.218.141.228 - - [02/Mar/2026:15:28:25 +0200] "GET /wp-content/plugins/gtranslate/js/popup.js?ver=6.9.1 HTTP/1.1" 200 6296 "http://fotovoltaicgreen.ro/" "Mozilla/5.0 (Windows NT 10.0; Win64; x64) AppleWebKit/537.36 (KHTML, like Gecko) Chrome/142.0.7444.162 Safari/537.36"
216.218.141.228 - - [02/Mar/2026:15:28:25 +0200] "GET /wp-content/uploads/2025/05/soalr-about.webp HTTP/1.1" 200 14500 "http://fotovoltaicgreen.ro/" "Mozilla/5.0 (Windows NT 10.0; Win64; x64) AppleWebKit/537.36 (KHTML, like Gecko) Chrome/142.0.7444.162 Safari/537.36"
216.218.141.228 - - [02/Mar/2026:15:28:25 +0200] "GET /wp-content/uploads/2025/05/solar-powerse-2-1280x719.webp HTTP/1.1" 200 13576 "http://fotovoltaicgreen.ro/" "Mozilla/5.0 (Windows NT 10.0; Win64; x64) AppleWebKit/537.36 (KHTML, like Gecko) Chrome/142.0.7444.162 Safari/537.36"
216.218.141.228 - - [02/Mar/2026:15:28:25 +0200] "GET /wp-content/uploads/2025/05/solar-powerse-1-1280x853.webp HTTP/1.1" 200 86929 "http://fotovoltaicgreen.ro/" "Mozilla/5.0 (Windows NT 10.0; Win64; x64) AppleWebKit/537.36 (KHTML, like Gecko) Chrome/142.0.7444.162 Safari/537.36"
216.218.141.228 - - [02/Mar/2026:15:28:25 +0200] "GET /wp-content/uploads/2025/05/solar-powerse-3-1280x852.webp HTTP/1.1" 200 124100 "http://fotovoltaicgreen.ro/" "Mozilla/5.0 (Windows NT 10.0; Win64; x64) AppleWebKit/537.36 (KHTML, like Gecko) Chrome/142.0.7444.162 Safari/537.36"
216.218.141.228 - - [02/Mar/2026:15:28:25 +0200] "GET /wp-content/plugins/gtranslate/flags/16/en.png HTTP/1.1" 200 991 "http://fotovoltaicgreen.ro/" "Mozilla/5.0 (Windows NT 10.0; Win64; x64) AppleWebKit/537.36 (KHTML, like Gecko) Chrome/142.0.7444.162 Safari/537.36"
217.146.69.20 - - [02/Mar/2026:15:30:39 +0200] "HEAD / HTTP/1.1" 200 3955 "-" "WordPress/6.9.1; https://bearmor.eu"
192.168.1.1 - - [02/Mar/2026:15:31:35 +0200] "POST /wp-cron.php?doing_wp_cron=1772458295.6741380691528320312500 HTTP/1.1" 200 3609 "-" "WordPress/6.9.1; https://fotovoltaicgreen.ro"
217.146.69.50 - - [02/Mar/2026:15:31:35 +0200] "HEAD / HTTP/1.1" 200 3955 "-" "Bearmor-Relay/1.0.0"
192.168.1.1 - - [02/Mar/2026:15:43:57 +0200] "POST /wp-cron.php?doing_wp_cron=1772459037.8594241142272949218750 HTTP/1.1" 200 3609 "-" "WordPress/6.9.1; https://fotovoltaicgreen.ro"
199.45.154.122 - - [02/Mar/2026:15:43:55 +0200] "GET / HTTP/1.1" 200 32810 "-" "Mozilla/5.0 (compatible; CensysInspect/1.1; +https://about.censys.io/)"
199.45.154.122 - - [02/Mar/2026:15:44:06 +0200] "GET /favicon.ico HTTP/1.1" 302 567 "-" "Mozilla/5.0 (compatible; CensysInspect/1.1; +https://about.censys.io/)"
217.146.69.20 - - [02/Mar/2026:15:45:34 +0200] "HEAD / HTTP/1.1" 200 3955 "-" "WordPress/6.9.1; https://bearmor.eu"
192.168.1.1 - - [02/Mar/2026:15:46:30 +0200] "POST /wp-cron.php?doing_wp_cron=1772459190.9483530521392822265625 HTTP/1.1" 200 3609 "-" "WordPress/6.9.1; https://fotovoltaicgreen.ro"
217.146.69.50 - - [02/Mar/2026:15:46:30 +0200] "HEAD / HTTP/1.1" 200 3955 "-" "Bearmor-Relay/1.0.0"
136.113.138.235 - - [02/Mar/2026:15:46:47 +0200] "GET / HTTP/1.1" 200 32811 "-" "Mozilla/5.0 (compatible; CMS-Checker/1.0; +https://example.com)"
192.168.1.1 - - [02/Mar/2026:16:00:39 +0200] "POST /wp-cron.php?doing_wp_cron=1772460038.9733440876007080078125 HTTP/1.1" 200 3609 "-" "WordPress/6.9.1; https://fotovoltaicgreen.ro"
217.146.69.20 - - [02/Mar/2026:16:00:37 +0200] "HEAD / HTTP/1.1" 200 3955 "-" "WordPress/6.9.1; https://bearmor.eu"
217.146.69.50 - - [02/Mar/2026:16:01:33 +0200] "HEAD / HTTP/1.1" 200 3955 "-" "Bearmor-Relay/1.0.0"
192.168.1.1 - - [02/Mar/2026:16:07:25 +0200] "POST /wp-cron.php?doing_wp_cron=1772460445.9394080638885498046875 HTTP/1.1" 200 3609 "-" "WordPress/6.9.1; https://fotovoltaicgreen.ro"
212.111.82.227 - - [02/Mar/2026:16:07:22 +0200] "POST /xmlrpc.php HTTP/1.1" 200 3547 "-" "Mozilla/5.0 (Windows NT 10.0; Win64; x64) AppleWebKit/537.36 (KHTML, like Gecko) Chrome/114.0.0.0 Safari/537.36"
212.111.82.227 - - [02/Mar/2026:16:07:32 +0200] "POST /xmlrpc.php HTTP/1.1" 200 3728 "-" "Mozilla/5.0 (Windows NT 10.0; Win64; x64) AppleWebKit/537.36 (KHTML, like Gecko) Chrome/114.0.0.0 Safari/537.36"
212.111.82.227 - - [02/Mar/2026:16:07:35 +0200] "GET /index.php/2026/03/02/test-post-title/ HTTP/1.1" 200 139559 "-" "Mozilla/5.0 (Windows NT 10.0; Win64; x64) AppleWebKit/537.36 (KHTML, like Gecko) Chrome/124.0.0.0 Safari/537.36"
212.111.82.227 - - [02/Mar/2026:16:07:38 +0200] "POST /xmlrpc.php HTTP/1.1" 200 612 "-" "Mozilla/5.0 (Windows NT 10.0; Win64; x64) AppleWebKit/537.36 (KHTML, like Gecko) Chrome/114.0.0.0 Safari/537.36"
45.140.207.15 - - [02/Mar/2026:16:12:14 +0200] "GET /wp-login.php HTTP/1.1" 200 5816 "-" "Mozilla/5.0 (Macintosh; Intel Mac OS X 13_5) AppleWebKit/605.1.15 (KHTML, like Gecko) Version/17.5 Safari/605.1.15"
192.168.1.1 - - [02/Mar/2026:16:12:16 +0200] "POST /wp-cron.php?doing_wp_cron=1772460736.1541171073913574218750 HTTP/1.1" 200 3609 "-" "WordPress/6.9.1; https://fotovoltaicgreen.ro"
45.140.207.15 - - [02/Mar/2026:16:12:15 +0200] "POST /xmlrpc.php HTTP/1.1" 200 3680 "-" "Mozilla/5.0 (Windows NT 10.0; Win64; x64; rv:127.0) Gecko/20100101 Firefox/127.0"
45.140.207.15 - - [02/Mar/2026:16:12:17 +0200] "POST /xmlrpc.php HTTP/1.1" 200 7100 "-" "Mozilla/5.0 (Windows NT 10.0; Win64; x64) AppleWebKit/537.36 (KHTML, like Gecko) Chrome/124.0.6367.207 Safari/537.36"
217.146.69.20 - - [02/Mar/2026:16:15:34 +0200] "HEAD / HTTP/1.1" 200 3955 "-" "WordPress/6.9.1; https://bearmor.eu"
217.69.12.130 - - [02/Mar/2026:16:16:03 +0200] "POST /wp-load.php?261295=28539 HTTP/1.1" 200 9770 "-" "Mozilla/5.0 (Windows NT 10.0; Win64; x64) AppleWebKit/537.36 (KHTML, like Gecko) Chrome/104.0.5112.97 Safari/537.36"
217.146.69.50 - - [02/Mar/2026:16:16:27 +0200] "HEAD / HTTP/1.1" 200 3955 "-" "Bearmor-Relay/1.0.0"
217.146.69.20 - - [02/Mar/2026:16:30:35 +0200] "HEAD / HTTP/1.1" 200 3955 "-" "WordPress/6.9.1; https://bearmor.eu"
217.146.69.50 - - [02/Mar/2026:16:31:31 +0200] "HEAD / HTTP/1.1" 200 3955 "-" "Bearmor-Relay/1.0.0"
192.168.1.1 - - [02/Mar/2026:16:45:31 +0200] "POST /wp-cron.php?doing_wp_cron=1772462731.8521730899810791015625 HTTP/1.1" 200 3609 "-" "WordPress/6.9.1; https://fotovoltaicgreen.ro"
217.146.69.20 - - [02/Mar/2026:16:45:30 +0200] "HEAD / HTTP/1.1" 200 3955 "-" "WordPress/6.9.1; https://bearmor.eu"
217.146.69.50 - - [02/Mar/2026:16:46:22 +0200] "HEAD / HTTP/1.1" 200 3955 "-" "Bearmor-Relay/1.0.0"
192.168.1.1 - - [02/Mar/2026:16:47:58 +0200] "POST /wp-cron.php?doing_wp_cron=1772462878.5697870254516601562500 HTTP/1.1" 200 3609 "-" "WordPress/6.9.1; https://fotovoltaicgreen.ro"
136.113.138.235 - - [02/Mar/2026:16:47:57 +0200] "GET / HTTP/1.1" 200 232813 "-" "Mozilla/5.0 (Windows NT 10.0; Win64; x64) AppleWebKit/537.36 (KHTML, like Gecko) Chrome/78.0.3904.108 Safari/537.36"
136.113.138.235 - - [02/Mar/2026:16:47:59 +0200] "GET /?author=1 HTTP/1.1" 404 52469 "-" "Mozilla/5.0 (Windows NT 10.0; Win64; x64) AppleWebKit/537.36 (KHTML, like Gecko) Chrome/78.0.3904.108 Safari/537.36"
136.113.138.235 - - [02/Mar/2026:16:47:59 +0200] "GET /?author=2 HTTP/1.1" 404 52469 "-" "Mozilla/5.0 (Windows NT 10.0; Win64; x64) AppleWebKit/537.36 (KHTML, like Gecko) Chrome/78.0.3904.108 Safari/537.36"
136.113.138.235 - - [02/Mar/2026:16:48:00 +0200] "GET /wp-json/wp/v2/users/ HTTP/1.1" 401 682 "-" "Mozilla/5.0 (Windows NT 10.0; Win64; x64) AppleWebKit/537.36 (KHTML, like Gecko) Chrome/78.0.3904.108 Safari/537.36"
136.113.138.235 - - [02/Mar/2026:16:48:00 +0200] "GET /wp-json/oembed/1.0/embed?url=http://fotovoltaicgreen.ro HTTP/1.1" 200 2667 "-" "Mozilla/5.0 (Windows NT 10.0; Win64; x64) AppleWebKit/537.36 (KHTML, like Gecko) Chrome/78.0.3904.108 Safari/537.36"
136.113.138.235 - - [02/Mar/2026:16:48:01 +0200] "POST /xmlrpc.php HTTP/1.1" 503 19327 "-" "Mozilla/5.0 (Windows NT 10.0; Win64; x64) AppleWebKit/537.36 (KHTML, like Gecko) Chrome/78.0.3904.108 Safari/537.36"
192.168.1.1 - - [02/Mar/2026:17:00:40 +0200] "POST /wp-cron.php?doing_wp_cron=1772463640.3228259086608886718750 HTTP/1.1" 200 3609 "-" "WordPress/6.9.1; https://fotovoltaicgreen.ro"
217.146.69.20 - - [02/Mar/2026:17:00:38 +0200] "HEAD / HTTP/1.1" 200 3955 "-" "WordPress/6.9.1; https://bearmor.eu"
192.168.1.1 - - [02/Mar/2026:17:02:02 +0200] "GET /?et_check_mod_pagespeed=on HTTP/1.1" 200 3600 "-" "WordPress/6.9.1; https://fotovoltaicgreen.ro"
217.146.69.50 - - [02/Mar/2026:17:02:02 +0200] "HEAD / HTTP/1.1" 200 3955 "-" "Bearmor-Relay/1.0.0"
144.172.114.76 - - [02/Mar/2026:17:04:56 +0200] "GET /unzipper.php HTTP/1.1" 404 130989 "-" "Python-urllib/2.7"
209.141.49.67 - - [02/Mar/2026:17:08:32 +0200] "GET /wp-login.php HTTP/1.1" 200 9983 "-" "Mozilla/5.0 (Macintosh; Intel Mac OS X 10_9_2) AppleWebKit/537.75.14 (KHTML, like Gecko) Version/7.0.3 Safari/537.75.14"
209.141.49.67 - - [02/Mar/2026:17:09:29 +0200] "POST /wp-login.php HTTP/1.1" 503 22772 "-" "Mozilla/5.0 (Macintosh; Intel Mac OS X 10_9_2) AppleWebKit/537.75.14 (KHTML, like Gecko) Version/7.0.3 Safari/537.75.14"
