64.23.218.208 - - [02/Mar/2026:07:04:07 +0200] "GET /server-status HTTP/1.1" 403 468 "-" "Mozilla/5.0 (l9scan/2.0.632323e2835313e2232313e26383; +https://leakix.net)"
64.23.218.208 - - [02/Mar/2026:07:04:08 +0200] "GET /about HTTP/1.1" 301 571 "-" "Mozilla/5.0 (l9scan/2.0.632323e2835313e2232313e26383; +https://leakix.net)"
64.23.218.208 - - [02/Mar/2026:07:04:09 +0200] "GET /login.action HTTP/1.1" 301 578 "-" "Mozilla/5.0 (l9scan/2.0.632323e2835313e2232313e26383; +https://leakix.net)"
64.23.218.208 - - [02/Mar/2026:07:04:10 +0200] "GET /v2/_catalog HTTP/1.1" 301 577 "-" "Mozilla/5.0 (l9scan/2.0.632323e2835313e2232313e26383; +https://leakix.net)"
64.23.218.208 - - [02/Mar/2026:07:04:11 +0200] "GET /.DS_Store HTTP/1.1" 301 575 "-" "Mozilla/5.0 (l9scan/2.0.632323e2835313e2232313e26383; +https://leakix.net)"
64.23.218.208 - - [02/Mar/2026:07:04:12 +0200] "GET /.env HTTP/1.1" 301 570 "-" "Mozilla/5.0 (l9scan/2.0.632323e2835313e2232313e26383; +https://leakix.net)"
64.23.218.208 - - [02/Mar/2026:07:04:14 +0200] "GET /ecp/Current/exporttool/microsoft.exchange.ediscovery.exporttool.application HTTP/1.1" 301 641 "-" "Mozilla/5.0 (l9scan/2.0.632323e2835313e2232313e26383; +https://leakix.net)"
64.23.218.208 - - [02/Mar/2026:07:04:16 +0200] "GET /.git/config HTTP/1.1" 301 577 "-" "Mozilla/5.0 (l9scan/2.0.632323e2835313e2232313e26383; +https://leakix.net)"
64.23.218.208 - - [02/Mar/2026:07:04:17 +0200] "POST /graphql HTTP/1.1" 404 28404 "-" "Mozilla/5.0 (l9scan/2.0.632323e2835313e2232313e26383; +https://leakix.net)"
64.23.218.208 - - [02/Mar/2026:07:04:18 +0200] "POST /api HTTP/1.1" 404 28396 "-" "Mozilla/5.0 (l9scan/2.0.632323e2835313e2232313e26383; +https://leakix.net)"
64.23.218.208 - - [02/Mar/2026:07:04:19 +0200] "POST /api/graphql HTTP/1.1" 404 28412 "-" "Mozilla/5.0 (l9scan/2.0.632323e2835313e2232313e26383; +https://leakix.net)"
64.23.218.208 - - [02/Mar/2026:07:04:19 +0200] "POST /graphql/api HTTP/1.1" 404 28412 "-" "Mozilla/5.0 (l9scan/2.0.632323e2835313e2232313e26383; +https://leakix.net)"
64.23.218.208 - - [02/Mar/2026:07:04:21 +0200] "POST /api/gql HTTP/1.1" 404 28404 "-" "Mozilla/5.0 (l9scan/2.0.632323e2835313e2232313e26383; +https://leakix.net)"
64.23.218.208 - - [02/Mar/2026:07:04:21 +0200] "GET /s/632323e2835313e2232313e26383/_/;/META-INF/maven/com.atlassian.jira/jira-webapp-dist/pom.properties HTTP/1.1" 301 666 "-" "Mozilla/5.0 (l9scan/2.0.632323e2835313e2232313e26383; +https://leakix.net)"
64.23.218.208 - - [02/Mar/2026:07:04:22 +0200] "GET /config.json HTTP/1.1" 301 577 "-" "Mozilla/5.0 (l9scan/2.0.632323e2835313e2232313e26383; +https://leakix.net)"
64.23.218.208 - - [02/Mar/2026:07:04:23 +0200] "GET /telescope/requests HTTP/1.1" 301 584 "-" "Mozilla/5.0 (l9scan/2.0.632323e2835313e2232313e26383; +https://leakix.net)"
64.23.218.208 - - [02/Mar/2026:07:04:24 +0200] "GET /info.php HTTP/1.1" 301 574 "-" "Mozilla/5.0 (l9scan/2.0.632323e2835313e2232313e26383; +https://leakix.net)"
64.23.218.208 - - [02/Mar/2026:07:04:25 +0200] "GET /.well-known/security.txt HTTP/1.1" 301 590 "-" "Mozilla/5.0 (l9scan/2.0.632323e2835313e2232313e26383; +https://leakix.net)"
64.23.218.208 - - [02/Mar/2026:07:04:27 +0200] "GET /actuator/env HTTP/1.1" 301 578 "-" "Mozilla/5.0 (l9scan/2.0.632323e2835313e2232313e26383; +https://leakix.net)"
64.23.218.208 - - [02/Mar/2026:07:04:29 +0200] "GET /swagger-ui.html HTTP/1.1" 301 581 "-" "Mozilla/5.0 (l9scan/2.0.632323e2835313e2232313e26383; +https://leakix.net)"
64.23.218.208 - - [02/Mar/2026:07:04:30 +0200] "GET /swagger/index.html HTTP/1.1" 301 584 "-" "Mozilla/5.0 (l9scan/2.0.632323e2835313e2232313e26383; +https://leakix.net)"
64.23.218.208 - - [02/Mar/2026:07:04:31 +0200] "GET /swagger/swagger-ui.html HTTP/1.1" 301 589 "-" "Mozilla/5.0 (l9scan/2.0.632323e2835313e2232313e26383; +https://leakix.net)"
64.23.218.208 - - [02/Mar/2026:07:04:32 +0200] "GET /webjars/swagger-ui/index.html HTTP/1.1" 301 595 "-" "Mozilla/5.0 (l9scan/2.0.632323e2835313e2232313e26383; +https://leakix.net)"
64.23.218.208 - - [02/Mar/2026:07:04:33 +0200] "GET /swagger.json HTTP/1.1" 301 578 "-" "Mozilla/5.0 (l9scan/2.0.632323e2835313e2232313e26383; +https://leakix.net)"
64.23.218.208 - - [02/Mar/2026:07:04:34 +0200] "GET /swagger/v1/swagger.json HTTP/1.1" 301 589 "-" "Mozilla/5.0 (l9scan/2.0.632323e2835313e2232313e26383; +https://leakix.net)"
64.23.218.208 - - [02/Mar/2026:07:04:35 +0200] "GET /v2/api-docs HTTP/1.1" 301 577 "-" "Mozilla/5.0 (l9scan/2.0.632323e2835313e2232313e26383; +https://leakix.net)"
64.23.218.208 - - [02/Mar/2026:07:04:36 +0200] "GET /v3/api-docs HTTP/1.1" 301 577 "-" "Mozilla/5.0 (l9scan/2.0.632323e2835313e2232313e26383; +https://leakix.net)"
64.23.218.208 - - [02/Mar/2026:07:04:37 +0200] "GET /api-docs/swagger.json HTTP/1.1" 301 587 "-" "Mozilla/5.0 (l9scan/2.0.632323e2835313e2232313e26383; +https://leakix.net)"
64.23.218.208 - - [02/Mar/2026:07:04:38 +0200] "GET /api/swagger.json HTTP/1.1" 301 582 "-" "Mozilla/5.0 (l9scan/2.0.632323e2835313e2232313e26383; +https://leakix.net)"
64.23.218.208 - - [02/Mar/2026:07:04:39 +0200] "GET /@vite/env HTTP/1.1" 301 575 "-" "Mozilla/5.0 (l9scan/2.0.632323e2835313e2232313e26383; +https://leakix.net)"
64.23.218.208 - - [02/Mar/2026:07:04:40 +0200] "GET /.vscode/sftp.json HTTP/1.1" 301 583 "-" "Mozilla/5.0 (l9scan/2.0.632323e2835313e2232313e26383; +https://leakix.net)"
64.23.218.208 - - [02/Mar/2026:07:04:41 +0200] "OPTIONS / HTTP/1.1" 200 32835 "-" "Mozilla/5.0 (l9scan/2.0.632323e2835313e2232313e26383; +https://leakix.net)"
64.23.218.208 - - [02/Mar/2026:07:04:42 +0200] "GET /?rest_route=/wp/v2/users/ HTTP/1.1" 401 646 "-" "Mozilla/5.0 (l9scan/2.0.632323e2835313e2232313e26383; +https://leakix.net)"
64.23.218.208 - - [02/Mar/2026:07:04:43 +0200] "GET /debug/default/view?panel=config HTTP/1.1" 301 597 "-" "Mozilla/5.0 (l9scan/2.0.632323e2835313e2232313e26383; +https://leakix.net)"
188.245.48.218 - - [02/Mar/2026:07:15:04 +0200] "POST /wp-load.php?4577d5=67342 HTTP/1.1" 200 9616 "-" "Mozilla/5.0 (Windows NT 10.0; Win64; x64) AppleWebKit/537.36 (KHTML, like Gecko) Chrome/104.0.5112.97 Safari/537.36"
217.146.69.20 - - [02/Mar/2026:07:15:35 +0200] "HEAD / HTTP/1.1" 200 3955 "-" "WordPress/6.9.1; https://bearmor.eu"
217.146.69.50 - - [02/Mar/2026:07:16:29 +0200] "HEAD / HTTP/1.1" 200 3955 "-" "Bearmor-Relay/1.0.0"
217.146.69.20 - - [02/Mar/2026:07:30:34 +0200] "HEAD / HTTP/1.1" 200 3955 "-" "WordPress/6.9.1; https://bearmor.eu"
192.168.1.1 - - [02/Mar/2026:07:31:42 +0200] "POST /wp-cron.php?doing_wp_cron=1772429502.9681088924407958984375 HTTP/1.1" 200 3609 "-" "WordPress/6.9.1; https://fotovoltaicgreen.ro"
217.146.69.50 - - [02/Mar/2026:07:31:42 +0200] "HEAD / HTTP/1.1" 200 3955 "-" "Bearmor-Relay/1.0.0"
192.168.1.1 - - [02/Mar/2026:07:45:36 +0200] "POST /wp-cron.php?doing_wp_cron=1772430335.9736449718475341796875 HTTP/1.1" 200 3609 "-" "WordPress/6.9.1; https://fotovoltaicgreen.ro"
217.146.69.20 - - [02/Mar/2026:07:45:34 +0200] "HEAD / HTTP/1.1" 200 3955 "-" "WordPress/6.9.1; https://bearmor.eu"
192.168.1.1 - - [02/Mar/2026:07:46:41 +0200] "POST /wp-cron.php?doing_wp_cron=1772430401.5375850200653076171875 HTTP/1.1" 200 3609 "-" "WordPress/6.9.1; https://fotovoltaicgreen.ro"
217.146.69.50 - - [02/Mar/2026:07:46:40 +0200] "HEAD / HTTP/1.1" 200 3955 "-" "Bearmor-Relay/1.0.0"
164.92.170.7 - - [02/Mar/2026:07:48:46 +0200] "GET /wp-login.php HTTP/1.1" 200 2482 "-" "Mozilla/5.0"
164.92.170.7 - - [02/Mar/2026:07:48:47 +0200] "GET /?author=1 HTTP/1.1" 404 52463 "-" "Mozilla/5.0"
164.92.170.7 - - [02/Mar/2026:07:48:47 +0200] "GET /?feed=rss2 HTTP/1.1" 301 548 "-" "Mozilla/5.0"
164.92.170.7 - - [02/Mar/2026:07:48:48 +0200] "GET /index.php/feed/ HTTP/1.1" 200 19654 "-" "Mozilla/5.0"
217.146.69.20 - - [02/Mar/2026:08:00:31 +0200] "HEAD / HTTP/1.1" 200 3955 "-" "WordPress/6.9.1; https://bearmor.eu"
96.55.101.94 - - [02/Mar/2026:08:00:32 +0200] "POST /wp-login.php HTTP/1.1" 200 5979 "-" "Mozilla/5.0 (Windows NT 10.0; Win64; x64) AppleWebKit/537.36 (KHTML, like Gecko) Chrome/91.0.4472.124 Safari/537.36"
96.55.101.94 - - [02/Mar/2026:08:00:35 +0200] "GET /wp-admin HTTP/1.1" 301 626 "-" "Mozilla/5.0 (Windows NT 10.0; Win64; x64) AppleWebKit/537.36 (KHTML, like Gecko) Chrome/91.0.4472.124 Safari/537.36"
96.55.101.94 - - [02/Mar/2026:08:00:35 +0200] "GET /wp-admin/ HTTP/1.1" 302 486 "-" "Mozilla/5.0 (Windows NT 10.0; Win64; x64) AppleWebKit/537.36 (KHTML, like Gecko) Chrome/91.0.4472.124 Safari/537.36"
96.55.101.94 - - [02/Mar/2026:08:00:36 +0200] "GET /wp-login.php?redirect_to=https%3A%2F%2Ffotovoltaicgreen.ro%2Fwp-admin%2F&reauth=1 HTTP/1.1" 200 4562 "-" "Mozilla/5.0 (Windows NT 10.0; Win64; x64) AppleWebKit/537.36 (KHTML, like Gecko) Chrome/91.0.4472.124 Safari/537.36"
192.168.1.1 - - [02/Mar/2026:08:01:35 +0200] "POST /wp-cron.php?doing_wp_cron=1772431295.5393610000610351562500 HTTP/1.1" 200 3609 "-" "WordPress/6.9.1; https://fotovoltaicgreen.ro"
217.146.69.50 - - [02/Mar/2026:08:01:34 +0200] "HEAD / HTTP/1.1" 200 3955 "-" "Bearmor-Relay/1.0.0"
164.92.170.7 - - [02/Mar/2026:08:04:36 +0200] "POST /wp-login.php HTTP/1.1" 503 19535 "-" "Mozilla/5.0"
164.92.170.7 - - [02/Mar/2026:08:05:11 +0200] "POST /wp-login.php HTTP/1.1" 503 18399 "-" "Mozilla/5.0"
164.92.170.7 - - [02/Mar/2026:08:05:49 +0200] "POST /wp-login.php HTTP/1.1" 503 18399 "-" "Mozilla/5.0"
164.92.170.7 - - [02/Mar/2026:08:06:32 +0200] "POST /wp-login.php HTTP/1.1" 503 18399 "-" "Mozilla/5.0"
164.92.170.7 - - [02/Mar/2026:08:07:20 +0200] "POST /wp-login.php HTTP/1.1" 503 18399 "-" "Mozilla/5.0"
164.92.170.7 - - [02/Mar/2026:08:08:11 +0200] "POST /wp-login.php HTTP/1.1" 503 18399 "-" "Mozilla/5.0"
164.92.170.7 - - [02/Mar/2026:08:09:03 +0200] "POST /wp-login.php HTTP/1.1" 503 18399 "-" "Mozilla/5.0"
164.92.170.7 - - [02/Mar/2026:08:09:57 +0200] "POST /wp-login.php HTTP/1.1" 503 18399 "-" "Mozilla/5.0"
164.92.170.7 - - [02/Mar/2026:08:10:53 +0200] "POST /wp-login.php HTTP/1.1" 503 18399 "-" "Mozilla/5.0"
164.92.170.7 - - [02/Mar/2026:08:11:50 +0200] "POST /wp-login.php HTTP/1.1" 503 18399 "-" "Mozilla/5.0"
164.92.170.7 - - [02/Mar/2026:08:12:52 +0200] "POST /wp-login.php HTTP/1.1" 503 18399 "-" "Mozilla/5.0"
164.92.170.7 - - [02/Mar/2026:08:13:54 +0200] "POST /wp-login.php HTTP/1.1" 503 18399 "-" "Mozilla/5.0"
192.168.1.1 - - [02/Mar/2026:08:14:59 +0200] "POST /wp-cron.php?doing_wp_cron=1772432099.3355929851531982421875 HTTP/1.1" 200 3609 "-" "WordPress/6.9.1; https://fotovoltaicgreen.ro"
192.168.1.1 - - [02/Mar/2026:08:14:58 +0200] "POST /?wordfence_syncAttackData=1772432098.7577 HTTP/1.1" 200 3521 "-" "WordPress/6.9.1; https://fotovoltaicgreen.ro"
192.168.1.1 - - [02/Mar/2026:08:15:00 +0200] "POST /wp-cron.php?doing_wp_cron=1772432100.4301269054412841796875 HTTP/1.1" 200 3609 "-" "WordPress/6.9.1; https://fotovoltaicgreen.ro"
164.92.170.7 - - [02/Mar/2026:08:14:58 +0200] "POST /wp-login.php HTTP/1.1" 503 19535 "-" "Mozilla/5.0"
91.107.202.135 - - [02/Mar/2026:08:15:13 +0200] "POST /wp-load.php?1ffccf=84662 HTTP/1.1" 200 9044 "-" "Mozilla/5.0 (Windows NT 10.0; Win64; x64) AppleWebKit/537.36 (KHTML, like Gecko) Chrome/104.0.5112.97 Safari/537.36"
217.146.69.20 - - [02/Mar/2026:08:15:37 +0200] "HEAD / HTTP/1.1" 200 3955 "-" "WordPress/6.9.1; https://bearmor.eu"
164.92.170.7 - - [02/Mar/2026:08:16:01 +0200] "POST /wp-login.php HTTP/1.1" 503 18399 "-" "Mozilla/5.0"
192.168.1.1 - - [02/Mar/2026:08:16:28 +0200] "POST /?wordfence_syncAttackData=1772432188.83 HTTP/1.1" 200 3521 "-" "WordPress/6.9.1; https://fotovoltaicgreen.ro"
217.146.69.50 - - [02/Mar/2026:08:16:28 +0200] "HEAD / HTTP/1.1" 200 3955 "-" "Bearmor-Relay/1.0.0"
164.92.170.7 - - [02/Mar/2026:08:16:56 +0200] "POST /wp-login.php HTTP/1.1" 503 18399 "-" "Mozilla/5.0"
164.92.170.7 - - [02/Mar/2026:08:17:51 +0200] "POST /wp-login.php HTTP/1.1" 503 18399 "-" "Mozilla/5.0"
164.92.170.7 - - [02/Mar/2026:08:18:46 +0200] "POST /wp-login.php HTTP/1.1" 503 18399 "-" "Mozilla/5.0"
164.92.170.7 - - [02/Mar/2026:08:19:45 +0200] "POST /wp-login.php HTTP/1.1" 503 18399 "-" "Mozilla/5.0"
164.92.170.7 - - [02/Mar/2026:08:21:03 +0200] "POST /wp-login.php HTTP/1.1" 503 18399 "-" "Mozilla/5.0"
164.92.170.7 - - [02/Mar/2026:08:22:25 +0200] "POST /wp-login.php HTTP/1.1" 503 18399 "-" "Mozilla/5.0"
164.92.170.7 - - [02/Mar/2026:08:23:50 +0200] "POST /wp-login.php HTTP/1.1" 503 18399 "-" "Mozilla/5.0"
192.168.1.1 - - [02/Mar/2026:08:25:18 +0200] "POST /?wordfence_syncAttackData=1772432718.8941 HTTP/1.1" 200 3521 "-" "WordPress/6.9.1; https://fotovoltaicgreen.ro"
164.92.170.7 - - [02/Mar/2026:08:25:18 +0200] "POST /wp-login.php HTTP/1.1" 503 19535 "-" "Mozilla/5.0"
164.92.170.7 - - [02/Mar/2026:08:27:02 +0200] "POST /wp-login.php HTTP/1.1" 503 18399 "-" "Mozilla/5.0"
164.92.170.7 - - [02/Mar/2026:08:28:46 +0200] "POST /wp-login.php HTTP/1.1" 503 18399 "-" "Mozilla/5.0"
192.168.1.1 - - [02/Mar/2026:08:30:33 +0200] "POST /wp-cron.php?doing_wp_cron=1772433033.8809530735015869140625 HTTP/1.1" 200 3609 "-" "WordPress/6.9.1; https://fotovoltaicgreen.ro"
192.168.1.1 - - [02/Mar/2026:08:30:33 +0200] "POST /?wordfence_syncAttackData=1772433033.2738 HTTP/1.1" 200 3521 "-" "WordPress/6.9.1; https://fotovoltaicgreen.ro"
192.168.1.1 - - [02/Mar/2026:08:30:34 +0200] "POST /wp-cron.php?doing_wp_cron=1772433034.1878929138183593750000 HTTP/1.1" 200 3609 "-" "WordPress/6.9.1; https://fotovoltaicgreen.ro"
217.146.69.20 - - [02/Mar/2026:08:30:33 +0200] "HEAD / HTTP/1.1" 200 3955 "-" "WordPress/6.9.1; https://bearmor.eu"
164.92.170.7 - - [02/Mar/2026:08:30:37 +0200] "POST /wp-login.php HTTP/1.1" 503 18399 "-" "Mozilla/5.0"
192.168.1.1 - - [02/Mar/2026:08:31:29 +0200] "POST /?wordfence_syncAttackData=1772433089.6164 HTTP/1.1" 200 3521 "-" "WordPress/6.9.1; https://fotovoltaicgreen.ro"
217.146.69.50 - - [02/Mar/2026:08:31:29 +0200] "HEAD / HTTP/1.1" 200 3955 "-" "Bearmor-Relay/1.0.0"
164.92.170.7 - - [02/Mar/2026:08:32:28 +0200] "POST /wp-login.php HTTP/1.1" 503 18399 "-" "Mozilla/5.0"
192.168.1.1 - - [02/Mar/2026:08:32:55 +0200] "POST /wp-cron.php?doing_wp_cron=1772433175.7985429763793945312500 HTTP/1.1" 200 3609 "-" "WordPress/6.9.1; https://fotovoltaicgreen.ro"
192.168.1.1 - - [02/Mar/2026:08:32:55 +0200] "POST /?wordfence_syncAttackData=1772433175.247 HTTP/1.1" 200 3521 "-" "WordPress/6.9.1; https://fotovoltaicgreen.ro"
192.168.1.1 - - [02/Mar/2026:08:32:56 +0200] "POST /wp-cron.php?doing_wp_cron=1772433176.8965749740600585937500 HTTP/1.1" 200 3609 "-" "WordPress/6.9.1; https://fotovoltaicgreen.ro"
185.132.187.32 - - [02/Mar/2026:08:32:55 +0200] "POST /xmlrpc.php HTTP/1.1" 200 5814 "-" "Mozilla/5.0 (Windows NT 10.0) AppleWebKit/537.36 (KHTML, like Gecko) Chrome/114.0.0.0 Safari/537.36"
185.132.187.21 - - [02/Mar/2026:08:32:57 +0200] "POST /xmlrpc.php HTTP/1.1" 200 3676 "-" "Mozilla/5.0 (Windows NT 10.0) AppleWebKit/537.36 (KHTML, like Gecko) Chrome/114.0.0.0 Safari/537.36"
185.132.187.20 - - [02/Mar/2026:08:32:58 +0200] "POST /xmlrpc.php HTTP/1.1" 200 16711 "-" "Mozilla/5.0 (Windows NT 10.0) AppleWebKit/537.36 (KHTML, like Gecko) Chrome/114.0.0.0 Safari/537.36"
164.92.170.7 - - [02/Mar/2026:08:34:18 +0200] "POST /wp-login.php HTTP/1.1" 503 18399 "-" "Mozilla/5.0"
192.168.1.1 - - [02/Mar/2026:08:36:11 +0200] "POST /wp-cron.php?doing_wp_cron=1772433371.9251120090484619140625 HTTP/1.1" 200 3609 "-" "WordPress/6.9.1; https://fotovoltaicgreen.ro"
192.168.1.1 - - [02/Mar/2026:08:36:11 +0200] "POST /?wordfence_syncAttackData=1772433371.4032 HTTP/1.1" 200 3521 "-" "WordPress/6.9.1; https://fotovoltaicgreen.ro"
192.168.1.1 - - [02/Mar/2026:08:36:13 +0200] "POST /wp-cron.php?doing_wp_cron=1772433373.0142219066619873046875 HTTP/1.1" 200 3609 "-" "WordPress/6.9.1; https://fotovoltaicgreen.ro"
164.92.170.7 - - [02/Mar/2026:08:36:11 +0200] "POST /wp-login.php HTTP/1.1" 503 19535 "-" "Mozilla/5.0"
164.92.170.7 - - [02/Mar/2026:08:38:04 +0200] "POST /wp-login.php HTTP/1.1" 503 18399 "-" "Mozilla/5.0"
164.92.170.7 - - [02/Mar/2026:08:39:55 +0200] "POST /wp-login.php HTTP/1.1" 503 18399 "-" "Mozilla/5.0"
192.168.1.1 - - [02/Mar/2026:08:43:18 +0200] "POST /wp-cron.php?doing_wp_cron=1772433798.5208969116210937500000 HTTP/1.1" 200 3609 "-" "WordPress/6.9.1; https://fotovoltaicgreen.ro"
5.35.38.15 - - [02/Mar/2026:08:43:15 +0200] "GET /wp-login.php HTTP/1.1" 200 5817 "https://fotovoltaicgreen.ro/" "Mozilla/5.0 (X11; Linux i686) AppleWebKit/537.36 (KHTML, like Gecko) Chrome/114.0.0.0 Safari/537.36 Vivaldi/5.3.2679.68"
192.168.1.1 - - [02/Mar/2026:08:43:17 +0200] "POST /?wordfence_syncAttackData=1772433797.1233 HTTP/1.1" 200 3521 "-" "WordPress/6.9.1; https://fotovoltaicgreen.ro"
5.35.38.15 - - [02/Mar/2026:08:43:18 +0200] "GET /wp-login.php HTTP/1.1" 200 5817 "https://fotovoltaicgreen.ro/wp-login.php" "Mozilla/5.0 (Windows NT 6.3; Win64; x64) AppleWebKit/537.36 (KHTML, like Gecko) Chrome/103.0.0.0 Safari/537.36"
5.35.38.15 - - [02/Mar/2026:08:43:19 +0200] "POST /wp-login.php HTTP/1.1" 302 4792 "https://fotovoltaicgreen.ro/wp-login.php" "Mozilla/5.0 (Windows NT 6.3; Win64; x64) AppleWebKit/537.36 (KHTML, like Gecko) Chrome/103.0.0.0 Safari/537.36"
5.35.38.15 - - [02/Mar/2026:08:43:20 +0200] "GET /wp-admin/ HTTP/1.1" 200 38563 "https://fotovoltaicgreen.ro/wp-login.php" "Mozilla/5.0 (Windows NT 6.3; Win64; x64) AppleWebKit/537.36 (KHTML, like Gecko) Chrome/103.0.0.0 Safari/537.36"
5.35.38.15 - - [02/Mar/2026:08:43:21 +0200] "GET /xmlrpc.php HTTP/1.1" 405 3629 "https://fotovoltaicgreen.ro/wp-admin/" "Mozilla/5.0 (Windows NT 6.3; Win64; x64) AppleWebKit/537.36 (KHTML, like Gecko) Chrome/103.0.0.0 Safari/537.36"
5.35.38.15 - - [02/Mar/2026:08:43:21 +0200] "POST /xmlrpc.php HTTP/1.1" 200 3676 "https://fotovoltaicgreen.ro/xmlrpc.php" "Mozilla/5.0 (Windows NT 6.3; Win64; x64) AppleWebKit/537.36 (KHTML, like Gecko) Chrome/103.0.0.0 Safari/537.36"
192.168.1.1 - - [02/Mar/2026:08:43:23 +0200] "POST /wp-cron.php?doing_wp_cron=1772433803.1712250709533691406250 HTTP/1.1" 200 3609 "-" "WordPress/6.9.1; https://fotovoltaicgreen.ro"
5.35.38.15 - - [02/Mar/2026:08:43:22 +0200] "POST /xmlrpc.php HTTP/1.1" 200 3681 "https://fotovoltaicgreen.ro/xmlrpc.php" "Mozilla/5.0 (Windows NT 6.3; Win64; x64) AppleWebKit/537.36 (KHTML, like Gecko) Chrome/103.0.0.0 Safari/537.36"
5.35.38.15 - - [02/Mar/2026:08:43:23 +0200] "GET /?p=1478 HTTP/1.1" 301 4047 "https://fotovoltaicgreen.ro/xmlrpc.php" "Mozilla/5.0 (Windows NT 6.3; Win64; x64) AppleWebKit/537.36 (KHTML, like Gecko) Chrome/103.0.0.0 Safari/537.36"
5.35.38.15 - - [02/Mar/2026:08:43:23 +0200] "GET /index.php/2026/03/02/golden-lady-casino-bonus-codes-2022/ HTTP/1.1" 200 37923 "https://fotovoltaicgreen.ro/?p=1478" "Mozilla/5.0 (Windows NT 6.3; Win64; x64) AppleWebKit/537.36 (KHTML, like Gecko) Chrome/103.0.0.0 Safari/537.36"
192.168.1.1 - - [02/Mar/2026:08:44:50 +0200] "POST /wp-cron.php?doing_wp_cron=1772433890.2523961067199707031250 HTTP/1.1" 200 3609 "-" "WordPress/6.9.1; https://fotovoltaicgreen.ro"
66.249.79.35 - - [02/Mar/2026:08:44:49 +0200] "GET /index.php/2026/03/01/mighty-slots-casino-no-deposit-bonus-codes-2016/ HTTP/1.1" 200 31999 "-" "Mozilla/5.0 (Linux; Android 6.0.1; Nexus 5X Build/MMB29P) AppleWebKit/537.36 (KHTML, like Gecko) Chrome/144.0.7559.132 Mobile Safari/537.36 (compatible; Googlebot/2.1; +http://www.google.com/bot.html)"
66.249.79.36 - - [02/Mar/2026:08:45:01 +0200] "GET /wp-includes/js/comment-reply.min.js?ver=6.9.1 HTTP/1.1" 200 5038 "https://fotovoltaicgreen.ro/index.php/2026/03/01/mighty-slots-casino-no-deposit-bonus-codes-2016/" "Mozilla/5.0 (Linux; Android 6.0.1; Nexus 5X Build/MMB29P) AppleWebKit/537.36 (KHTML, like Gecko) Chrome/144.0.7559.132 Mobile Safari/537.36 (compatible; Googlebot/2.1; +http://www.google.com/bot.html)"
66.249.79.34 - - [02/Mar/2026:08:45:02 +0200] "GET /wp-content/plugins/gtranslate/js/popup.js?ver=6.9.1 HTTP/1.1" 200 9594 "https://fotovoltaicgreen.ro/index.php/2026/03/01/mighty-slots-casino-no-deposit-bonus-codes-2016/" "Mozilla/5.0 (Linux; Android 6.0.1; Nexus 5X Build/MMB29P) AppleWebKit/537.36 (KHTML, like Gecko) Chrome/144.0.7559.132 Mobile Safari/537.36 (compatible; Googlebot/2.1; +http://www.google.com/bot.html)"
66.249.79.35 - - [02/Mar/2026:08:45:03 +0200] "GET /wp-includes/js/jquery/jquery.min.js?ver=3.7.1 HTTP/1.1" 200 34144 "https://fotovoltaicgreen.ro/index.php/2026/03/01/mighty-slots-casino-no-deposit-bonus-codes-2016/" "Mozilla/5.0 (Linux; Android 6.0.1; Nexus 5X Build/MMB29P) AppleWebKit/537.36 (KHTML, like Gecko) Chrome/144.0.7559.132 Mobile Safari/537.36 (compatible; Googlebot/2.1; +http://www.google.com/bot.html)"
66.249.79.36 - - [02/Mar/2026:08:45:03 +0200] "GET /wp-content/et-cache/1474/et-divi-dynamic-1474-late.css?ver=1770336000 HTTP/1.1" 200 663 "https://fotovoltaicgreen.ro/index.php/2026/03/01/mighty-slots-casino-no-deposit-bonus-codes-2016/" "Mozilla/5.0 (Linux; Android 6.0.1; Nexus 5X Build/MMB29P) AppleWebKit/537.36 (KHTML, like Gecko) Chrome/144.0.7559.132 Mobile Safari/537.36 (compatible; Googlebot/2.1; +http://www.google.com/bot.html)"
66.249.79.36 - - [02/Mar/2026:08:45:04 +0200] "GET /wp-includes/js/jquery/jquery-migrate.min.js?ver=3.4.1 HTTP/1.1" 200 5238 "https://fotovoltaicgreen.ro/index.php/2026/03/01/mighty-slots-casino-no-deposit-bonus-codes-2016/" "Mozilla/5.0 (Linux; Android 6.0.1; Nexus 5X Build/MMB29P) AppleWebKit/537.36 (KHTML, like Gecko) Chrome/144.0.7559.132 Mobile Safari/537.36 (compatible; Googlebot/2.1; +http://www.google.com/bot.html)"
5.35.38.15 - - [02/Mar/2026:08:45:04 +0200] "GET /index.php/2026/03/01/mighty-slots-casino-no-deposit-bonus-codes-2016/ HTTP/1.1" 200 32016 "https://fotovoltaicgreen.ro/" "Mozilla/5.0 (X11; Linux i686) AppleWebKit/537.36 (KHTML, like Gecko) Chrome/114.0.0.0 Safari/537.36 Vivaldi/5.3.2679.68"
66.249.79.36 - - [02/Mar/2026:08:45:05 +0200] "GET /wp-content/et-cache/global/et-divi-customizer-global.min.css?ver=1770336000 HTTP/1.1" 200 661 "https://fotovoltaicgreen.ro/index.php/2026/03/01/mighty-slots-casino-no-deposit-bonus-codes-2016/" "Mozilla/5.0 (Linux; Android 6.0.1; Nexus 5X Build/MMB29P) AppleWebKit/537.36 (KHTML, like Gecko) Chrome/144.0.7559.132 Mobile Safari/537.36 (compatible; Googlebot/2.1; +http://www.google.com/bot.html)"
5.35.38.15 - - [02/Mar/2026:08:45:05 +0200] "GET /index.php/wp-login.php HTTP/1.1" 404 57009 "https://fotovoltaicgreen.ro/index.php/2026/03/01/mighty-slots-casino-no-deposit-bonus-codes-2016/" "Mozilla/5.0 (Windows NT 6.3; Win64; x64) AppleWebKit/537.36 (KHTML, like Gecko) Chrome/103.0.0.0 Safari/537.36"
66.249.79.34 - - [02/Mar/2026:08:45:05 +0200] "GET /wp-content/et-cache/global/et-divi-customizer-global.min.css?ver=1770336000 HTTP/1.1" 200 661 "https://fotovoltaicgreen.ro/index.php/2026/03/01/mighty-slots-casino-no-deposit-bonus-codes-2016/" "Mozilla/5.0 (Linux; Android 6.0.1; Nexus 5X Build/MMB29P) AppleWebKit/537.36 (KHTML, like Gecko) Chrome/144.0.7559.132 Mobile Safari/537.36 (compatible; Googlebot/2.1; +http://www.google.com/bot.html)"
5.35.38.15 - - [02/Mar/2026:08:45:05 +0200] "GET /index.php/wp-login.php HTTP/1.1" 404 57009 "https://fotovoltaicgreen.ro/index.php/wp-login.php" "Mozilla/5.0 (Windows NT 6.3; Win64; x64) AppleWebKit/537.36 (KHTML, like Gecko) Chrome/103.0.0.0 Safari/537.36"
66.249.79.34 - - [02/Mar/2026:08:45:06 +0200] "GET /wp-content/et-cache/1474/et-divi-dynamic-1474-late.css HTTP/1.1" 200 663 "https://fotovoltaicgreen.ro/index.php/2026/03/01/mighty-slots-casino-no-deposit-bonus-codes-2016/" "Mozilla/5.0 (Linux; Android 6.0.1; Nexus 5X Build/MMB29P) AppleWebKit/537.36 (KHTML, like Gecko) Chrome/144.0.7559.132 Mobile Safari/537.36 (compatible; Googlebot/2.1; +http://www.google.com/bot.html)"
5.35.38.15 - - [02/Mar/2026:08:45:06 +0200] "GET /wp-content/et-cache/notfound/et-divi-dynamic.css?ver=1772433905 HTTP/1.1" 200 14020 "https://fotovoltaicgreen.ro/index.php/wp-login.php" "Mozilla/5.0 (Windows NT 10.0; Win64; x64) AppleWebKit/537.36 (KHTML, like Gecko) Chrome/143.0.0.0 Safari/537.36"
5.35.38.15 - - [02/Mar/2026:08:45:06 +0200] "GET /wp-content/et-cache/global/et-divi-customizer-global.min.css?ver=1772158331 HTTP/1.1" 200 3975 "https://fotovoltaicgreen.ro/index.php/wp-login.php" "Mozilla/5.0 (Windows NT 10.0; Win64; x64) AppleWebKit/537.36 (KHTML, like Gecko) Chrome/143.0.0.0 Safari/537.36"
66.249.79.35 - - [02/Mar/2026:08:45:07 +0200] "GET /wp-content/et-cache/1474/et-divi-dynamic-1474-late.css HTTP/1.1" 200 663 "https://fotovoltaicgreen.ro/index.php/2026/03/01/mighty-slots-casino-no-deposit-bonus-codes-2016/" "Mozilla/5.0 (Linux; Android 6.0.1; Nexus 5X Build/MMB29P) AppleWebKit/537.36 (KHTML, like Gecko) Chrome/144.0.7559.132 Mobile Safari/537.36 (compatible; Googlebot/2.1; +http://www.google.com/bot.html)"
5.35.38.15 - - [02/Mar/2026:08:45:06 +0200] "GET /?s= HTTP/1.1" 200 27498 "https://fotovoltaicgreen.ro/index.php/wp-login.php" "Mozilla/5.0 (Windows NT 6.3; Win64; x64) AppleWebKit/537.36 (KHTML, like Gecko) Chrome/103.0.0.0 Safari/537.36"
5.35.38.15 - - [02/Mar/2026:08:45:07 +0200] "GET /index.php/2026/03/01/mighty-slots-casino-no-deposit-bonus-codes-2016/ HTTP/1.1" 200 32016 "https://fotovoltaicgreen.ro/?s=" "Mozilla/5.0 (Windows NT 6.3; Win64; x64) AppleWebKit/537.36 (KHTML, like Gecko) Chrome/103.0.0.0 Safari/537.36"
5.35.38.15 - - [02/Mar/2026:08:45:08 +0200] "GET /xmlrpc.php HTTP/1.1" 405 3629 "https://fotovoltaicgreen.ro/index.php/2026/03/01/mighty-slots-casino-no-deposit-bonus-codes-2016/" "Mozilla/5.0 (Windows NT 6.3; Win64; x64) AppleWebKit/537.36 (KHTML, like Gecko) Chrome/103.0.0.0 Safari/537.36"
5.35.38.15 - - [02/Mar/2026:08:45:08 +0200] "POST /xmlrpc.php HTTP/1.1" 200 3676 "https://fotovoltaicgreen.ro/xmlrpc.php" "Mozilla/5.0 (Windows NT 6.3; Win64; x64) AppleWebKit/537.36 (KHTML, like Gecko) Chrome/103.0.0.0 Safari/537.36"
192.168.1.1 - - [02/Mar/2026:08:45:10 +0200] "POST /wp-cron.php?doing_wp_cron=1772433910.2357490062713623046875 HTTP/1.1" 200 3609 "-" "WordPress/6.9.1; https://fotovoltaicgreen.ro"
5.35.38.15 - - [02/Mar/2026:08:45:09 +0200] "POST /xmlrpc.php HTTP/1.1" 200 3681 "https://fotovoltaicgreen.ro/xmlrpc.php" "Mozilla/5.0 (Windows NT 6.3; Win64; x64) AppleWebKit/537.36 (KHTML, like Gecko) Chrome/103.0.0.0 Safari/537.36"
5.35.38.15 - - [02/Mar/2026:08:45:10 +0200] "GET /?p=1480 HTTP/1.1" 301 3945 "https://fotovoltaicgreen.ro/xmlrpc.php" "Mozilla/5.0 (Windows NT 6.3; Win64; x64) AppleWebKit/537.36 (KHTML, like Gecko) Chrome/103.0.0.0 Safari/537.36"
5.35.38.15 - - [02/Mar/2026:08:45:11 +0200] "GET /index.php/2026/03/02/malibu-casino-bonus-codes-for-instant-rewards/ HTTP/1.1" 200 31691 "https://fotovoltaicgreen.ro/?p=1480" "Mozilla/5.0 (Windows NT 6.3; Win64; x64) AppleWebKit/537.36 (KHTML, like Gecko) Chrome/103.0.0.0 Safari/537.36"
5.35.38.15 - - [02/Mar/2026:08:45:30 +0200] "GET /index.php/2026/03/02/golden-lady-casino-bonus-codes-2022/ HTTP/1.1" 200 32228 "-" "Mozilla/5.0 (X11; Linux i686) AppleWebKit/537.36 (KHTML, like Gecko) Chrome/114.0.0.0 Safari/537.36 Vivaldi/5.3.2679.68"
217.146.69.20 - - [02/Mar/2026:08:45:34 +0200] "HEAD / HTTP/1.1" 200 3955 "-" "WordPress/6.9.1; https://bearmor.eu"
5.35.38.15 - - [02/Mar/2026:08:45:52 +0200] "GET /index.php/2026/03/02/malibu-casino-bonus-codes-for-instant-rewards/ HTTP/1.1" 200 31752 "-" "Mozilla/5.0 (X11; Linux i686) AppleWebKit/537.36 (KHTML, like Gecko) Chrome/114.0.0.0 Safari/537.36 Vivaldi/5.3.2679.68"
217.146.69.50 - - [02/Mar/2026:08:46:26 +0200] "HEAD / HTTP/1.1" 200 3955 "-" "Bearmor-Relay/1.0.0"
192.168.1.1 - - [02/Mar/2026:09:00:36 +0200] "POST /wp-cron.php?doing_wp_cron=1772434836.5496098995208740234375 HTTP/1.1" 200 3609 "-" "WordPress/6.9.1; https://fotovoltaicgreen.ro"
217.146.69.20 - - [02/Mar/2026:09:00:34 +0200] "HEAD / HTTP/1.1" 200 3955 "-" "WordPress/6.9.1; https://bearmor.eu"
217.146.69.50 - - [02/Mar/2026:09:01:27 +0200] "HEAD / HTTP/1.1" 200 3955 "-" "Bearmor-Relay/1.0.0"
66.249.79.34 - - [02/Mar/2026:09:14:42 +0200] "GET /index.php/2026/03/01/mighty-slots-casino-no-deposit-bonus-codes-2016/ HTTP/1.1" 200 31998 "-" "Mozilla/5.0 (Linux; Android 6.0.1; Nexus 5X Build/MMB29P) AppleWebKit/537.36 (KHTML, like Gecko) Chrome/144.0.7559.132 Mobile Safari/537.36 (compatible; Googlebot/2.1; +http://www.google.com/bot.html)"
66.249.79.35 - - [02/Mar/2026:09:14:48 +0200] "GET /wp-content/themes/Divi/core/admin/js/common.js?ver=4.27.4 HTTP/1.1" 200 4228 "https://fotovoltaicgreen.ro/index.php/2026/03/01/mighty-slots-casino-no-deposit-bonus-codes-2016/" "Mozilla/5.0 (Linux; Android 6.0.1; Nexus 5X Build/MMB29P) AppleWebKit/537.36 (KHTML, like Gecko) Chrome/144.0.7559.132 Mobile Safari/537.36 (compatible; Googlebot/2.1; +http://www.google.com/bot.html)"
66.249.79.34 - - [02/Mar/2026:09:14:50 +0200] "GET /wp-content/themes/Divi/js/scripts.min.js?ver=4.27.4 HTTP/1.1" 200 74643 "https://fotovoltaicgreen.ro/index.php/2026/03/01/mighty-slots-casino-no-deposit-bonus-codes-2016/" "Mozilla/5.0 (Linux; Android 6.0.1; Nexus 5X Build/MMB29P) AppleWebKit/537.36 (KHTML, like Gecko) Chrome/144.0.7559.132 Mobile Safari/537.36 (compatible; Googlebot/2.1; +http://www.google.com/bot.html)"
66.249.79.34 - - [02/Mar/2026:09:14:54 +0200] "GET /wp-content/themes/Divi/includes/builder/feature/dynamic-assets/assets/js/jquery.fitvids.js?ver=4.27.4 HTTP/1.1" 200 1706 "https://fotovoltaicgreen.ro/index.php/2026/03/01/mighty-slots-casino-no-deposit-bonus-codes-2016/" "Mozilla/5.0 (Linux; Android 6.0.1; Nexus 5X Build/MMB29P) AppleWebKit/537.36 (KHTML, like Gecko) Chrome/144.0.7559.132 Mobile Safari/537.36 (compatible; Googlebot/2.1; +http://www.google.com/bot.html)"
66.249.79.34 - - [02/Mar/2026:09:14:57 +0200] "GET /wp-content/et-cache/global/et-divi-customizer-global.min.css?ver=1770336000 HTTP/1.1" 200 661 "https://fotovoltaicgreen.ro/index.php/2026/03/01/mighty-slots-casino-no-deposit-bonus-codes-2016/" "Mozilla/5.0 (Linux; Android 6.0.1; Nexus 5X Build/MMB29P) AppleWebKit/537.36 (KHTML, like Gecko) Chrome/144.0.7559.132 Mobile Safari/537.36 (compatible; Googlebot/2.1; +http://www.google.com/bot.html)"
66.249.79.34 - - [02/Mar/2026:09:14:58 +0200] "GET /wp-content/et-cache/1474/et-divi-dynamic-1474-late.css?ver=1770336000 HTTP/1.1" 200 663 "https://fotovoltaicgreen.ro/index.php/2026/03/01/mighty-slots-casino-no-deposit-bonus-codes-2016/" "Mozilla/5.0 (Linux; Android 6.0.1; Nexus 5X Build/MMB29P) AppleWebKit/537.36 (KHTML, like Gecko) Chrome/144.0.7559.132 Mobile Safari/537.36 (compatible; Googlebot/2.1; +http://www.google.com/bot.html)"
66.249.79.34 - - [02/Mar/2026:09:14:58 +0200] "GET /wp-includes/js/comment-reply.min.js?ver=6.9.1 HTTP/1.1" 200 1740 "https://fotovoltaicgreen.ro/index.php/2026/03/01/mighty-slots-casino-no-deposit-bonus-codes-2016/" "Mozilla/5.0 (Linux; Android 6.0.1; Nexus 5X Build/MMB29P) AppleWebKit/537.36 (KHTML, like Gecko) Chrome/144.0.7559.132 Mobile Safari/537.36 (compatible; Googlebot/2.1; +http://www.google.com/bot.html)"
66.249.79.34 - - [02/Mar/2026:09:14:59 +0200] "GET /wp-content/themes/Divi/core/admin/js/common.js?ver=4.27.4 HTTP/1.1" 200 930 "https://fotovoltaicgreen.ro/index.php/2026/03/01/mighty-slots-casino-no-deposit-bonus-codes-2016/" "Mozilla/5.0 (Linux; Android 6.0.1; Nexus 5X Build/MMB29P) AppleWebKit/537.36 (KHTML, like Gecko) Chrome/144.0.7559.132 Mobile Safari/537.36 (compatible; Googlebot/2.1; +http://www.google.com/bot.html)"
66.249.79.34 - - [02/Mar/2026:09:15:00 +0200] "GET /wp-content/themes/Divi/includes/builder/feature/dynamic-assets/assets/js/jquery.fitvids.js?ver=4.27.4 HTTP/1.1" 200 1706 "https://fotovoltaicgreen.ro/index.php/2026/03/01/mighty-slots-casino-no-deposit-bonus-codes-2016/" "Mozilla/5.0 (Linux; Android 6.0.1; Nexus 5X Build/MMB29P) AppleWebKit/537.36 (KHTML, like Gecko) Chrome/144.0.7559.132 Mobile Safari/537.36 (compatible; Googlebot/2.1; +http://www.google.com/bot.html)"
66.249.79.34 - - [02/Mar/2026:09:15:00 +0200] "GET /wp-content/et-cache/1474/et-divi-dynamic-1474-late.css HTTP/1.1" 200 663 "https://fotovoltaicgreen.ro/index.php/2026/03/01/mighty-slots-casino-no-deposit-bonus-codes-2016/" "Mozilla/5.0 (Linux; Android 6.0.1; Nexus 5X Build/MMB29P) AppleWebKit/537.36 (KHTML, like Gecko) Chrome/144.0.7559.132 Mobile Safari/537.36 (compatible; Googlebot/2.1; +http://www.google.com/bot.html)"
49.12.219.178 - - [02/Mar/2026:09:15:14 +0200] "POST /wp-load.php?81cf90=52649 HTTP/1.1" 200 22825 "-" "Mozilla/5.0 (Windows NT 10.0; Win64; x64) AppleWebKit/537.36 (KHTML, like Gecko) Chrome/104.0.5112.97 Safari/537.36"
217.146.69.20 - - [02/Mar/2026:09:15:38 +0200] "HEAD / HTTP/1.1" 200 3955 "-" "WordPress/6.9.1; https://bearmor.eu"
217.146.69.50 - - [02/Mar/2026:09:16:30 +0200] "HEAD / HTTP/1.1" 200 3955 "-" "Bearmor-Relay/1.0.0"
217.146.69.20 - - [02/Mar/2026:09:30:33 +0200] "HEAD / HTTP/1.1" 200 3955 "-" "WordPress/6.9.1; https://bearmor.eu"
217.146.69.50 - - [02/Mar/2026:09:31:26 +0200] "HEAD / HTTP/1.1" 200 3955 "-" "Bearmor-Relay/1.0.0"
192.168.1.1 - - [02/Mar/2026:09:45:36 +0200] "POST /wp-cron.php?doing_wp_cron=1772437536.6513059139251708984375 HTTP/1.1" 200 3609 "-" "WordPress/6.9.1; https://fotovoltaicgreen.ro"
217.146.69.20 - - [02/Mar/2026:09:45:34 +0200] "HEAD / HTTP/1.1" 200 3955 "-" "WordPress/6.9.1; https://bearmor.eu"
192.168.1.1 - - [02/Mar/2026:09:46:30 +0200] "POST /wp-cron.php?doing_wp_cron=1772437590.6458899974822998046875 HTTP/1.1" 200 3609 "-" "WordPress/6.9.1; https://fotovoltaicgreen.ro"
217.146.69.50 - - [02/Mar/2026:09:46:30 +0200] "HEAD / HTTP/1.1" 200 3955 "-" "Bearmor-Relay/1.0.0"
217.146.69.20 - - [02/Mar/2026:10:00:37 +0200] "HEAD / HTTP/1.1" 200 3955 "-" "WordPress/6.9.1; https://bearmor.eu"
217.146.69.50 - - [02/Mar/2026:10:01:38 +0200] "HEAD / HTTP/1.1" 200 3955 "-" "Bearmor-Relay/1.0.0"
20.220.232.101 - - [02/Mar/2026:10:09:36 +0200] "GET /wp-content/plugins/hellopress/wp_filemanager.php HTTP/1.1" 403 559 "-" "-"
20.220.232.101 - - [02/Mar/2026:10:09:36 +0200] "GET /class-t.api.php HTTP/1.1" 403 558 "-" "-"
20.220.232.101 - - [02/Mar/2026:10:09:36 +0200] "GET /zwso.php HTTP/1.1" 403 558 "-" "-"
20.220.232.101 - - [02/Mar/2026:10:09:36 +0200] "GET /wp-admin/css/colors/blue/index.php HTTP/1.1" 403 559 "-" "-"
20.220.232.101 - - [02/Mar/2026:10:09:37 +0200] "GET /class19.php HTTP/1.1" 403 558 "-" "-"
20.220.232.101 - - [02/Mar/2026:10:09:37 +0200] "GET /class20.php HTTP/1.1" 403 559 "-" "-"
20.220.232.101 - - [02/Mar/2026:10:09:37 +0200] "GET /admin.php?p= HTTP/1.1" 403 559 "-" "-"
20.220.232.101 - - [02/Mar/2026:10:09:38 +0200] "GET /randkeyword.php HTTP/1.1" 403 558 "-" "-"
20.220.232.101 - - [02/Mar/2026:10:09:38 +0200] "GET /fwe.php HTTP/1.1" 403 559 "-" "-"
20.220.232.101 - - [02/Mar/2026:10:09:38 +0200] "GET /images/m.php HTTP/1.1" 403 559 "-" "-"
20.220.232.101 - - [02/Mar/2026:10:09:38 +0200] "GET /g.php HTTP/1.1" 403 558 "-" "-"
20.220.232.101 - - [02/Mar/2026:10:09:39 +0200] "GET /tx1.php HTTP/1.1" 403 559 "-" "-"
20.220.232.101 - - [02/Mar/2026:10:09:39 +0200] "GET /xv.php HTTP/1.1" 403 558 "-" "-"
20.220.232.101 - - [02/Mar/2026:10:09:39 +0200] "GET /x56.php HTTP/1.1" 403 558 "-" "-"
20.220.232.101 - - [02/Mar/2026:10:09:39 +0200] "GET /htaccess.php HTTP/1.1" 403 559 "-" "-"
20.220.232.101 - - [02/Mar/2026:10:09:40 +0200] "GET /readme.php HTTP/1.1" 403 559 "-" "-"
20.220.232.101 - - [02/Mar/2026:10:09:40 +0200] "GET /x50.php HTTP/1.1" 403 558 "-" "-"
20.220.232.101 - - [02/Mar/2026:10:09:40 +0200] "GET /fv.php HTTP/1.1" 403 559 "-" "-"
20.220.232.101 - - [02/Mar/2026:10:09:40 +0200] "GET /file.php? HTTP/1.1" 403 559 "-" "-"
20.220.232.101 - - [02/Mar/2026:10:09:41 +0200] "GET /lsd.php HTTP/1.1" 403 559 "-" "-"
20.220.232.101 - - [02/Mar/2026:10:09:41 +0200] "GET /as.php HTTP/1.1" 403 558 "-" "-"
20.220.232.101 - - [02/Mar/2026:10:09:41 +0200] "GET /wsd.php HTTP/1.1" 403 559 "-" "-"
20.220.232.101 - - [02/Mar/2026:10:09:41 +0200] "GET /gtc.php HTTP/1.1" 403 559 "-" "-"
20.220.232.101 - - [02/Mar/2026:10:09:42 +0200] "GET /atx.php HTTP/1.1" 403 559 "-" "-"
20.220.232.101 - - [02/Mar/2026:10:09:42 +0200] "GET /z60.php HTTP/1.1" 403 559 "-" "-"
20.220.232.101 - - [02/Mar/2026:10:09:42 +0200] "GET /403.php HTTP/1.1" 403 558 "-" "-"
20.220.232.101 - - [02/Mar/2026:10:09:42 +0200] "GET /m.php HTTP/1.1" 403 559 "-" "-"
20.220.232.101 - - [02/Mar/2026:10:09:43 +0200] "GET /themes.php HTTP/1.1" 403 559 "-" "-"
20.220.232.101 - - [02/Mar/2026:10:09:43 +0200] "GET /wp-admin/maint/about.php HTTP/1.1" 403 557 "-" "-"
20.220.232.101 - - [02/Mar/2026:10:09:43 +0200] "GET /wp-admin/network/wp-conflg.php?p= HTTP/1.1" 403 559 "-" "-"
20.220.232.101 - - [02/Mar/2026:10:09:43 +0200] "GET /click.php HTTP/1.1" 403 559 "-" "-"
20.220.232.101 - - [02/Mar/2026:10:09:44 +0200] "GET /install.php HTTP/1.1" 403 558 "-" "-"
20.220.232.101 - - [02/Mar/2026:10:09:44 +0200] "GET /lv.php HTTP/1.1" 403 558 "-" "-"
20.220.232.101 - - [02/Mar/2026:10:09:44 +0200] "GET /simple.php HTTP/1.1" 403 559 "-" "-"
20.220.232.101 - - [02/Mar/2026:10:09:44 +0200] "GET /css.php HTTP/1.1" 403 558 "-" "-"
20.220.232.101 - - [02/Mar/2026:10:09:45 +0200] "GET /cong.php HTTP/1.1" 403 559 "-" "-"
20.220.232.101 - - [02/Mar/2026:10:09:45 +0200] "GET /wp-includes/images/wp-login.php HTTP/1.1" 403 559 "-" "-"
20.220.232.101 - - [02/Mar/2026:10:09:45 +0200] "GET /cong.php HTTP/1.1" 403 558 "-" "-"
20.220.232.101 - - [02/Mar/2026:10:09:45 +0200] "GET /w.php HTTP/1.1" 403 559 "-" "-"
20.220.232.101 - - [02/Mar/2026:10:09:46 +0200] "GET /404.php HTTP/1.1" 403 558 "-" "-"
20.220.232.101 - - [02/Mar/2026:10:09:46 +0200] "GET /ioxi-o.php HTTP/1.1" 403 558 "-" "-"
20.220.232.101 - - [02/Mar/2026:10:09:46 +0200] "GET /0x.php HTTP/1.1" 403 559 "-" "-"
20.220.232.101 - - [02/Mar/2026:10:09:46 +0200] "GET /css.php HTTP/1.1" 403 558 "-" "-"
20.220.232.101 - - [02/Mar/2026:10:09:47 +0200] "GET /222.php HTTP/1.1" 403 559 "-" "-"
20.220.232.101 - - [02/Mar/2026:10:09:47 +0200] "GET /wp-content/index.php HTTP/1.1" 200 147 "-" "-"
20.220.232.101 - - [02/Mar/2026:10:09:47 +0200] "GET /admin.php HTTP/1.1" 403 559 "-" "-"
20.220.232.101 - - [02/Mar/2026:10:09:47 +0200] "GET /wp-admin/maint/maint.php HTTP/1.1" 403 559 "-" "-"
20.220.232.101 - - [02/Mar/2026:10:09:47 +0200] "GET /classwithtostring.php HTTP/1.1" 403 559 "-" "-"
20.220.232.101 - - [02/Mar/2026:10:09:48 +0200] "GET /abcd.php HTTP/1.1" 403 559 "-" "-"
20.220.232.101 - - [02/Mar/2026:10:09:48 +0200] "GET /autoload_classmap.php?p= HTTP/1.1" 403 558 "-" "-"
20.220.232.101 - - [02/Mar/2026:10:09:48 +0200] "GET /inputs.php HTTP/1.1" 403 559 "-" "-"
20.220.232.101 - - [02/Mar/2026:10:09:49 +0200] "GET /about.php HTTP/1.1" 403 559 "-" "-"
20.220.232.101 - - [02/Mar/2026:10:09:49 +0200] "GET /alfa.php HTTP/1.1" 403 558 "-" "-"
20.220.232.101 - - [02/Mar/2026:10:09:49 +0200] "GET /themes/twentytwentytwo/index.php HTTP/1.1" 403 559 "-" "-"
20.220.232.101 - - [02/Mar/2026:10:09:49 +0200] "GET /wp-admin/js/wp-conflg.php?p= HTTP/1.1" 403 558 "-" "-"
20.220.232.101 - - [02/Mar/2026:10:09:50 +0200] "GET /wp-admin/wp-conflg.php?p= HTTP/1.1" 403 559 "-" "-"
20.220.232.101 - - [02/Mar/2026:10:09:50 +0200] "GET /wp-admin/css/wp-conflg.php?p= HTTP/1.1" 403 559 "-" "-"
20.220.232.101 - - [02/Mar/2026:10:09:50 +0200] "GET /manager.php?p= HTTP/1.1" 403 558 "-" "-"
20.220.232.101 - - [02/Mar/2026:10:09:50 +0200] "GET /item.php HTTP/1.1" 403 558 "-" "-"
20.220.232.101 - - [02/Mar/2026:10:09:51 +0200] "GET /plugins/Cache/footer.php HTTP/1.1" 403 559 "-" "-"
20.220.232.101 - - [02/Mar/2026:10:09:51 +0200] "GET /404.php HTTP/1.1" 403 558 "-" "-"
20.220.232.101 - - [02/Mar/2026:10:09:51 +0200] "GET /mail.php HTTP/1.1" 403 559 "-" "-"
20.220.232.101 - - [02/Mar/2026:10:09:51 +0200] "GET /wp-content/plugins/index.php HTTP/1.1" 200 147 "-" "-"
20.220.232.101 - - [02/Mar/2026:10:09:51 +0200] "GET /sx.php HTTP/1.1" 403 558 "-" "-"
20.220.232.101 - - [02/Mar/2026:10:09:52 +0200] "GET /wp-admin/maint/admin.php HTTP/1.1" 403 558 "-" "-"
20.220.232.101 - - [02/Mar/2026:10:09:52 +0200] "GET /alfa.php HTTP/1.1" 403 559 "-" "-"
20.220.232.101 - - [02/Mar/2026:10:09:52 +0200] "GET /1.php HTTP/1.1" 403 558 "-" "-"
20.220.232.101 - - [02/Mar/2026:10:09:52 +0200] "GET /byp.php HTTP/1.1" 403 559 "-" "-"
20.220.232.101 - - [02/Mar/2026:10:09:53 +0200] "GET /wp-trackback.php HTTP/1.1" 403 559 "-" "-"
20.220.232.101 - - [02/Mar/2026:10:09:53 +0200] "GET /.well-known/index.php HTTP/1.1" 403 558 "-" "-"
20.220.232.101 - - [02/Mar/2026:10:09:53 +0200] "GET /wp-admin/network/plugins.php HTTP/1.1" 403 559 "-" "-"
20.220.232.101 - - [02/Mar/2026:10:09:53 +0200] "GET /wp-admin/about.php HTTP/1.1" 403 559 "-" "-"
20.220.232.101 - - [02/Mar/2026:10:09:54 +0200] "GET /gmo.php HTTP/1.1" 403 558 "-" "-"
20.220.232.101 - - [02/Mar/2026:10:09:54 +0200] "GET /wp-includes/ID3/about.php HTTP/1.1" 403 559 "-" "-"
20.220.232.101 - - [02/Mar/2026:10:09:54 +0200] "GET /css/index.php HTTP/1.1" 403 559 "-" "-"
20.220.232.101 - - [02/Mar/2026:10:09:54 +0200] "GET /wp-includes/SimplePie/wp-login.php HTTP/1.1" 403 559 "-" "-"
20.220.232.101 - - [02/Mar/2026:10:09:55 +0200] "GET /wp-content/themes/about.php HTTP/1.1" 403 557 "-" "-"
20.220.232.101 - - [02/Mar/2026:10:09:55 +0200] "GET /filemanager/dialog.php HTTP/1.1" 403 559 "-" "-"
20.220.232.101 - - [02/Mar/2026:10:09:55 +0200] "GET /wp-admin/maint/index.php HTTP/1.1" 403 558 "-" "-"
20.220.232.101 - - [02/Mar/2026:10:09:56 +0200] "GET /wp-includes/customize/about.php HTTP/1.1" 403 559 "-" "-"
20.220.232.101 - - [02/Mar/2026:10:09:56 +0200] "GET /index/function.php HTTP/1.1" 403 559 "-" "-"
20.220.232.101 - - [02/Mar/2026:10:09:56 +0200] "GET /uploads/autoload_classmap.php HTTP/1.1" 403 559 "-" "-"
20.220.232.101 - - [02/Mar/2026:10:09:56 +0200] "GET /wp-includes/style-engine/about.php HTTP/1.1" 403 559 "-" "-"
20.220.232.101 - - [02/Mar/2026:10:09:57 +0200] "GET /ww1.php HTTP/1.1" 403 558 "-" "-"
20.220.232.101 - - [02/Mar/2026:10:09:57 +0200] "GET /about/function.php HTTP/1.1" 403 559 "-" "-"
20.220.232.101 - - [02/Mar/2026:10:09:57 +0200] "GET /admin/function.php HTTP/1.1" 403 559 "-" "-"
20.220.232.101 - - [02/Mar/2026:10:09:57 +0200] "GET /.well-known/acme-challenge/index.php HTTP/1.1" 403 558 "-" "-"
20.220.232.101 - - [02/Mar/2026:10:09:58 +0200] "GET /css/colors/blue/index.php HTTP/1.1" 403 559 "-" "-"
20.220.232.101 - - [02/Mar/2026:10:09:58 +0200] "GET /security.php HTTP/1.1" 403 559 "-" "-"
20.220.232.101 - - [02/Mar/2026:10:09:58 +0200] "GET /wp-admin/user/about.php HTTP/1.1" 403 558 "-" "-"
20.220.232.101 - - [02/Mar/2026:10:09:58 +0200] "GET /wp-admin/js/index.php HTTP/1.1" 403 558 "-" "-"
20.220.232.101 - - [02/Mar/2026:10:09:59 +0200] "GET /wp-content/upgrade/about.php HTTP/1.1" 403 559 "-" "-"
20.220.232.101 - - [02/Mar/2026:10:09:59 +0200] "GET /wp-includes/assets/index.php HTTP/1.1" 403 559 "-" "-"
20.220.232.101 - - [02/Mar/2026:10:09:59 +0200] "GET /wp-content/radio.php HTTP/1.1" 403 558 "-" "-"
20.220.232.101 - - [02/Mar/2026:10:09:59 +0200] "GET /wp-includes/fonts/index.php?p= HTTP/1.1" 403 558 "-" "-"
20.220.232.101 - - [02/Mar/2026:10:10:00 +0200] "GET /.well-known/admin.php HTTP/1.1" 403 559 "-" "-"
20.220.232.101 - - [02/Mar/2026:10:10:00 +0200] "GET /wp-content/admin.php HTTP/1.1" 403 558 "-" "-"
20.220.232.101 - - [02/Mar/2026:10:10:00 +0200] "GET /wp-content/plugins/admin.php HTTP/1.1" 403 559 "-" "-"
20.220.232.101 - - [02/Mar/2026:10:10:00 +0200] "GET /wp-content/themes/twentytwentytwo/index.php?p= HTTP/1.1" 403 559 "-" "-"
20.220.232.101 - - [02/Mar/2026:10:10:01 +0200] "GET /.well-known/log.php HTTP/1.1" 403 558 "-" "-"
20.220.232.101 - - [02/Mar/2026:10:10:01 +0200] "GET /class.php HTTP/1.1" 403 578 "-" "-"
20.220.232.101 - - [02/Mar/2026:10:10:02 +0200] "GET /bless5.php HTTP/1.1" 403 558 "-" "-"
20.220.232.101 - - [02/Mar/2026:10:10:02 +0200] "GET /wp-includes/js/codemirror/index.php HTTP/1.1" 403 558 "-" "-"
20.220.232.101 - - [02/Mar/2026:10:10:02 +0200] "GET /wp-includes/block-patterns/index.php HTTP/1.1" 403 558 "-" "-"
20.220.232.101 - - [02/Mar/2026:10:10:03 +0200] "GET /lock360.php HTTP/1.1" 403 558 "-" "-"
20.220.232.101 - - [02/Mar/2026:10:10:03 +0200] "GET /f35.php HTTP/1.1" 403 559 "-" "-"
20.220.232.101 - - [02/Mar/2026:10:10:04 +0200] "GET /ioxi-o1.php HTTP/1.1" 403 559 "-" "-"
20.220.232.101 - - [02/Mar/2026:10:10:04 +0200] "GET /juuuu.php HTTP/1.1" 403 559 "-" "-"
20.220.232.101 - - [02/Mar/2026:10:10:05 +0200] "GET /ha.php HTTP/1.1" 403 558 "-" "-"
20.220.232.101 - - [02/Mar/2026:10:10:05 +0200] "GET /gg.php HTTP/1.1" 403 559 "-" "-"
20.220.232.101 - - [02/Mar/2026:10:10:05 +0200] "GET /we2.php HTTP/1.1" 403 559 "-" "-"
20.220.232.101 - - [02/Mar/2026:10:10:05 +0200] "GET /04.php HTTP/1.1" 403 558 "-" "-"
20.220.232.101 - - [02/Mar/2026:10:10:05 +0200] "GET /333.php HTTP/1.1" 403 559 "-" "-"
20.220.232.101 - - [02/Mar/2026:10:10:06 +0200] "GET /520.php HTTP/1.1" 403 558 "-" "-"
20.220.232.101 - - [02/Mar/2026:10:10:06 +0200] "GET /ar.php HTTP/1.1" 403 559 "-" "-"
20.220.232.101 - - [02/Mar/2026:10:10:06 +0200] "GET /x.php HTTP/1.1" 403 559 "-" "-"
20.220.232.101 - - [02/Mar/2026:10:10:07 +0200] "GET /xx.php HTTP/1.1" 403 558 "-" "-"
20.220.232.101 - - [02/Mar/2026:10:10:07 +0200] "GET /gifclass4.php HTTP/1.1" 403 558 "-" "-"
20.220.232.101 - - [02/Mar/2026:10:10:07 +0200] "GET /2clas.php HTTP/1.1" 403 559 "-" "-"
20.220.232.101 - - [02/Mar/2026:10:10:07 +0200] "GET /ave.php HTTP/1.1" 403 558 "-" "-"
20.220.232.101 - - [02/Mar/2026:10:10:07 +0200] "GET /wrt.php HTTP/1.1" 403 558 "-" "-"
20.220.232.101 - - [02/Mar/2026:10:10:08 +0200] "GET /bibil.php HTTP/1.1" 403 558 "-" "-"
20.220.232.101 - - [02/Mar/2026:10:10:08 +0200] "GET /radio.php HTTP/1.1" 403 558 "-" "-"
20.220.232.101 - - [02/Mar/2026:10:10:08 +0200] "GET /files.php HTTP/1.1" 403 559 "-" "-"
20.220.232.101 - - [02/Mar/2026:10:10:09 +0200] "GET /file7.php HTTP/1.1" 403 559 "-" "-"
20.220.232.101 - - [02/Mar/2026:10:10:09 +0200] "GET /gifclass.php HTTP/1.1" 403 558 "-" "-"
20.220.232.101 - - [02/Mar/2026:10:10:09 +0200] "GET /wp-admin/css/colors/midnight/about.php HTTP/1.1" 403 559 "-" "-"
20.220.232.101 - - [02/Mar/2026:10:10:09 +0200] "GET /nox.php HTTP/1.1" 403 559 "-" "-"
20.220.232.101 - - [02/Mar/2026:10:10:10 +0200] "GET /file48.php HTTP/1.1" 403 558 "-" "-"
20.220.232.101 - - [02/Mar/2026:10:10:10 +0200] "GET /info.php HTTP/1.1" 403 558 "-" "-"
20.220.232.101 - - [02/Mar/2026:10:10:10 +0200] "GET /class9.php HTTP/1.1" 403 559 "-" "-"
20.220.232.101 - - [02/Mar/2026:10:10:10 +0200] "GET /la.php HTTP/1.1" 403 558 "-" "-"
20.220.232.101 - - [02/Mar/2026:10:10:11 +0200] "GET /bless11.php HTTP/1.1" 403 559 "-" "-"
20.220.232.101 - - [02/Mar/2026:10:10:11 +0200] "GET /ccou.php HTTP/1.1" 403 557 "-" "-"
20.220.232.101 - - [02/Mar/2026:10:10:11 +0200] "GET /ton.php HTTP/1.1" 403 558 "-" "-"
20.220.232.101 - - [02/Mar/2026:10:10:11 +0200] "GET /403.php HTTP/1.1" 403 559 "-" "-"
20.220.232.101 - - [02/Mar/2026:10:10:12 +0200] "GET /file9.php HTTP/1.1" 403 559 "-" "-"
20.220.232.101 - - [02/Mar/2026:10:10:12 +0200] "GET /ac.php HTTP/1.1" 403 558 "-" "-"
20.220.232.101 - - [02/Mar/2026:10:10:12 +0200] "GET /new4.php HTTP/1.1" 403 559 "-" "-"
20.220.232.101 - - [02/Mar/2026:10:10:12 +0200] "GET /pop.php HTTP/1.1" 403 559 "-" "-"
20.220.232.101 - - [02/Mar/2026:10:10:13 +0200] "GET /az.php HTTP/1.1" 403 557 "-" "-"
20.220.232.101 - - [02/Mar/2026:10:10:13 +0200] "GET /xaz.php HTTP/1.1" 403 559 "-" "-"
20.220.232.101 - - [02/Mar/2026:10:10:13 +0200] "GET /up4.php HTTP/1.1" 403 558 "-" "-"
20.220.232.101 - - [02/Mar/2026:10:10:13 +0200] "GET /1aa.php HTTP/1.1" 403 558 "-" "-"
20.220.232.101 - - [02/Mar/2026:10:10:14 +0200] "GET /elp.php HTTP/1.1" 403 558 "-" "-"
20.220.232.101 - - [02/Mar/2026:10:10:14 +0200] "GET /wtz.php HTTP/1.1" 403 559 "-" "-"
20.220.232.101 - - [02/Mar/2026:10:10:14 +0200] "GET /galex.php HTTP/1.1" 403 559 "-" "-"
20.220.232.101 - - [02/Mar/2026:10:10:14 +0200] "GET /xb.php HTTP/1.1" 403 558 "-" "-"
20.220.232.101 - - [02/Mar/2026:10:10:15 +0200] "GET /ova.php HTTP/1.1" 403 556 "-" "-"
20.220.232.101 - - [02/Mar/2026:10:10:15 +0200] "GET /vx.php HTTP/1.1" 403 559 "-" "-"
20.220.232.101 - - [02/Mar/2026:10:10:15 +0200] "GET /rh.php HTTP/1.1" 403 558 "-" "-"
116.202.110.255 - - [02/Mar/2026:10:15:15 +0200] "POST /wp-load.php?308b38=24379 HTTP/1.1" 200 13462 "-" "Mozilla/5.0 (Windows NT 10.0; Win64; x64) AppleWebKit/537.36 (KHTML, like Gecko) Chrome/104.0.5112.97 Safari/537.36"
217.146.69.20 - - [02/Mar/2026:10:15:36 +0200] "HEAD / HTTP/1.1" 200 3955 "-" "WordPress/6.9.1; https://bearmor.eu"
217.146.69.50 - - [02/Mar/2026:10:16:30 +0200] "HEAD / HTTP/1.1" 200 3955 "-" "Bearmor-Relay/1.0.0"
217.146.69.20 - - [02/Mar/2026:10:30:37 +0200] "HEAD / HTTP/1.1" 200 3955 "-" "WordPress/6.9.1; https://bearmor.eu"
192.168.1.1 - - [02/Mar/2026:10:31:41 +0200] "POST /wp-cron.php?doing_wp_cron=1772440301.4885900020599365234375 HTTP/1.1" 200 3609 "-" "WordPress/6.9.1; https://fotovoltaicgreen.ro"
217.146.69.50 - - [02/Mar/2026:10:31:40 +0200] "HEAD / HTTP/1.1" 200 3955 "-" "Bearmor-Relay/1.0.0"
192.168.1.1 - - [02/Mar/2026:10:45:33 +0200] "POST /wp-cron.php?doing_wp_cron=1772441132.9852089881896972656250 HTTP/1.1" 200 3609 "-" "WordPress/6.9.1; https://fotovoltaicgreen.ro"
217.146.69.20 - - [02/Mar/2026:10:45:31 +0200] "HEAD / HTTP/1.1" 200 3955 "-" "WordPress/6.9.1; https://bearmor.eu"
47.57.15.134 - - [02/Mar/2026:10:46:20 +0200] "HEAD /wp-content/uploads/2025/05/building-construction-industry-solar-energy-site-755446-pxhere.com_-scaled-1.jpg HTTP/1.1" 200 3585 "-" "Mozilla/5.0 (Windows NT 10.0; Win64; x64) AppleWebKit/537.36 (KHTML, like Gecko) Chrome/91.0.4472.124 Safari/537.36"
47.57.15.134 - - [02/Mar/2026:10:46:22 +0200] "GET /wp-content/uploads/2025/05/building-construction-industry-solar-energy-site-755446-pxhere.com_-scaled-1.jpg HTTP/1.1" 200 187646 "-" "Mozilla/5.0 (Windows NT 10.0; Win64; x64) AppleWebKit/537.36 (KHTML, like Gecko) Chrome/91.0.4472.124 Safari/537.36"
217.146.69.50 - - [02/Mar/2026:10:46:24 +0200] "HEAD / HTTP/1.1" 200 3955 "-" "Bearmor-Relay/1.0.0"
192.168.1.1 - - [02/Mar/2026:10:52:31 +0200] "POST /wp-cron.php?doing_wp_cron=1772441551.1164200305938720703125 HTTP/1.1" 200 3609 "-" "WordPress/6.9.1; https://fotovoltaicgreen.ro"
66.249.79.34 - - [02/Mar/2026:10:52:29 +0200] "GET /robots.txt HTTP/1.1" 200 3977 "-" "Mozilla/5.0 (compatible; Googlebot/2.1; +http://www.google.com/bot.html)"
