209.141.49.67 - - [02/Mar/2026:17:10:18 +0200] "GET /wp-admin/themes.php HTTP/1.1" 503 21723 "-" "python-requests/2.27.1"
209.141.49.67 - - [02/Mar/2026:17:10:46 +0200] "GET /wp-admin/plugin-install.php?tab=upload HTTP/1.1" 503 21723 "-" "python-requests/2.27.1"
192.168.1.1 - - [02/Mar/2026:17:15:33 +0200] "POST /wp-cron.php?doing_wp_cron=1772464533.9346060752868652343750 HTTP/1.1" 200 3609 "-" "WordPress/6.9.1; https://fotovoltaicgreen.ro"
217.146.69.20 - - [02/Mar/2026:17:15:31 +0200] "HEAD / HTTP/1.1" 200 3955 "-" "WordPress/6.9.1; https://bearmor.eu"
192.168.1.1 - - [02/Mar/2026:17:15:34 +0200] "POST /wp-cron.php?doing_wp_cron=1772464534.4163808822631835937500 HTTP/1.1" 200 3609 "-" "WordPress/6.9.1; https://fotovoltaicgreen.ro"
192.168.1.1 - - [02/Mar/2026:17:15:32 +0200] "POST /?wordfence_syncAttackData=1772464532.6392 HTTP/1.1" 200 3521 "-" "WordPress/6.9.1; https://fotovoltaicgreen.ro"
188.245.58.208 - - [02/Mar/2026:17:16:03 +0200] "POST /wp-load.php?4b968a=44914 HTTP/1.1" 200 8455 "-" "Mozilla/5.0 (Windows NT 10.0; Win64; x64) AppleWebKit/537.36 (KHTML, like Gecko) Chrome/104.0.5112.97 Safari/537.36"
217.146.69.50 - - [02/Mar/2026:17:16:23 +0200] "HEAD / HTTP/1.1" 200 3955 "-" "Bearmor-Relay/1.0.0"
95.216.244.46 - - [02/Mar/2026:17:28:49 +0200] "GET /index.php/2023/06/19/vavada-kazino-zerkalo-dlia-russkikh-igrokov-onlain/ HTTP/1.1" 200 31771 "-" "Screaming Frog SEO Spider/19.1"
217.146.69.20 - - [02/Mar/2026:17:30:30 +0200] "HEAD / HTTP/1.1" 200 3955 "-" "WordPress/6.9.1; https://bearmor.eu"
217.146.69.50 - - [02/Mar/2026:17:31:22 +0200] "HEAD / HTTP/1.1" 200 3955 "-" "Bearmor-Relay/1.0.0"
192.168.1.1 - - [02/Mar/2026:17:45:35 +0200] "POST /wp-cron.php?doing_wp_cron=1772466335.4851639270782470703125 HTTP/1.1" 200 3609 "-" "WordPress/6.9.1; https://fotovoltaicgreen.ro"
217.146.69.20 - - [02/Mar/2026:17:45:33 +0200] "HEAD / HTTP/1.1" 200 3955 "-" "WordPress/6.9.1; https://bearmor.eu"
192.168.1.1 - - [02/Mar/2026:17:46:35 +0200] "POST /wp-cron.php?doing_wp_cron=1772466395.3887228965759277343750 HTTP/1.1" 200 3609 "-" "WordPress/6.9.1; https://fotovoltaicgreen.ro"
217.146.69.50 - - [02/Mar/2026:17:46:34 +0200] "HEAD / HTTP/1.1" 200 3955 "-" "Bearmor-Relay/1.0.0"
192.168.1.1 - - [02/Mar/2026:18:00:46 +0200] "POST /wp-cron.php?doing_wp_cron=1772467246.2206499576568603515625 HTTP/1.1" 200 3609 "-" "WordPress/6.9.1; https://fotovoltaicgreen.ro"
217.146.69.20 - - [02/Mar/2026:18:00:44 +0200] "HEAD / HTTP/1.1" 200 3955 "-" "WordPress/6.9.1; https://bearmor.eu"
217.146.69.50 - - [02/Mar/2026:18:01:38 +0200] "HEAD / HTTP/1.1" 200 3955 "-" "Bearmor-Relay/1.0.0"
66.249.79.34 - - [02/Mar/2026:18:14:42 +0200] "GET /index.php/2023/06/19/vavada-kazino-zerkalo-dlia-russkikh-igrokov-onlain/ HTTP/1.1" 200 31771 "-" "Mozilla/5.0 (Linux; Android 6.0.1; Nexus 5X Build/MMB29P) AppleWebKit/537.36 (KHTML, like Gecko) Chrome/144.0.7559.132 Mobile Safari/537.36 (compatible; Googlebot/2.1; +http://www.google.com/bot.html)"
217.146.69.20 - - [02/Mar/2026:18:15:33 +0200] "HEAD / HTTP/1.1" 200 3955 "-" "WordPress/6.9.1; https://bearmor.eu"
49.13.61.43 - - [02/Mar/2026:18:16:13 +0200] "POST /wp-load.php?cdc9c4=20672 HTTP/1.1" 200 6954 "-" "Mozilla/5.0 (Windows NT 10.0; Win64; x64) AppleWebKit/537.36 (KHTML, like Gecko) Chrome/104.0.5112.97 Safari/537.36"
217.146.69.50 - - [02/Mar/2026:18:16:25 +0200] "HEAD / HTTP/1.1" 200 3955 "-" "Bearmor-Relay/1.0.0"
35.192.17.0 - - [02/Mar/2026:18:18:29 +0200] "GET / HTTP/1.1" 200 32810 "-" "Mozilla/5.0 (compatible; CMS-Checker/1.0; +https://example.com)"
217.146.69.20 - - [02/Mar/2026:18:30:34 +0200] "HEAD / HTTP/1.1" 200 3955 "-" "WordPress/6.9.1; https://bearmor.eu"
217.146.69.50 - - [02/Mar/2026:18:31:30 +0200] "HEAD / HTTP/1.1" 200 3955 "-" "Bearmor-Relay/1.0.0"
192.168.1.1 - - [02/Mar/2026:18:45:38 +0200] "POST /wp-cron.php?doing_wp_cron=1772469938.4791719913482666015625 HTTP/1.1" 200 3609 "-" "WordPress/6.9.1; https://fotovoltaicgreen.ro"
217.146.69.20 - - [02/Mar/2026:18:45:36 +0200] "HEAD / HTTP/1.1" 200 3955 "-" "WordPress/6.9.1; https://bearmor.eu"
192.168.1.1 - - [02/Mar/2026:18:46:38 +0200] "POST /wp-cron.php?doing_wp_cron=1772469998.2901549339294433593750 HTTP/1.1" 200 3609 "-" "WordPress/6.9.1; https://fotovoltaicgreen.ro"
217.146.69.50 - - [02/Mar/2026:18:46:37 +0200] "HEAD / HTTP/1.1" 200 3955 "-" "Bearmor-Relay/1.0.0"
217.146.69.20 - - [02/Mar/2026:19:00:32 +0200] "HEAD / HTTP/1.1" 200 3955 "-" "WordPress/6.9.1; https://bearmor.eu"
217.146.69.50 - - [02/Mar/2026:19:01:32 +0200] "HEAD / HTTP/1.1" 200 3955 "-" "Bearmor-Relay/1.0.0"
35.192.17.0 - - [02/Mar/2026:19:09:52 +0200] "GET / HTTP/1.1" 200 232813 "-" "Mozilla/5.0 (Windows NT 10.0; Win64; x64) AppleWebKit/537.36 (KHTML, like Gecko) Chrome/78.0.3904.108 Safari/537.36"
35.192.17.0 - - [02/Mar/2026:19:09:55 +0200] "GET /?author=1 HTTP/1.1" 404 52469 "-" "Mozilla/5.0 (Windows NT 10.0; Win64; x64) AppleWebKit/537.36 (KHTML, like Gecko) Chrome/78.0.3904.108 Safari/537.36"
35.192.17.0 - - [02/Mar/2026:19:09:56 +0200] "GET /?author=2 HTTP/1.1" 404 52469 "-" "Mozilla/5.0 (Windows NT 10.0; Win64; x64) AppleWebKit/537.36 (KHTML, like Gecko) Chrome/78.0.3904.108 Safari/537.36"
35.192.17.0 - - [02/Mar/2026:19:09:57 +0200] "GET /wp-json/wp/v2/users/ HTTP/1.1" 401 682 "-" "Mozilla/5.0 (Windows NT 10.0; Win64; x64) AppleWebKit/537.36 (KHTML, like Gecko) Chrome/78.0.3904.108 Safari/537.36"
35.192.17.0 - - [02/Mar/2026:19:09:57 +0200] "GET /wp-json/oembed/1.0/embed?url=http://fotovoltaicgreen.ro HTTP/1.1" 200 2667 "-" "Mozilla/5.0 (Windows NT 10.0; Win64; x64) AppleWebKit/537.36 (KHTML, like Gecko) Chrome/78.0.3904.108 Safari/537.36"
35.192.17.0 - - [02/Mar/2026:19:09:58 +0200] "POST /xmlrpc.php HTTP/1.1" 503 19327 "-" "Mozilla/5.0 (Windows NT 10.0; Win64; x64) AppleWebKit/537.36 (KHTML, like Gecko) Chrome/78.0.3904.108 Safari/537.36"
192.168.1.1 - - [02/Mar/2026:19:15:38 +0200] "POST /wp-cron.php?doing_wp_cron=1772471738.4624109268188476562500 HTTP/1.1" 200 3609 "-" "WordPress/6.9.1; https://fotovoltaicgreen.ro"
217.146.69.20 - - [02/Mar/2026:19:15:36 +0200] "HEAD / HTTP/1.1" 200 3955 "-" "WordPress/6.9.1; https://bearmor.eu"
49.13.22.245 - - [02/Mar/2026:19:16:23 +0200] "POST /wp-load.php?44a686=11052 HTTP/1.1" 200 7215 "-" "Mozilla/5.0 (Windows NT 10.0; Win64; x64) AppleWebKit/537.36 (KHTML, like Gecko) Chrome/104.0.5112.97 Safari/537.36"
217.146.69.50 - - [02/Mar/2026:19:16:35 +0200] "HEAD / HTTP/1.1" 200 3955 "-" "Bearmor-Relay/1.0.0"
176.65.148.161 - - [02/Mar/2026:19:19:30 +0200] "HEAD / HTTP/1.1" 200 586 "-" "Mozilla/5.0 (compatible; Let's Encrypt validation server; +https://www.letsencrypt.org)"
176.65.148.161 - - [02/Mar/2026:19:19:31 +0200] "GET / HTTP/1.1" 200 232749 "-" "Mozilla/5.0 (compatible; Let's Encrypt validation server; +https://www.letsencrypt.org)"
176.65.148.161 - - [02/Mar/2026:19:19:33 +0200] "HEAD /_next HTTP/1.1" 404 536 "-" "Mozilla/5.0 (compatible; Let's Encrypt validation server; +https://www.letsencrypt.org)"
217.146.69.20 - - [02/Mar/2026:19:30:31 +0200] "HEAD / HTTP/1.1" 200 3955 "-" "WordPress/6.9.1; https://bearmor.eu"
217.146.69.50 - - [02/Mar/2026:19:31:30 +0200] "HEAD / HTTP/1.1" 200 3955 "-" "Bearmor-Relay/1.0.0"
192.168.1.1 - - [02/Mar/2026:19:37:08 +0200] "POST /wp-cron.php?doing_wp_cron=1772473028.4246389865875244140625 HTTP/1.1" 200 3609 "-" "WordPress/6.9.1; https://fotovoltaicgreen.ro"
209.141.33.220 - - [02/Mar/2026:19:37:06 +0200] "GET /wp-login.php HTTP/1.1" 200 9983 "-" "Mozilla/5.0 (Macintosh; Intel Mac OS X 10_10) AppleWebKit/538.46 (KHTML, like Gecko) Version/8.0 Safari/538.46"
209.141.33.220 - - [02/Mar/2026:19:37:08 +0200] "POST /wp-login.php HTTP/1.1" 503 19653 "-" "Mozilla/5.0 (Macintosh; Intel Mac OS X 10_10) AppleWebKit/538.46 (KHTML, like Gecko) Version/8.0 Safari/538.46"
209.141.33.220 - - [02/Mar/2026:19:37:14 +0200] "GET /wp-admin/themes.php HTTP/1.1" 503 21723 "-" "python-requests/2.27.1"
209.141.33.220 - - [02/Mar/2026:19:37:17 +0200] "GET /wp-admin/plugin-install.php?tab=upload HTTP/1.1" 503 21723 "-" "python-requests/2.27.1"
192.168.1.1 - - [02/Mar/2026:19:45:44 +0200] "POST /wp-cron.php?doing_wp_cron=1772473544.1870899200439453125000 HTTP/1.1" 200 3609 "-" "WordPress/6.9.1; https://fotovoltaicgreen.ro"
217.146.69.20 - - [02/Mar/2026:19:45:41 +0200] "HEAD / HTTP/1.1" 200 3955 "-" "WordPress/6.9.1; https://bearmor.eu"
192.168.1.1 - - [02/Mar/2026:19:45:42 +0200] "POST /?wordfence_syncAttackData=1772473542.882 HTTP/1.1" 200 3521 "-" "WordPress/6.9.1; https://fotovoltaicgreen.ro"
192.168.1.1 - - [02/Mar/2026:19:45:44 +0200] "POST /?wordfence_syncAttackData=1772473544.4019 HTTP/1.1" 200 36323 "-" "WordPress/6.9.1; https://fotovoltaicgreen.ro"
192.168.1.1 - - [02/Mar/2026:19:46:38 +0200] "POST /wp-cron.php?doing_wp_cron=1772473598.5283029079437255859375 HTTP/1.1" 200 3609 "-" "WordPress/6.9.1; https://fotovoltaicgreen.ro"
217.146.69.50 - - [02/Mar/2026:19:46:38 +0200] "HEAD / HTTP/1.1" 200 3955 "-" "Bearmor-Relay/1.0.0"
5.75.228.162 - - [02/Mar/2026:19:54:12 +0200] "GET / HTTP/1.1" 200 17218 "-" "Mozilla/5.0 (Windows NT 10.0; Win64; x64) AppleWebKit/537.36 (KHTML, like Gecko) Chrome/104.0.5112.97 Safari/537.36"
217.146.69.20 - - [02/Mar/2026:20:00:38 +0200] "HEAD / HTTP/1.1" 200 3955 "-" "WordPress/6.9.1; https://bearmor.eu"
217.146.69.50 - - [02/Mar/2026:20:01:36 +0200] "HEAD / HTTP/1.1" 200 3955 "-" "Bearmor-Relay/1.0.0"
103.189.201.237 - - [02/Mar/2026:20:09:20 +0200] "POST /wp-login.php HTTP/1.1" 200 5979 "-" "Mozilla/5.0 (Windows NT 10.0; Win64; x64) AppleWebKit/537.36 (KHTML, like Gecko) Chrome/91.0.4472.124 Safari/537.36"
103.189.201.237 - - [02/Mar/2026:20:09:24 +0200] "GET /wp-admin HTTP/1.1" 301 626 "-" "Mozilla/5.0 (Windows NT 10.0; Win64; x64) AppleWebKit/537.36 (KHTML, like Gecko) Chrome/91.0.4472.124 Safari/537.36"
103.189.201.237 - - [02/Mar/2026:20:09:24 +0200] "GET /wp-admin/ HTTP/1.1" 302 486 "-" "Mozilla/5.0 (Windows NT 10.0; Win64; x64) AppleWebKit/537.36 (KHTML, like Gecko) Chrome/91.0.4472.124 Safari/537.36"
103.189.201.237 - - [02/Mar/2026:20:09:25 +0200] "GET /wp-login.php?redirect_to=https%3A%2F%2Ffotovoltaicgreen.ro%2Fwp-admin%2F&reauth=1 HTTP/1.1" 200 4562 "-" "Mozilla/5.0 (Windows NT 10.0; Win64; x64) AppleWebKit/537.36 (KHTML, like Gecko) Chrome/91.0.4472.124 Safari/537.36"
192.168.1.1 - - [02/Mar/2026:20:15:33 +0200] "POST /wp-cron.php?doing_wp_cron=1772475333.7165338993072509765625 HTTP/1.1" 200 3609 "-" "WordPress/6.9.1; https://fotovoltaicgreen.ro"
217.146.69.20 - - [02/Mar/2026:20:15:32 +0200] "HEAD / HTTP/1.1" 200 3955 "-" "WordPress/6.9.1; https://bearmor.eu"
88.99.13.2 - - [02/Mar/2026:20:16:27 +0200] "POST /wp-load.php?3b65f4=76853 HTTP/1.1" 200 8548 "-" "Mozilla/5.0 (Windows NT 10.0; Win64; x64) AppleWebKit/537.36 (KHTML, like Gecko) Chrome/104.0.5112.97 Safari/537.36"
217.146.69.50 - - [02/Mar/2026:20:16:27 +0200] "HEAD / HTTP/1.1" 200 3955 "-" "Bearmor-Relay/1.0.0"
73.174.1.30 - - [02/Mar/2026:20:23:19 +0200] "GET / HTTP/1.1" 200 36317 "-" "Mozilla/5.0 (Windows NT 10.0; Win64; x64) AppleWebKit/537.36 (KHTML, like Gecko) Chrome/120.0.0.0 Safari/537.36"
45.187.85.229 - - [02/Mar/2026:20:23:24 +0200] "GET /wp-login.php HTTP/1.1" 200 5817 "-" "Mozilla/5.0 (Windows NT 10.0; Win64; x64) AppleWebKit/537.36 (KHTML, like Gecko) Chrome/120.0.0.0 Safari/537.36"
45.187.85.229 - - [02/Mar/2026:20:23:25 +0200] "POST /wp-login.php HTTP/1.1" 302 1310 "https://fotovoltaicgreen.ro/wp-login.php" "Mozilla/5.0 (Windows NT 10.0; Win64; x64) AppleWebKit/537.36 (KHTML, like Gecko) Chrome/120.0.0.0 Safari/537.36"
45.187.85.229 - - [02/Mar/2026:20:23:27 +0200] "GET /wp-admin/ HTTP/1.1" 200 35185 "https://fotovoltaicgreen.ro/wp-login.php" "Mozilla/5.0 (Windows NT 10.0; Win64; x64) AppleWebKit/537.36 (KHTML, like Gecko) Chrome/120.0.0.0 Safari/537.36"
84.54.73.23 - - [02/Mar/2026:20:23:31 +0200] "POST /xmlrpc.php HTTP/1.1" 200 3810 "-" "WordPress/5.0; https://fotovoltaicgreen.ro"
88.97.179.126 - - [02/Mar/2026:20:23:33 +0200] "GET /wp-admin/admin-ajax.php?action=rest-nonce HTTP/1.1" 200 3913 "-" "Mozilla/5.0 (Windows NT 10.0; Win64; x64) AppleWebKit/537.36 (KHTML, like Gecko) Chrome/120.0.0.0 Safari/537.36"
88.97.179.126 - - [02/Mar/2026:20:23:34 +0200] "GET /wp-json/wp/v2/plugins HTTP/1.1" 200 9028 "-" "Mozilla/5.0 (Windows NT 10.0; Win64; x64) AppleWebKit/537.36 (KHTML, like Gecko) Chrome/120.0.0.0 Safari/537.36"
88.97.179.126 - - [02/Mar/2026:20:23:35 +0200] "GET /wp-json/wp/v2/settings HTTP/1.1" 200 1175 "-" "Mozilla/5.0 (Windows NT 10.0; Win64; x64) AppleWebKit/537.36 (KHTML, like Gecko) Chrome/120.0.0.0 Safari/537.36"
88.97.179.126 - - [02/Mar/2026:20:23:36 +0200] "GET /wp-json/wp/v2/pages/1383 HTTP/1.1" 200 81925 "-" "Mozilla/5.0 (Windows NT 10.0; Win64; x64) AppleWebKit/537.36 (KHTML, like Gecko) Chrome/120.0.0.0 Safari/537.36"
217.146.69.20 - - [02/Mar/2026:20:30:32 +0200] "HEAD / HTTP/1.1" 200 3955 "-" "WordPress/6.9.1; https://bearmor.eu"
217.146.69.50 - - [02/Mar/2026:20:31:26 +0200] "HEAD / HTTP/1.1" 200 3955 "-" "Bearmor-Relay/1.0.0"
192.168.1.1 - - [02/Mar/2026:20:39:38 +0200] "POST /wp-cron.php?doing_wp_cron=1772476778.7889299392700195312500 HTTP/1.1" 200 3609 "-" "WordPress/6.9.1; https://fotovoltaicgreen.ro"
198.235.24.128 - - [02/Mar/2026:20:39:36 +0200] "GET / HTTP/1.1" 200 237784 "-" "Hello from Palo Alto Networks, find out more about our scans in https://docs-cortex.paloaltonetworks.com/r/1/Cortex-Xpanse/Scanning-activity"
192.168.1.1 - - [02/Mar/2026:20:45:34 +0200] "POST /wp-cron.php?doing_wp_cron=1772477134.4912519454956054687500 HTTP/1.1" 200 3609 "-" "WordPress/6.9.1; https://fotovoltaicgreen.ro"
217.146.69.20 - - [02/Mar/2026:20:45:32 +0200] "HEAD / HTTP/1.1" 200 3955 "-" "WordPress/6.9.1; https://bearmor.eu"
217.146.69.50 - - [02/Mar/2026:20:46:26 +0200] "HEAD / HTTP/1.1" 200 3955 "-" "Bearmor-Relay/1.0.0"
192.168.1.1 - - [02/Mar/2026:20:47:57 +0200] "POST /wp-cron.php?doing_wp_cron=1772477277.8127169609069824218750 HTTP/1.1" 200 3609 "-" "WordPress/6.9.1; https://fotovoltaicgreen.ro"
157.55.39.225 - - [02/Mar/2026:20:47:57 +0200] "GET /robots.txt HTTP/1.1" 200 4099 "-" "Mozilla/5.0 AppleWebKit/537.36 (KHTML, like Gecko; compatible; bingbot/2.0; +http://www.bing.com/bingbot.htm) Chrome/116.0.1938.76 Safari/537.36"
40.77.167.49 - - [02/Mar/2026:20:48:00 +0200] "GET /sitemap_index.xml HTTP/1.1" 404 135367 "-" "Mozilla/5.0 AppleWebKit/537.36 (KHTML, like Gecko; compatible; bingbot/2.0; +http://www.bing.com/bingbot.htm) Chrome/116.0.1938.76 Safari/537.36"
104.143.84.54 - - [02/Mar/2026:20:48:23 +0200] "GET / HTTP/1.1" 301 491 "-" "Mozilla/5.0 (X11; Ubuntu; Linux x86_64; rv:126.0) Gecko/20100101 Firefox/126.0"
104.143.84.54 - - [02/Mar/2026:20:48:23 +0200] "GET / HTTP/1.1" 301 3785 "-" "Mozilla/5.0 (X11; Ubuntu; Linux x86_64; rv:126.0) Gecko/20100101 Firefox/126.0"
104.143.84.54 - - [02/Mar/2026:20:48:23 +0200] "GET / HTTP/1.1" 200 32872 "-" "Mozilla/5.0 (X11; Ubuntu; Linux x86_64; rv:126.0) Gecko/20100101 Firefox/126.0"
104.143.84.54 - - [02/Mar/2026:20:48:23 +0200] "GET / HTTP/1.1" 200 36274 "-" "Mozilla/5.0 (X11; Ubuntu; Linux x86_64; rv:126.0) Gecko/20100101 Firefox/126.0"
104.143.84.54 - - [02/Mar/2026:20:48:24 +0200] "GET / HTTP/1.1" 200 36274 "-" "Mozilla/5.0 (X11; Ubuntu; Linux x86_64; rv:126.0) Gecko/20100101 Firefox/126.0"
104.143.84.54 - - [02/Mar/2026:20:48:24 +0200] "GET / HTTP/1.1" 200 36276 "-" "Mozilla/5.0 (X11; Ubuntu; Linux x86_64; rv:126.0) Gecko/20100101 Firefox/126.0"
104.143.84.54 - - [02/Mar/2026:20:48:57 +0200] "GET / HTTP/1.1" 200 32873 "-" "Mozilla/5.0 (X11; Linux x86_64) AppleWebKit/537.36 (KHTML, like Gecko) HeadlessChrome/139.0.7258.5 Safari/537.36"
104.143.84.54 - - [02/Mar/2026:20:48:59 +0200] "GET /wp-content/et-cache/1383/et-divi-dynamic-1383-late.css?ver=1772135134 HTTP/1.1" 200 6347 "http://fotovoltaicgreen.ro/" "Mozilla/5.0 (X11; Linux x86_64) AppleWebKit/537.36 (KHTML, like Gecko) HeadlessChrome/139.0.7258.5 Safari/537.36"
104.143.84.54 - - [02/Mar/2026:20:48:59 +0200] "GET /wp-content/et-cache/1383/et-divi-dynamic-1383.css?ver=1772135134 HTTP/1.1" 200 13065 "http://fotovoltaicgreen.ro/" "Mozilla/5.0 (X11; Linux x86_64) AppleWebKit/537.36 (KHTML, like Gecko) HeadlessChrome/139.0.7258.5 Safari/537.36"
104.143.84.54 - - [02/Mar/2026:20:48:59 +0200] "GET /wp-content/et-cache/1383/et-core-unified-deferred-1383.min.css?ver=1772141424 HTTP/1.1" 200 7212 "http://fotovoltaicgreen.ro/" "Mozilla/5.0 (X11; Linux x86_64) AppleWebKit/537.36 (KHTML, like Gecko) HeadlessChrome/139.0.7258.5 Safari/537.36"
104.143.84.54 - - [02/Mar/2026:20:48:59 +0200] "GET /wp-content/uploads/2025/05/solar-3.webp HTTP/1.1" 200 87292 "http://fotovoltaicgreen.ro/" "Mozilla/5.0 (X11; Linux x86_64) AppleWebKit/537.36 (KHTML, like Gecko) HeadlessChrome/139.0.7258.5 Safari/537.36"
104.143.84.54 - - [02/Mar/2026:20:48:59 +0200] "GET /wp-includes/js/jquery/jquery.min.js?ver=3.7.1 HTTP/1.1" 200 34159 "http://fotovoltaicgreen.ro/" "Mozilla/5.0 (X11; Linux x86_64) AppleWebKit/537.36 (KHTML, like Gecko) HeadlessChrome/139.0.7258.5 Safari/537.36"
104.143.84.54 - - [02/Mar/2026:20:48:59 +0200] "GET /wp-content/uploads/2025/05/png-clipart-solar-panel-solar-power-solar-energy-renewable-energy-solar-panels-creative-elements-logo-sunlight.png HTTP/1.1" 200 55439 "http://fotovoltaicgreen.ro/" "Mozilla/5.0 (X11; Linux x86_64) AppleWebKit/537.36 (KHTML, like Gecko) HeadlessChrome/139.0.7258.5 Safari/537.36"
104.143.84.54 - - [02/Mar/2026:20:49:00 +0200] "GET /wp-includes/js/jquery/jquery-migrate.min.js?ver=3.4.1 HTTP/1.1" 200 5238 "http://fotovoltaicgreen.ro/" "Mozilla/5.0 (X11; Linux x86_64) AppleWebKit/537.36 (KHTML, like Gecko) HeadlessChrome/139.0.7258.5 Safari/537.36"
104.143.84.54 - - [02/Mar/2026:20:49:00 +0200] "GET /wp-content/themes/Divi/js/scripts.min.js?ver=4.27.4 HTTP/1.1" 200 71345 "http://fotovoltaicgreen.ro/" "Mozilla/5.0 (X11; Linux x86_64) AppleWebKit/537.36 (KHTML, like Gecko) HeadlessChrome/139.0.7258.5 Safari/537.36"
104.143.84.54 - - [02/Mar/2026:20:49:00 +0200] "GET /wp-content/themes/Divi/includes/builder/feature/dynamic-assets/assets/js/jquery.fitvids.js?ver=4.27.4 HTTP/1.1" 200 1706 "http://fotovoltaicgreen.ro/" "Mozilla/5.0 (X11; Linux x86_64) AppleWebKit/537.36 (KHTML, like Gecko) HeadlessChrome/139.0.7258.5 Safari/537.36"
104.143.84.54 - - [02/Mar/2026:20:49:00 +0200] "GET /wp-content/themes/Divi/includes/builder/feature/dynamic-assets/assets/js/magnific-popup.js?ver=4.27.4 HTTP/1.1" 200 8769 "http://fotovoltaicgreen.ro/" "Mozilla/5.0 (X11; Linux x86_64) AppleWebKit/537.36 (KHTML, like Gecko) HeadlessChrome/139.0.7258.5 Safari/537.36"
104.143.84.54 - - [02/Mar/2026:20:49:00 +0200] "GET /wp-content/themes/Divi/includes/builder/feature/dynamic-assets/assets/js/salvattore.js?ver=4.27.4 HTTP/1.1" 200 3778 "http://fotovoltaicgreen.ro/" "Mozilla/5.0 (X11; Linux x86_64) AppleWebKit/537.36 (KHTML, like Gecko) HeadlessChrome/139.0.7258.5 Safari/537.36"
104.143.84.54 - - [02/Mar/2026:20:49:00 +0200] "GET /wp-content/plugins/gtranslate/js/popup.js?ver=6.9.1 HTTP/1.1" 200 6296 "http://fotovoltaicgreen.ro/" "Mozilla/5.0 (X11; Linux x86_64) AppleWebKit/537.36 (KHTML, like Gecko) HeadlessChrome/139.0.7258.5 Safari/537.36"
104.143.84.54 - - [02/Mar/2026:20:49:00 +0200] "GET /wp-content/themes/Divi/core/admin/js/common.js?ver=4.27.4 HTTP/1.1" 200 930 "http://fotovoltaicgreen.ro/" "Mozilla/5.0 (X11; Linux x86_64) AppleWebKit/537.36 (KHTML, like Gecko) HeadlessChrome/139.0.7258.5 Safari/537.36"
104.143.84.54 - - [02/Mar/2026:20:49:01 +0200] "GET /wp-content/uploads/2025/05/soalr-about.webp HTTP/1.1" 200 14500 "http://fotovoltaicgreen.ro/" "Mozilla/5.0 (X11; Linux x86_64) AppleWebKit/537.36 (KHTML, like Gecko) HeadlessChrome/139.0.7258.5 Safari/537.36"
104.143.84.54 - - [02/Mar/2026:20:49:01 +0200] "GET /wp-content/uploads/2025/05/solar-powerse-2-1280x719.webp HTTP/1.1" 200 13576 "http://fotovoltaicgreen.ro/" "Mozilla/5.0 (X11; Linux x86_64) AppleWebKit/537.36 (KHTML, like Gecko) HeadlessChrome/139.0.7258.5 Safari/537.36"
104.143.84.54 - - [02/Mar/2026:20:49:01 +0200] "GET /wp-content/uploads/2025/05/solar-powerse-1-1280x853.webp HTTP/1.1" 200 86929 "http://fotovoltaicgreen.ro/" "Mozilla/5.0 (X11; Linux x86_64) AppleWebKit/537.36 (KHTML, like Gecko) HeadlessChrome/139.0.7258.5 Safari/537.36"
104.143.84.54 - - [02/Mar/2026:20:49:01 +0200] "GET /wp-content/uploads/2025/05/solar-powerse-3-1280x852.webp HTTP/1.1" 200 124100 "http://fotovoltaicgreen.ro/" "Mozilla/5.0 (X11; Linux x86_64) AppleWebKit/537.36 (KHTML, like Gecko) HeadlessChrome/139.0.7258.5 Safari/537.36"
104.143.84.54 - - [02/Mar/2026:20:49:01 +0200] "GET /wp-content/et-cache/1383/et-divi-dynamic-1383-late.css HTTP/1.1" 200 3034 "http://fotovoltaicgreen.ro/" "Mozilla/5.0 (X11; Linux x86_64) AppleWebKit/537.36 (KHTML, like Gecko) HeadlessChrome/139.0.7258.5 Safari/537.36"
104.143.84.54 - - [02/Mar/2026:20:49:01 +0200] "GET /wp-content/themes/Divi/core/admin/fonts/modules/all/modules.woff HTTP/1.1" 200 92372 "http://fotovoltaicgreen.ro/" "Mozilla/5.0 (X11; Linux x86_64) AppleWebKit/537.36 (KHTML, like Gecko) HeadlessChrome/139.0.7258.5 Safari/537.36"
104.143.84.54 - - [02/Mar/2026:20:49:03 +0200] "GET /wp-content/themes/Divi/core/admin/fonts/modules/all/modules.woff HTTP/1.1" 200 95949 "https://fotovoltaicgreen.ro/wp-content/et-cache/1383/et-divi-dynamic-1383-late.css" "Mozilla/5.0 (X11; Linux x86_64) AppleWebKit/537.36 (KHTML, like Gecko) HeadlessChrome/139.0.7258.5 Safari/537.36"
104.143.84.54 - - [02/Mar/2026:20:49:04 +0200] "GET /wp-content/themes/Divi/core/admin/fonts/fontawesome/fa-brands-400.woff2 HTTP/1.1" 200 82282 "https://fotovoltaicgreen.ro/wp-content/et-cache/1383/et-divi-dynamic-1383-late.css" "Mozilla/5.0 (X11; Linux x86_64) AppleWebKit/537.36 (KHTML, like Gecko) HeadlessChrome/139.0.7258.5 Safari/537.36"
104.143.84.54 - - [02/Mar/2026:20:49:05 +0200] "GET /wp-content/themes/Divi/core/admin/fonts/modules/all/modules.ttf HTTP/1.1" 200 95872 "https://fotovoltaicgreen.ro/wp-content/et-cache/1383/et-divi-dynamic-1383-late.css" "Mozilla/5.0 (X11; Linux x86_64) AppleWebKit/537.36 (KHTML, like Gecko) HeadlessChrome/139.0.7258.5 Safari/537.36"
104.143.84.54 - - [02/Mar/2026:20:49:05 +0200] "GET /wp-content/themes/Divi/core/admin/fonts/fontawesome/fa-brands-400.woff HTTP/1.1" 200 93012 "https://fotovoltaicgreen.ro/wp-content/et-cache/1383/et-divi-dynamic-1383-late.css" "Mozilla/5.0 (X11; Linux x86_64) AppleWebKit/537.36 (KHTML, like Gecko) HeadlessChrome/139.0.7258.5 Safari/537.36"
104.143.84.54 - - [02/Mar/2026:20:49:07 +0200] "GET /wp-content/themes/Divi/core/admin/fonts/fontawesome/fa-brands-400.ttf HTTP/1.1" 200 140513 "https://fotovoltaicgreen.ro/wp-content/et-cache/1383/et-divi-dynamic-1383-late.css" "Mozilla/5.0 (X11; Linux x86_64) AppleWebKit/537.36 (KHTML, like Gecko) HeadlessChrome/139.0.7258.5 Safari/537.36"
104.143.84.54 - - [02/Mar/2026:20:49:08 +0200] "GET /wp-content/plugins/gtranslate/flags/16/en.png HTTP/1.1" 200 992 "http://fotovoltaicgreen.ro/" "Mozilla/5.0 (X11; Linux x86_64) AppleWebKit/537.36 (KHTML, like Gecko) HeadlessChrome/139.0.7258.5 Safari/537.36"
104.143.84.54 - - [02/Mar/2026:20:49:11 +0200] "GET /wp-content/themes/Divi/core/admin/fonts/fontawesome/fa-regular-400.woff2 HTTP/1.1" 200 17193 "https://fotovoltaicgreen.ro/wp-content/et-cache/1383/et-divi-dynamic-1383-late.css" "Mozilla/5.0 (X11; Linux x86_64) AppleWebKit/537.36 (KHTML, like Gecko) HeadlessChrome/139.0.7258.5 Safari/537.36"
104.143.84.54 - - [02/Mar/2026:20:49:12 +0200] "GET /wp-content/themes/Divi/core/admin/fonts/fontawesome/fa-regular-400.woff HTTP/1.1" 200 20438 "https://fotovoltaicgreen.ro/wp-content/et-cache/1383/et-divi-dynamic-1383-late.css" "Mozilla/5.0 (X11; Linux x86_64) AppleWebKit/537.36 (KHTML, like Gecko) HeadlessChrome/139.0.7258.5 Safari/537.36"
104.143.84.54 - - [02/Mar/2026:20:49:13 +0200] "GET /wp-content/themes/Divi/core/admin/fonts/fontawesome/fa-regular-400.ttf HTTP/1.1" 200 34448 "https://fotovoltaicgreen.ro/wp-content/et-cache/1383/et-divi-dynamic-1383-late.css" "Mozilla/5.0 (X11; Linux x86_64) AppleWebKit/537.36 (KHTML, like Gecko) HeadlessChrome/139.0.7258.5 Safari/537.36"
104.143.84.54 - - [02/Mar/2026:20:49:14 +0200] "GET /wp-content/themes/Divi/core/admin/fonts/fontawesome/fa-brands-400.woff2 HTTP/1.1" 200 78750 "http://fotovoltaicgreen.ro/" "Mozilla/5.0 (X11; Linux x86_64) AppleWebKit/537.36 (KHTML, like Gecko) HeadlessChrome/139.0.7258.5 Safari/537.36"
104.143.84.54 - - [02/Mar/2026:20:49:17 +0200] "GET /wp-content/themes/Divi/core/admin/fonts/fontawesome/fa-regular-400.woff2 HTTP/1.1" 200 13836 "http://fotovoltaicgreen.ro/" "Mozilla/5.0 (X11; Linux x86_64) AppleWebKit/537.36 (KHTML, like Gecko) HeadlessChrome/139.0.7258.5 Safari/537.36"
104.143.84.54 - - [02/Mar/2026:20:49:21 +0200] "GET /wp-content/themes/Divi/core/admin/fonts/modules/all/modules.woff HTTP/1.1" 200 95949 "https://fotovoltaicgreen.ro/wp-content/et-cache/1383/et-divi-dynamic-1383-late.css?ver=1772135134" "Mozilla/5.0 (X11; Linux x86_64) AppleWebKit/537.36 (KHTML, like Gecko) HeadlessChrome/139.0.7258.5 Safari/537.36"
104.143.84.54 - - [02/Mar/2026:20:49:21 +0200] "GET /wp-content/themes/Divi/core/admin/fonts/fontawesome/fa-brands-400.woff2 HTTP/1.1" 200 79293 "https://fotovoltaicgreen.ro/wp-content/et-cache/1383/et-divi-dynamic-1383-late.css?ver=1772135134" "Mozilla/5.0 (X11; Linux x86_64) AppleWebKit/537.36 (KHTML, like Gecko) HeadlessChrome/139.0.7258.5 Safari/537.36"
104.143.84.54 - - [02/Mar/2026:20:49:22 +0200] "GET /wp-content/themes/Divi/core/admin/fonts/modules/all/modules.ttf HTTP/1.1" 200 95872 "https://fotovoltaicgreen.ro/wp-content/et-cache/1383/et-divi-dynamic-1383-late.css?ver=1772135134" "Mozilla/5.0 (X11; Linux x86_64) AppleWebKit/537.36 (KHTML, like Gecko) HeadlessChrome/139.0.7258.5 Safari/537.36"
104.143.84.54 - - [02/Mar/2026:20:49:22 +0200] "GET /wp-content/themes/Divi/core/admin/fonts/fontawesome/fa-brands-400.woff HTTP/1.1" 200 93012 "https://fotovoltaicgreen.ro/wp-content/et-cache/1383/et-divi-dynamic-1383-late.css?ver=1772135134" "Mozilla/5.0 (X11; Linux x86_64) AppleWebKit/537.36 (KHTML, like Gecko) HeadlessChrome/139.0.7258.5 Safari/537.36"
104.143.84.54 - - [02/Mar/2026:20:49:23 +0200] "GET /wp-content/themes/Divi/core/admin/fonts/fontawesome/fa-brands-400.ttf HTTP/1.1" 200 140513 "https://fotovoltaicgreen.ro/wp-content/et-cache/1383/et-divi-dynamic-1383-late.css?ver=1772135134" "Mozilla/5.0 (X11; Linux x86_64) AppleWebKit/537.36 (KHTML, like Gecko) HeadlessChrome/139.0.7258.5 Safari/537.36"
104.143.84.54 - - [02/Mar/2026:20:49:25 +0200] "GET /wp-content/themes/Divi/core/admin/fonts/fontawesome/fa-regular-400.woff2 HTTP/1.1" 200 17193 "https://fotovoltaicgreen.ro/wp-content/et-cache/1383/et-divi-dynamic-1383-late.css?ver=1772135134" "Mozilla/5.0 (X11; Linux x86_64) AppleWebKit/537.36 (KHTML, like Gecko) HeadlessChrome/139.0.7258.5 Safari/537.36"
104.143.84.54 - - [02/Mar/2026:20:49:25 +0200] "GET /wp-content/themes/Divi/core/admin/fonts/fontawesome/fa-regular-400.woff HTTP/1.1" 200 17125 "https://fotovoltaicgreen.ro/wp-content/et-cache/1383/et-divi-dynamic-1383-late.css?ver=1772135134" "Mozilla/5.0 (X11; Linux x86_64) AppleWebKit/537.36 (KHTML, like Gecko) HeadlessChrome/139.0.7258.5 Safari/537.36"
104.143.84.54 - - [02/Mar/2026:20:49:26 +0200] "GET /wp-content/plugins/gtranslate/flags/16/en.png HTTP/1.1" 200 992 "http://fotovoltaicgreen.ro/" "Mozilla/5.0 (X11; Linux x86_64) AppleWebKit/537.36 (KHTML, like Gecko) HeadlessChrome/139.0.7258.5 Safari/537.36"
104.143.84.54 - - [02/Mar/2026:20:49:26 +0200] "GET /wp-content/uploads/2025/05/png-clipart-solar-panel-solar-power-solar-energy-renewable-energy-solar-panels-creative-elements-logo-sunlight.png HTTP/1.1" 200 52450 "http://fotovoltaicgreen.ro/" "Mozilla/5.0 (X11; Linux x86_64) AppleWebKit/537.36 (KHTML, like Gecko) HeadlessChrome/139.0.7258.5 Safari/537.36"
104.143.84.54 - - [02/Mar/2026:20:49:26 +0200] "GET /wp-content/themes/Divi/core/admin/fonts/fontawesome/fa-regular-400.ttf HTTP/1.1" 200 37761 "https://fotovoltaicgreen.ro/wp-content/et-cache/1383/et-divi-dynamic-1383-late.css?ver=1772135134" "Mozilla/5.0 (X11; Linux x86_64) AppleWebKit/537.36 (KHTML, like Gecko) HeadlessChrome/139.0.7258.5 Safari/537.36"
204.76.203.25 - - [02/Mar/2026:20:54:23 +0200] "GET / HTTP/1.1" 200 237827 "-" "Mozilla/5.0 (Windows NT 10.0; Win64; x64) AppleWebKit/537.36 (KHTML, like Gecko) Chrome/134.0.0.0 Safari/537.3"
217.146.69.20 - - [02/Mar/2026:21:00:41 +0200] "HEAD / HTTP/1.1" 200 3955 "-" "WordPress/6.9.1; https://bearmor.eu"
217.146.69.50 - - [02/Mar/2026:21:01:36 +0200] "HEAD / HTTP/1.1" 200 3955 "-" "Bearmor-Relay/1.0.0"
217.146.69.20 - - [02/Mar/2026:21:15:42 +0200] "HEAD / HTTP/1.1" 200 3955 "-" "WordPress/6.9.1; https://bearmor.eu"
217.69.12.130 - - [02/Mar/2026:21:16:34 +0200] "POST /wp-load.php?854519=4082 HTTP/1.1" 200 9242 "-" "Mozilla/5.0 (Windows NT 10.0; Win64; x64) AppleWebKit/537.36 (KHTML, like Gecko) Chrome/104.0.5112.97 Safari/537.36"
217.146.69.50 - - [02/Mar/2026:21:16:35 +0200] "HEAD / HTTP/1.1" 200 3955 "-" "Bearmor-Relay/1.0.0"
74.7.241.129 - - [02/Mar/2026:21:26:17 +0200] "GET /robots.txt HTTP/1.1" 200 3952 "-" "Mozilla/5.0 (Macintosh; Intel Mac OS X 10_15_7) AppleWebKit/537.36 (KHTML, like Gecko) Chrome/131.0.0.0 Safari/537.36; compatible; OAI-SearchBot/1.3; robots.txt; +https://openai.com/searchbot"
74.7.242.37 - - [02/Mar/2026:21:26:17 +0200] "GET / HTTP/1.1" 200 36270 "-" "Mozilla/5.0 AppleWebKit/537.36 (KHTML, like Gecko; compatible; GPTBot/1.3; +https://openai.com/gptbot)"
74.7.242.37 - - [02/Mar/2026:21:26:20 +0200] "GET /wp-content/themes/Divi/core/admin/fonts/fontawesome/fa-regular-400.ttf HTTP/1.1" 200 34393 "https://fotovoltaicgreen.ro/" "Mozilla/5.0 AppleWebKit/537.36 (KHTML, like Gecko; compatible; GPTBot/1.3; +https://openai.com/gptbot)"
74.7.242.37 - - [02/Mar/2026:21:26:23 +0200] "GET /wp-content/themes/Divi/core/admin/fonts/fontawesome/fa-brands-400.ttf HTTP/1.1" 200 137145 "https://fotovoltaicgreen.ro/" "Mozilla/5.0 AppleWebKit/537.36 (KHTML, like Gecko; compatible; GPTBot/1.3; +https://openai.com/gptbot)"
74.7.242.37 - - [02/Mar/2026:21:26:26 +0200] "GET /wp-content/themes/Divi/core/admin/fonts/fontawesome/fa-brands-400.woff2 HTTP/1.1" 200 78914 "https://fotovoltaicgreen.ro/" "Mozilla/5.0 AppleWebKit/537.36 (KHTML, like Gecko; compatible; GPTBot/1.3; +https://openai.com/gptbot)"
74.7.242.37 - - [02/Mar/2026:21:26:28 +0200] "GET /wp-content/et-cache/1383/et-divi-dynamic-1383-late.css HTTP/1.1" 200 2979 "https://fotovoltaicgreen.ro/" "Mozilla/5.0 AppleWebKit/537.36 (KHTML, like Gecko; compatible; GPTBot/1.3; +https://openai.com/gptbot)"
74.7.242.37 - - [02/Mar/2026:21:26:30 +0200] "GET /wp-content/themes/Divi/core/admin/fonts/fontawesome/fa-brands-400.eot HTTP/1.1" 200 137472 "https://fotovoltaicgreen.ro/" "Mozilla/5.0 AppleWebKit/537.36 (KHTML, like Gecko; compatible; GPTBot/1.3; +https://openai.com/gptbot)"
74.7.242.37 - - [02/Mar/2026:21:26:32 +0200] "GET /wp-content/themes/Divi/core/admin/fonts/fontawesome/fa-solid-900.eot HTTP/1.1" 200 205640 "https://fotovoltaicgreen.ro/" "Mozilla/5.0 AppleWebKit/537.36 (KHTML, like Gecko; compatible; GPTBot/1.3; +https://openai.com/gptbot)"
74.7.242.37 - - [02/Mar/2026:21:26:34 +0200] "GET /wp-content/themes/Divi/core/admin/fonts/fontawesome/fa-solid-900.ttf HTTP/1.1" 200 205333 "https://fotovoltaicgreen.ro/" "Mozilla/5.0 AppleWebKit/537.36 (KHTML, like Gecko; compatible; GPTBot/1.3; +https://openai.com/gptbot)"
74.7.242.37 - - [02/Mar/2026:21:26:35 +0200] "GET /wp-content/themes/Divi/core/admin/fonts/fontawesome/fa-brands-400.woff HTTP/1.1" 200 92633 "https://fotovoltaicgreen.ro/" "Mozilla/5.0 AppleWebKit/537.36 (KHTML, like Gecko; compatible; GPTBot/1.3; +https://openai.com/gptbot)"
74.7.242.37 - - [02/Mar/2026:21:26:36 +0200] "GET /wp-content/themes/Divi/core/admin/fonts/modules/all/modules.ttf HTTP/1.1" 200 92504 "https://fotovoltaicgreen.ro/" "Mozilla/5.0 AppleWebKit/537.36 (KHTML, like Gecko; compatible; GPTBot/1.3; +https://openai.com/gptbot)"
74.7.242.37 - - [02/Mar/2026:21:26:38 +0200] "GET /wp-content/themes/Divi/core/admin/fonts/fontawesome/fa-solid-900.svg HTTP/1.1" 200 920343 "https://fotovoltaicgreen.ro/" "Mozilla/5.0 AppleWebKit/537.36 (KHTML, like Gecko; compatible; GPTBot/1.3; +https://openai.com/gptbot)"
74.7.242.37 - - [02/Mar/2026:21:26:39 +0200] "GET /wp-content/themes/Divi/core/admin/fonts/fontawesome/fa-regular-400.woff2 HTTP/1.1" 200 13825 "https://fotovoltaicgreen.ro/" "Mozilla/5.0 AppleWebKit/537.36 (KHTML, like Gecko; compatible; GPTBot/1.3; +https://openai.com/gptbot)"
74.7.242.37 - - [02/Mar/2026:21:26:40 +0200] "GET /wp-content/themes/Divi/core/admin/fonts/fontawesome/fa-regular-400.woff HTTP/1.1" 200 17070 "https://fotovoltaicgreen.ro/" "Mozilla/5.0 AppleWebKit/537.36 (KHTML, like Gecko; compatible; GPTBot/1.3; +https://openai.com/gptbot)"
74.7.242.37 - - [02/Mar/2026:21:26:41 +0200] "GET /wp-content/themes/Divi/core/admin/fonts/fontawesome/fa-solid-900.woff2 HTTP/1.1" 200 80776 "https://fotovoltaicgreen.ro/" "Mozilla/5.0 AppleWebKit/537.36 (KHTML, like Gecko; compatible; GPTBot/1.3; +https://openai.com/gptbot)"
74.7.242.37 - - [02/Mar/2026:21:26:41 +0200] "GET /wp-content/themes/Divi/core/admin/fonts/fontawesome/fa-brands-400.svg HTTP/1.1" 200 749851 "https://fotovoltaicgreen.ro/" "Mozilla/5.0 AppleWebKit/537.36 (KHTML, like Gecko; compatible; GPTBot/1.3; +https://openai.com/gptbot)"
74.7.242.37 - - [02/Mar/2026:21:26:42 +0200] "GET /wp-content/themes/Divi/core/admin/fonts/fontawesome/fa-regular-400.svg HTTP/1.1" 200 145370 "https://fotovoltaicgreen.ro/" "Mozilla/5.0 AppleWebKit/537.36 (KHTML, like Gecko; compatible; GPTBot/1.3; +https://openai.com/gptbot)"
74.7.242.37 - - [02/Mar/2026:21:26:43 +0200] "GET /wp-content/themes/Divi/core/admin/fonts/fontawesome/fa-solid-900.woff HTTP/1.1" 200 104822 "https://fotovoltaicgreen.ro/" "Mozilla/5.0 AppleWebKit/537.36 (KHTML, like Gecko; compatible; GPTBot/1.3; +https://openai.com/gptbot)"
74.7.242.37 - - [02/Mar/2026:21:26:43 +0200] "GET /wp-content/themes/Divi/core/admin/fonts/modules/all/modules.woff HTTP/1.1" 200 92581 "https://fotovoltaicgreen.ro/" "Mozilla/5.0 AppleWebKit/537.36 (KHTML, like Gecko; compatible; GPTBot/1.3; +https://openai.com/gptbot)"
74.7.242.37 - - [02/Mar/2026:21:26:44 +0200] "GET /wp-content/themes/Divi/core/admin/fonts/fontawesome/fa-regular-400.eot HTTP/1.1" 200 34712 "https://fotovoltaicgreen.ro/" "Mozilla/5.0 AppleWebKit/537.36 (KHTML, like Gecko; compatible; GPTBot/1.3; +https://openai.com/gptbot)"
74.7.242.37 - - [02/Mar/2026:21:26:44 +0200] "GET /wp-content/themes/Divi/core/admin/fonts/modules/all/modules.eot HTTP/1.1" 200 92689 "https://fotovoltaicgreen.ro/" "Mozilla/5.0 AppleWebKit/537.36 (KHTML, like Gecko; compatible; GPTBot/1.3; +https://openai.com/gptbot)"
74.7.242.37 - - [02/Mar/2026:21:26:46 +0200] "GET /wp-content/themes/Divi/core/admin/fonts/modules/all/modules.svg HTTP/1.1" 200 300263 "https://fotovoltaicgreen.ro/" "Mozilla/5.0 AppleWebKit/537.36 (KHTML, like Gecko; compatible; GPTBot/1.3; +https://openai.com/gptbot)"
217.146.69.20 - - [02/Mar/2026:21:30:32 +0200] "HEAD / HTTP/1.1" 200 3955 "-" "WordPress/6.9.1; https://bearmor.eu"
217.146.69.50 - - [02/Mar/2026:21:31:28 +0200] "HEAD / HTTP/1.1" 200 3955 "-" "Bearmor-Relay/1.0.0"
192.168.1.1 - - [02/Mar/2026:21:45:32 +0200] "POST /wp-cron.php?doing_wp_cron=1772480732.2750179767608642578125 HTTP/1.1" 200 3609 "-" "WordPress/6.9.1; https://fotovoltaicgreen.ro"
217.146.69.20 - - [02/Mar/2026:21:45:30 +0200] "HEAD / HTTP/1.1" 200 3955 "-" "WordPress/6.9.1; https://bearmor.eu"
217.146.69.50 - - [02/Mar/2026:21:46:24 +0200] "HEAD / HTTP/1.1" 200 3955 "-" "Bearmor-Relay/1.0.0"
192.168.1.1 - - [02/Mar/2026:21:53:58 +0200] "POST /wp-cron.php?doing_wp_cron=1772481238.7564969062805175781250 HTTP/1.1" 200 3609 "-" "WordPress/6.9.1; https://fotovoltaicgreen.ro"
40.77.167.58 - - [02/Mar/2026:21:53:56 +0200] "GET /sitemap_index.xml HTTP/1.1" 404 135367 "-" "Mozilla/5.0 AppleWebKit/537.36 (KHTML, like Gecko; compatible; bingbot/2.0; +http://www.bing.com/bingbot.htm) Chrome/116.0.1938.76 Safari/537.36"
217.146.69.20 - - [02/Mar/2026:22:00:39 +0200] "HEAD / HTTP/1.1" 200 3955 "-" "WordPress/6.9.1; https://bearmor.eu"
217.146.69.50 - - [02/Mar/2026:22:01:32 +0200] "HEAD / HTTP/1.1" 200 3955 "-" "Bearmor-Relay/1.0.0"
217.146.69.20 - - [02/Mar/2026:22:15:26 +0200] "HEAD / HTTP/1.1" 200 3955 "-" "WordPress/6.9.1; https://bearmor.eu"
209.141.45.143 - - [02/Mar/2026:22:15:36 +0200] "GET /wp-login.php HTTP/1.1" 200 9983 "-" "Mozilla/5.0 (X11; Linux x86_64) AppleWebKit/537.36 (KHTML, like Gecko) Chrome/36.0.1985.143 Safari/537.36"
209.141.45.143 - - [02/Mar/2026:22:15:36 +0200] "POST /wp-login.php HTTP/1.1" 503 19653 "-" "Mozilla/5.0 (X11; Linux x86_64) AppleWebKit/537.36 (KHTML, like Gecko) Chrome/36.0.1985.143 Safari/537.36"
209.141.45.143 - - [02/Mar/2026:22:15:39 +0200] "GET /wp-admin/themes.php HTTP/1.1" 503 21723 "-" "python-requests/2.27.1"
209.141.45.143 - - [02/Mar/2026:22:15:39 +0200] "GET /wp-admin/plugin-install.php?tab=upload HTTP/1.1" 503 21723 "-" "python-requests/2.27.1"
192.168.1.1 - - [02/Mar/2026:22:16:21 +0200] "POST /wp-cron.php?doing_wp_cron=1772482581.8235139846801757812500 HTTP/1.1" 200 3609 "-" "WordPress/6.9.1; https://fotovoltaicgreen.ro"
192.168.1.1 - - [02/Mar/2026:22:16:21 +0200] "POST /?wordfence_syncAttackData=1772482581.302 HTTP/1.1" 200 3521 "-" "WordPress/6.9.1; https://fotovoltaicgreen.ro"
217.146.69.50 - - [02/Mar/2026:22:16:21 +0200] "HEAD / HTTP/1.1" 200 3955 "-" "Bearmor-Relay/1.0.0"
136.244.79.211 - - [02/Mar/2026:22:16:43 +0200] "POST /wp-load.php?f3541e=38609 HTTP/1.1" 200 7921 "-" "Mozilla/5.0 (Windows NT 10.0; Win64; x64) AppleWebKit/537.36 (KHTML, like Gecko) Chrome/104.0.5112.97 Safari/537.36"
217.146.69.20 - - [02/Mar/2026:22:30:34 +0200] "HEAD / HTTP/1.1" 200 3955 "-" "WordPress/6.9.1; https://bearmor.eu"
66.249.79.35 - - [02/Mar/2026:22:30:49 +0200] "GET /wp-content/themes/Divi/includes/builder/frontend-builder/assets/vendors HTTP/1.1" 301 4050 "-" "Mozilla/5.0 (Linux; Android 6.0.1; Nexus 5X Build/MMB29P) AppleWebKit/537.36 (KHTML, like Gecko) Chrome/144.0.7559.132 Mobile Safari/537.36 (compatible; Googlebot/2.1; +http://www.google.com/bot.html)"
66.249.79.36 - - [02/Mar/2026:22:30:50 +0200] "GET /wp-content/themes/Divi/includes/builder/frontend-builder/assets/vendors/ HTTP/1.1" 403 3821 "-" "Mozilla/5.0 (Linux; Android 6.0.1; Nexus 5X Build/MMB29P) AppleWebKit/537.36 (KHTML, like Gecko) Chrome/144.0.7559.132 Mobile Safari/537.36 (compatible; Googlebot/2.1; +http://www.google.com/bot.html)"
217.146.69.50 - - [02/Mar/2026:22:31:28 +0200] "HEAD / HTTP/1.1" 200 3955 "-" "Bearmor-Relay/1.0.0"
192.168.1.1 - - [02/Mar/2026:22:45:45 +0200] "POST /wp-cron.php?doing_wp_cron=1772484345.4966239929199218750000 HTTP/1.1" 200 3609 "-" "WordPress/6.9.1; https://fotovoltaicgreen.ro"
217.146.69.20 - - [02/Mar/2026:22:45:43 +0200] "HEAD / HTTP/1.1" 200 3955 "-" "WordPress/6.9.1; https://bearmor.eu"
192.168.1.1 - - [02/Mar/2026:22:46:40 +0200] "POST /wp-cron.php?doing_wp_cron=1772484400.4585978984832763671875 HTTP/1.1" 200 3609 "-" "WordPress/6.9.1; https://fotovoltaicgreen.ro"
217.146.69.50 - - [02/Mar/2026:22:46:39 +0200] "HEAD / HTTP/1.1" 200 3955 "-" "Bearmor-Relay/1.0.0"
217.146.69.20 - - [02/Mar/2026:23:00:29 +0200] "HEAD / HTTP/1.1" 200 3955 "-" "WordPress/6.9.1; https://bearmor.eu"
217.146.69.50 - - [02/Mar/2026:23:01:23 +0200] "HEAD / HTTP/1.1" 200 3955 "-" "Bearmor-Relay/1.0.0"
66.249.79.36 - - [02/Mar/2026:23:01:54 +0200] "GET /index.php/2023/06/19/vavada-kazino-zerkalo-dlia-russkikh-igrokov-onlain/ HTTP/1.1" 200 31770 "-" "Mozilla/5.0 (Linux; Android 6.0.1; Nexus 5X Build/MMB29P) AppleWebKit/537.36 (KHTML, like Gecko) Chrome/144.0.7559.132 Mobile Safari/537.36 (compatible; Googlebot/2.1; +http://www.google.com/bot.html)"
20.151.11.236 - - [02/Mar/2026:23:03:49 +0200] "GET /wp-content/plugins/hellopress/wp_filemanager.php HTTP/1.1" 403 558 "-" "-"
20.151.11.236 - - [02/Mar/2026:23:03:49 +0200] "GET /gfile.php HTTP/1.1" 403 559 "-" "-"
20.151.11.236 - - [02/Mar/2026:23:03:50 +0200] "GET /file61.php HTTP/1.1" 403 559 "-" "-"
20.151.11.236 - - [02/Mar/2026:23:03:50 +0200] "GET /eee.php HTTP/1.1" 403 558 "-" "-"
20.151.11.236 - - [02/Mar/2026:23:03:50 +0200] "GET /swallowable.php HTTP/1.1" 403 559 "-" "-"
20.151.11.236 - - [02/Mar/2026:23:03:50 +0200] "GET //dox.php HTTP/1.1" 403 558 "-" "-"
20.151.11.236 - - [02/Mar/2026:23:03:51 +0200] "GET //qwas.php HTTP/1.1" 403 558 "-" "-"
20.151.11.236 - - [02/Mar/2026:23:03:51 +0200] "GET /claw.php HTTP/1.1" 403 559 "-" "-"
20.151.11.236 - - [02/Mar/2026:23:03:51 +0200] "GET /cfgy.php HTTP/1.1" 403 558 "-" "-"
20.151.11.236 - - [02/Mar/2026:23:03:51 +0200] "GET /jbuft.php HTTP/1.1" 403 558 "-" "-"
20.151.11.236 - - [02/Mar/2026:23:03:52 +0200] "GET /fvvff.php HTTP/1.1" 403 559 "-" "-"
20.151.11.236 - - [02/Mar/2026:23:03:52 +0200] "GET /vaza.php HTTP/1.1" 403 559 "-" "-"
20.151.11.236 - - [02/Mar/2026:23:03:52 +0200] "GET /a2.php HTTP/1.1" 403 556 "-" "-"
20.151.11.236 - - [02/Mar/2026:23:03:52 +0200] "GET /sty.php HTTP/1.1" 403 559 "-" "-"
20.151.11.236 - - [02/Mar/2026:23:03:53 +0200] "GET /xxxx.php HTTP/1.1" 403 556 "-" "-"
20.151.11.236 - - [02/Mar/2026:23:03:53 +0200] "GET //h.php HTTP/1.1" 403 559 "-" "-"
20.151.11.236 - - [02/Mar/2026:23:03:53 +0200] "GET /g.php HTTP/1.1" 403 559 "-" "-"
20.151.11.236 - - [02/Mar/2026:23:03:53 +0200] "GET /pp.php HTTP/1.1" 403 559 "-" "-"
20.151.11.236 - - [02/Mar/2026:23:03:54 +0200] "GET //sys.php HTTP/1.1" 403 558 "-" "-"
20.151.11.236 - - [02/Mar/2026:23:03:54 +0200] "GET /txets.php HTTP/1.1" 403 558 "-" "-"
20.151.11.236 - - [02/Mar/2026:23:03:54 +0200] "GET /tt.php HTTP/1.1" 403 559 "-" "-"
20.151.11.236 - - [02/Mar/2026:23:03:54 +0200] "GET /wp9.php HTTP/1.1" 403 558 "-" "-"
20.151.11.236 - - [02/Mar/2026:23:03:55 +0200] "GET /path.php HTTP/1.1" 403 559 "-" "-"
20.151.11.236 - - [02/Mar/2026:23:03:55 +0200] "GET /wdf.php HTTP/1.1" 403 559 "-" "-"
20.151.11.236 - - [02/Mar/2026:23:03:55 +0200] "GET //2.php HTTP/1.1" 403 558 "-" "-"
20.151.11.236 - - [02/Mar/2026:23:03:55 +0200] "GET /wp-tem.php HTTP/1.1" 403 558 "-" "-"
20.151.11.236 - - [02/Mar/2026:23:03:55 +0200] "GET /av6m.php HTTP/1.1" 403 558 "-" "-"
20.151.11.236 - - [02/Mar/2026:23:03:56 +0200] "GET /autogooey.php HTTP/1.1" 403 559 "-" "-"
20.151.11.236 - - [02/Mar/2026:23:03:56 +0200] "GET /btx25.php HTTP/1.1" 403 558 "-" "-"
20.151.11.236 - - [02/Mar/2026:23:03:56 +0200] "GET /mga.php HTTP/1.1" 403 558 "-" "-"
20.151.11.236 - - [02/Mar/2026:23:03:56 +0200] "GET /maxro.php HTTP/1.1" 403 559 "-" "-"
20.151.11.236 - - [02/Mar/2026:23:03:57 +0200] "GET /agg.php HTTP/1.1" 403 559 "-" "-"
20.151.11.236 - - [02/Mar/2026:23:03:57 +0200] "GET /pass4.php HTTP/1.1" 403 558 "-" "-"
20.151.11.236 - - [02/Mar/2026:23:03:57 +0200] "GET /wsvvs.php HTTP/1.1" 403 559 "-" "-"
20.151.11.236 - - [02/Mar/2026:23:03:57 +0200] "GET /G-In.php HTTP/1.1" 403 559 "-" "-"
20.151.11.236 - - [02/Mar/2026:23:03:58 +0200] "GET //edit.php HTTP/1.1" 403 559 "-" "-"
20.151.11.236 - - [02/Mar/2026:23:03:58 +0200] "GET /ioxi-o.php HTTP/1.1" 403 559 "-" "-"
20.151.11.236 - - [02/Mar/2026:23:03:58 +0200] "GET /wp-content/admin.php HTTP/1.1" 403 559 "-" "-"
20.151.11.236 - - [02/Mar/2026:23:03:58 +0200] "GET /66.php HTTP/1.1" 403 558 "-" "-"
20.151.11.236 - - [02/Mar/2026:23:03:59 +0200] "GET //wp-includes/js/tinymce/themes/inlite/ HTTP/1.1" 403 445 "-" "-"
20.151.11.236 - - [02/Mar/2026:23:03:59 +0200] "GET /gifclass.php HTTP/1.1" 403 556 "-" "-"
20.151.11.236 - - [02/Mar/2026:23:03:59 +0200] "GET /wp-includes/assets/index.php HTTP/1.1" 403 558 "-" "-"
20.151.11.236 - - [02/Mar/2026:23:03:59 +0200] "GET //wp-admin/images/wp-conflg.php?p= HTTP/1.1" 403 559 "-" "-"
20.151.11.236 - - [02/Mar/2026:23:03:59 +0200] "GET /wp-content/plugins/index.php?p= HTTP/1.1" 200 147 "-" "-"
20.151.11.236 - - [02/Mar/2026:23:04:00 +0200] "GET //assets/css/index.php HTTP/1.1" 403 559 "-" "-"
20.151.11.236 - - [02/Mar/2026:23:04:00 +0200] "GET /sc.php HTTP/1.1" 403 559 "-" "-"
20.151.11.236 - - [02/Mar/2026:23:04:00 +0200] "GET /xmlrpc.php HTTP/1.1" 403 559 "-" "-"
20.151.11.236 - - [02/Mar/2026:23:04:00 +0200] "GET /ol.php HTTP/1.1" 403 559 "-" "-"
20.151.11.236 - - [02/Mar/2026:23:04:01 +0200] "GET //f6.php HTTP/1.1" 403 558 "-" "-"
20.151.11.236 - - [02/Mar/2026:23:04:01 +0200] "GET //inputs.php HTTP/1.1" 403 558 "-" "-"
20.151.11.236 - - [02/Mar/2026:23:04:01 +0200] "GET /style.php HTTP/1.1" 403 558 "-" "-"
20.151.11.236 - - [02/Mar/2026:23:04:01 +0200] "GET /bgymj.php HTTP/1.1" 403 558 "-" "-"
20.151.11.236 - - [02/Mar/2026:23:04:02 +0200] "GET //aa.php HTTP/1.1" 403 557 "-" "-"
20.151.11.236 - - [02/Mar/2026:23:04:02 +0200] "GET //1.php HTTP/1.1" 403 559 "-" "-"
20.151.11.236 - - [02/Mar/2026:23:04:02 +0200] "GET //sc.php HTTP/1.1" 403 559 "-" "-"
20.151.11.236 - - [02/Mar/2026:23:04:02 +0200] "GET //av.php HTTP/1.1" 403 559 "-" "-"
20.151.11.236 - - [02/Mar/2026:23:04:02 +0200] "GET /file.php? HTTP/1.1" 403 558 "-" "-"
20.151.11.236 - - [02/Mar/2026:23:04:03 +0200] "GET /666.php HTTP/1.1" 403 558 "-" "-"
20.151.11.236 - - [02/Mar/2026:23:04:03 +0200] "GET /file59.php HTTP/1.1" 403 559 "-" "-"
20.151.11.236 - - [02/Mar/2026:23:04:03 +0200] "GET /bless.php HTTP/1.1" 403 558 "-" "-"
20.151.11.236 - - [02/Mar/2026:23:04:03 +0200] "GET /wp9.php HTTP/1.1" 403 558 "-" "-"
20.151.11.236 - - [02/Mar/2026:23:04:04 +0200] "GET /wp-act.php HTTP/1.1" 403 558 "-" "-"
20.151.11.236 - - [02/Mar/2026:23:04:04 +0200] "GET /class-t.api.php HTTP/1.1" 403 558 "-" "-"
20.151.11.236 - - [02/Mar/2026:23:04:04 +0200] "GET /xqq.php HTTP/1.1" 403 556 "-" "-"
20.151.11.236 - - [02/Mar/2026:23:04:04 +0200] "GET /wp-admin/css/bolt.php HTTP/1.1" 403 558 "-" "-"
20.151.11.236 - - [02/Mar/2026:23:04:05 +0200] "GET /a.php?p= HTTP/1.1" 403 559 "-" "-"
20.151.11.236 - - [02/Mar/2026:23:04:05 +0200] "GET /06.php HTTP/1.1" 403 557 "-" "-"
20.151.11.236 - - [02/Mar/2026:23:04:05 +0200] "GET /plss3.php HTTP/1.1" 403 559 "-" "-"
20.151.11.236 - - [02/Mar/2026:23:04:05 +0200] "GET /aaa.php?p= HTTP/1.1" 403 559 "-" "-"
20.151.11.236 - - [02/Mar/2026:23:04:06 +0200] "GET /classwithtostring.php?p= HTTP/1.1" 403 559 "-" "-"
20.151.11.236 - - [02/Mar/2026:23:04:06 +0200] "GET /wp-content/themes/index.php HTTP/1.1" 200 147 "-" "-"
20.151.11.236 - - [02/Mar/2026:23:04:06 +0200] "GET /tinyfilemanager.php?p= HTTP/1.1" 403 559 "-" "-"
20.151.11.236 - - [02/Mar/2026:23:04:06 +0200] "GET //x.php HTTP/1.1" 403 559 "-" "-"
20.151.11.236 - - [02/Mar/2026:23:04:06 +0200] "GET /ms.php HTTP/1.1" 403 559 "-" "-"
20.151.11.236 - - [02/Mar/2026:23:04:07 +0200] "GET //wp-content/plugins/erinyani/ HTTP/1.1" 403 559 "-" "-"
20.151.11.236 - - [02/Mar/2026:23:04:07 +0200] "GET /wdf.php HTTP/1.1" 403 558 "-" "-"
20.151.11.236 - - [02/Mar/2026:23:04:07 +0200] "GET /wp-update.php HTTP/1.1" 403 559 "-" "-"
20.151.11.236 - - [02/Mar/2026:23:04:07 +0200] "GET /sbhu.php HTTP/1.1" 403 558 "-" "-"
20.151.11.236 - - [02/Mar/2026:23:04:08 +0200] "GET /x/ HTTP/1.1" 403 559 "-" "-"
20.151.11.236 - - [02/Mar/2026:23:04:08 +0200] "GET /wp-blog.php HTTP/1.1" 403 559 "-" "-"
20.151.11.236 - - [02/Mar/2026:23:04:08 +0200] "GET /test1.php HTTP/1.1" 403 558 "-" "-"
20.151.11.236 - - [02/Mar/2026:23:04:08 +0200] "GET //wp-includes/js/jquery/ HTTP/1.1" 403 445 "-" "-"
20.151.11.236 - - [02/Mar/2026:23:04:08 +0200] "GET /166.php HTTP/1.1" 403 559 "-" "-"
20.151.11.236 - - [02/Mar/2026:23:04:09 +0200] "GET /fleen.php?p= HTTP/1.1" 403 558 "-" "-"
20.151.11.236 - - [02/Mar/2026:23:04:09 +0200] "GET //wp-content/admin.php HTTP/1.1" 403 559 "-" "-"
20.151.11.236 - - [02/Mar/2026:23:04:09 +0200] "GET /ms-edit.php HTTP/1.1" 403 558 "-" "-"
20.151.11.236 - - [02/Mar/2026:23:04:09 +0200] "GET //adminfuns.php HTTP/1.1" 403 558 "-" "-"
20.151.11.236 - - [02/Mar/2026:23:04:10 +0200] "GET /goods.php HTTP/1.1" 403 557 "-" "-"
20.151.11.236 - - [02/Mar/2026:23:04:10 +0200] "GET /ms-edit.php HTTP/1.1" 403 559 "-" "-"
20.151.11.236 - - [02/Mar/2026:23:04:10 +0200] "GET /222.php HTTP/1.1" 403 559 "-" "-"
20.151.11.236 - - [02/Mar/2026:23:04:10 +0200] "GET /plugins.php?p= HTTP/1.1" 403 558 "-" "-"
20.151.11.236 - - [02/Mar/2026:23:04:11 +0200] "GET //cgi-bin/index.php HTTP/1.1" 403 558 "-" "-"
20.151.11.236 - - [02/Mar/2026:23:04:11 +0200] "GET //wp-includes/js/dist/ HTTP/1.1" 403 445 "-" "-"
20.151.11.236 - - [02/Mar/2026:23:04:11 +0200] "GET /ff1.php HTTP/1.1" 403 559 "-" "-"
20.151.11.236 - - [02/Mar/2026:23:04:11 +0200] "GET /fff.php HTTP/1.1" 403 559 "-" "-"
20.151.11.236 - - [02/Mar/2026:23:04:12 +0200] "GET /wp-content/ HTTP/1.1" 200 147 "-" "-"
20.151.11.236 - - [02/Mar/2026:23:04:12 +0200] "GET /goat.php HTTP/1.1" 403 558 "-" "-"
20.151.11.236 - - [02/Mar/2026:23:04:12 +0200] "GET /155.php HTTP/1.1" 403 559 "-" "-"
20.151.11.236 - - [02/Mar/2026:23:04:12 +0200] "GET /we.php HTTP/1.1" 403 559 "-" "-"
20.151.11.236 - - [02/Mar/2026:23:04:13 +0200] "GET /alpha.php HTTP/1.1" 403 558 "-" "-"
20.151.11.236 - - [02/Mar/2026:23:04:13 +0200] "GET /makeasmtp.php?p= HTTP/1.1" 403 577 "-" "-"
20.151.11.236 - - [02/Mar/2026:23:04:13 +0200] "GET /wp-michan.php HTTP/1.1" 403 558 "-" "-"
20.151.11.236 - - [02/Mar/2026:23:04:13 +0200] "GET //wp-content/cong.php HTTP/1.1" 403 559 "-" "-"
20.151.11.236 - - [02/Mar/2026:23:04:14 +0200] "GET /wp-the.php HTTP/1.1" 403 559 "-" "-"
20.151.11.236 - - [02/Mar/2026:23:04:14 +0200] "GET //wp-includes/css/dist/ HTTP/1.1" 403 445 "-" "-"
20.151.11.236 - - [02/Mar/2026:23:04:14 +0200] "GET /BDKR28WP.php HTTP/1.1" 403 559 "-" "-"
20.151.11.236 - - [02/Mar/2026:23:04:14 +0200] "GET //wp-includes/l10n/ HTTP/1.1" 403 445 "-" "-"
20.151.11.236 - - [02/Mar/2026:23:04:14 +0200] "GET /wp.php HTTP/1.1" 403 559 "-" "-"
20.151.11.236 - - [02/Mar/2026:23:04:15 +0200] "GET //assets/css/index.php?p= HTTP/1.1" 403 559 "-" "-"
20.151.11.236 - - [02/Mar/2026:23:04:15 +0200] "GET /w4.php HTTP/1.1" 403 558 "-" "-"
20.151.11.236 - - [02/Mar/2026:23:04:15 +0200] "GET //wp-admin/js/widgets/index.php HTTP/1.1" 403 559 "-" "-"
20.151.11.236 - - [02/Mar/2026:23:04:15 +0200] "GET /ok.php HTTP/1.1" 403 559 "-" "-"
20.151.11.236 - - [02/Mar/2026:23:04:16 +0200] "GET //about.php HTTP/1.1" 403 559 "-" "-"
