217.146.69.20 - - [03/Mar/2026:06:45:38 +0200] "HEAD / HTTP/1.1" 200 3955 "-" "WordPress/6.9.1; https://bearmor.eu"
192.168.1.1 - - [03/Mar/2026:06:46:32 +0200] "POST /wp-cron.php?doing_wp_cron=1772513192.1211149692535400390625 HTTP/1.1" 200 3609 "-" "WordPress/6.9.1; https://fotovoltaicgreen.ro"
217.146.69.50 - - [03/Mar/2026:06:46:31 +0200] "HEAD / HTTP/1.1" 200 3955 "-" "Bearmor-Relay/1.0.0"
192.168.1.1 - - [03/Mar/2026:07:00:41 +0200] "POST /wp-cron.php?doing_wp_cron=1772514041.6093800067901611328125 HTTP/1.1" 200 3609 "-" "WordPress/6.9.1; https://fotovoltaicgreen.ro"
217.146.69.20 - - [03/Mar/2026:07:00:39 +0200] "HEAD / HTTP/1.1" 200 3955 "-" "WordPress/6.9.1; https://bearmor.eu"
217.146.69.50 - - [03/Mar/2026:07:01:33 +0200] "HEAD / HTTP/1.1" 200 3955 "-" "Bearmor-Relay/1.0.0"
217.146.69.20 - - [03/Mar/2026:07:15:35 +0200] "HEAD / HTTP/1.1" 200 3955 "-" "WordPress/6.9.1; https://bearmor.eu"
192.36.172.171 - - [03/Mar/2026:07:15:46 +0200] "GET /robots.txt HTTP/1.1" 200 621 "-" "Mozilla/5.0 (iPhone; CPU iPhone OS 16_3 like Mac OS X) AppleWebKit/605.1.15 (KHTML, like Gecko) CriOS/122.0.6261.89 Mobile/15E148 Safari/604"
192.36.173.21 - - [03/Mar/2026:07:15:46 +0200] "GET / HTTP/1.1" 200 32833 "-" "Mozilla/5.0 (iPhone; CPU iPhone OS 16_3 like Mac OS X) AppleWebKit/605.1.15 (KHTML, like Gecko) CriOS/122.0.6261.89 Mobile/15E148 Safari/604"
49.13.22.245 - - [03/Mar/2026:07:16:05 +0200] "POST /wp-load.php?27af2b=52834 HTTP/1.1" 200 6463 "-" "Mozilla/5.0 (Windows NT 10.0; Win64; x64) AppleWebKit/537.36 (KHTML, like Gecko) Chrome/104.0.5112.97 Safari/537.36"
217.146.69.50 - - [03/Mar/2026:07:16:30 +0200] "HEAD / HTTP/1.1" 200 3955 "-" "Bearmor-Relay/1.0.0"
217.146.69.20 - - [03/Mar/2026:07:30:38 +0200] "HEAD / HTTP/1.1" 200 3955 "-" "WordPress/6.9.1; https://bearmor.eu"
20.63.41.168 - - [03/Mar/2026:07:31:20 +0200] "GET /wp-content/plugins/hellopress/wp_filemanager.php HTTP/1.1" 403 558 "-" "-"
20.63.41.168 - - [03/Mar/2026:07:31:20 +0200] "GET /vv.php HTTP/1.1" 403 559 "-" "-"
20.63.41.168 - - [03/Mar/2026:07:31:21 +0200] "GET /fff.php HTTP/1.1" 403 559 "-" "-"
20.63.41.168 - - [03/Mar/2026:07:31:21 +0200] "GET /wp-scxy.php HTTP/1.1" 403 558 "-" "-"
20.63.41.168 - - [03/Mar/2026:07:31:21 +0200] "GET /ccou1.php HTTP/1.1" 403 559 "-" "-"
20.63.41.168 - - [03/Mar/2026:07:31:21 +0200] "GET /wp-the1.php HTTP/1.1" 403 558 "-" "-"
20.63.41.168 - - [03/Mar/2026:07:31:22 +0200] "GET /reyna.php HTTP/1.1" 403 559 "-" "-"
217.146.69.50 - - [03/Mar/2026:07:31:30 +0200] "HEAD / HTTP/1.1" 200 3955 "-" "Bearmor-Relay/1.0.0"
192.168.1.1 - - [03/Mar/2026:07:45:38 +0200] "POST /wp-cron.php?doing_wp_cron=1772516738.5880920886993408203125 HTTP/1.1" 200 3609 "-" "WordPress/6.9.1; https://fotovoltaicgreen.ro"
217.146.69.20 - - [03/Mar/2026:07:45:36 +0200] "HEAD / HTTP/1.1" 200 3955 "-" "WordPress/6.9.1; https://bearmor.eu"
192.168.1.1 - - [03/Mar/2026:07:46:30 +0200] "POST /wp-cron.php?doing_wp_cron=1772516790.3314640522003173828125 HTTP/1.1" 200 3609 "-" "WordPress/6.9.1; https://fotovoltaicgreen.ro"
217.146.69.50 - - [03/Mar/2026:07:46:29 +0200] "HEAD / HTTP/1.1" 200 3955 "-" "Bearmor-Relay/1.0.0"
217.146.69.20 - - [03/Mar/2026:08:00:37 +0200] "HEAD / HTTP/1.1" 200 3955 "-" "WordPress/6.9.1; https://bearmor.eu"
217.146.69.50 - - [03/Mar/2026:08:01:34 +0200] "HEAD / HTTP/1.1" 200 3955 "-" "Bearmor-Relay/1.0.0"
45.61.188.241 - - [03/Mar/2026:08:03:24 +0200] "GET /wp-login.php HTTP/1.1" 403 3762 "-" "Mozilla/5.0 (X11; Linux x86_64)"
217.146.69.20 - - [03/Mar/2026:08:15:36 +0200] "HEAD / HTTP/1.1" 200 3955 "-" "WordPress/6.9.1; https://bearmor.eu"
91.107.202.135 - - [03/Mar/2026:08:16:13 +0200] "POST /wp-load.php?6f8777=17214 HTTP/1.1" 200 7003 "-" "Mozilla/5.0 (Windows NT 10.0; Win64; x64) AppleWebKit/537.36 (KHTML, like Gecko) Chrome/104.0.5112.97 Safari/537.36"
217.146.69.50 - - [03/Mar/2026:08:16:29 +0200] "HEAD / HTTP/1.1" 200 3955 "-" "Bearmor-Relay/1.0.0"
45.8.17.83 - - [03/Mar/2026:08:18:44 +0200] "POST /xmlrpc.php HTTP/1.1" 200 3251 "-" "Mozilla/5.0 (Windows NT 10.0; Win64; x64) AppleWebKit/537.36 (KHTML, like Gecko) Chrome/140.0.0.0 Safari/537.36"
192.168.1.1 - - [03/Mar/2026:08:18:50 +0200] "POST /wp-cron.php?doing_wp_cron=1772518730.1095778942108154296875 HTTP/1.1" 200 3609 "-" "WordPress/6.9.1; https://fotovoltaicgreen.ro"
45.8.17.76 - - [03/Mar/2026:08:18:49 +0200] "POST /xmlrpc.php HTTP/1.1" 200 389 "-" "Mozilla/5.0 (Windows NT 10.0; Win64; x64) AppleWebKit/537.36 (KHTML, like Gecko) Chrome/140.0.0.0 Safari/537.36"
45.128.199.146 - - [03/Mar/2026:08:18:53 +0200] "POST /xmlrpc.php HTTP/1.1" 200 5762 "-" "Mozilla/5.0 (Windows NT 10.0; Win64; x64) AppleWebKit/537.36 (KHTML, like Gecko) Chrome/140.0.0.0 Safari/537.36"
52.167.144.191 - - [03/Mar/2026:08:23:57 +0200] "GET /wp-content/uploads/2025/05/solar-about-2-400x284.webp HTTP/1.1" 200 43492 "-" "Mozilla/5.0 AppleWebKit/537.36 (KHTML, like Gecko; compatible; bingbot/2.0; +http://www.bing.com/bingbot.htm) Chrome/116.0.1938.76 Safari/537.36"
217.146.69.20 - - [03/Mar/2026:08:30:33 +0200] "HEAD / HTTP/1.1" 200 3955 "-" "WordPress/6.9.1; https://bearmor.eu"
217.146.69.50 - - [03/Mar/2026:08:31:24 +0200] "HEAD / HTTP/1.1" 200 3955 "-" "Bearmor-Relay/1.0.0"
192.168.1.1 - - [03/Mar/2026:08:45:40 +0200] "POST /wp-cron.php?doing_wp_cron=1772520340.8358590602874755859375 HTTP/1.1" 200 3609 "-" "WordPress/6.9.1; https://fotovoltaicgreen.ro"
217.146.69.20 - - [03/Mar/2026:08:45:38 +0200] "HEAD / HTTP/1.1" 200 3955 "-" "WordPress/6.9.1; https://bearmor.eu"
192.168.1.1 - - [03/Mar/2026:08:46:35 +0200] "POST /wp-cron.php?doing_wp_cron=1772520395.1185789108276367187500 HTTP/1.1" 200 3609 "-" "WordPress/6.9.1; https://fotovoltaicgreen.ro"
217.146.69.50 - - [03/Mar/2026:08:46:34 +0200] "HEAD / HTTP/1.1" 200 3955 "-" "Bearmor-Relay/1.0.0"
217.146.69.20 - - [03/Mar/2026:09:00:38 +0200] "HEAD / HTTP/1.1" 200 3955 "-" "WordPress/6.9.1; https://bearmor.eu"
217.146.69.50 - - [03/Mar/2026:09:01:35 +0200] "HEAD / HTTP/1.1" 200 3955 "-" "Bearmor-Relay/1.0.0"
217.146.69.20 - - [03/Mar/2026:09:15:44 +0200] "HEAD / HTTP/1.1" 200 3955 "-" "WordPress/6.9.1; https://bearmor.eu"
49.13.61.43 - - [03/Mar/2026:09:16:13 +0200] "POST /wp-load.php?9b7762=8822 HTTP/1.1" 200 7834 "-" "Mozilla/5.0 (Windows NT 10.0; Win64; x64) AppleWebKit/537.36 (KHTML, like Gecko) Chrome/104.0.5112.97 Safari/537.36"
217.146.69.50 - - [03/Mar/2026:09:16:38 +0200] "HEAD / HTTP/1.1" 200 3955 "-" "Bearmor-Relay/1.0.0"
217.146.69.20 - - [03/Mar/2026:09:30:35 +0200] "HEAD / HTTP/1.1" 200 3955 "-" "WordPress/6.9.1; https://bearmor.eu"
217.146.69.50 - - [03/Mar/2026:09:31:29 +0200] "HEAD / HTTP/1.1" 200 3955 "-" "Bearmor-Relay/1.0.0"
192.168.1.1 - - [03/Mar/2026:09:45:35 +0200] "POST /wp-cron.php?doing_wp_cron=1772523935.6943540573120117187500 HTTP/1.1" 200 3609 "-" "WordPress/6.9.1; https://fotovoltaicgreen.ro"
217.146.69.20 - - [03/Mar/2026:09:45:33 +0200] "HEAD / HTTP/1.1" 200 3955 "-" "WordPress/6.9.1; https://bearmor.eu"
192.168.1.1 - - [03/Mar/2026:09:46:29 +0200] "POST /wp-cron.php?doing_wp_cron=1772523989.3665449619293212890625 HTTP/1.1" 200 3609 "-" "WordPress/6.9.1; https://fotovoltaicgreen.ro"
217.146.69.50 - - [03/Mar/2026:09:46:28 +0200] "HEAD / HTTP/1.1" 200 3955 "-" "Bearmor-Relay/1.0.0"
45.149.173.233 - - [03/Mar/2026:09:48:03 +0200] "GET / HTTP/1.1" 403 615 "-" "Mozilla/5.0 (Windows NT 10.0; Win64; x64) AppleWebKit/537.36 (KHTML, like Gecko) Chrome/78.0.3904.108 Safari/537.36"
45.149.173.233 - - [03/Mar/2026:09:48:03 +0200] "GET / HTTP/1.1" 403 613 "-" "Mozilla/5.0 (Windows NT 10.0; Win64; x64) AppleWebKit/537.36 (KHTML, like Gecko) Chrome/78.0.3904.108 Safari/537.36"
45.149.173.233 - - [03/Mar/2026:09:48:04 +0200] "GET /wp-includes/wlwmanifest.xml HTTP/1.1" 403 613 "-" "Mozilla/5.0 (Windows NT 10.0; Win64; x64) AppleWebKit/537.36 (KHTML, like Gecko) Chrome/78.0.3904.108 Safari/537.36"
45.149.173.233 - - [03/Mar/2026:09:48:04 +0200] "GET /xmlrpc.php?rsd HTTP/1.1" 403 614 "-" "Mozilla/5.0 (Windows NT 10.0; Win64; x64) AppleWebKit/537.36 (KHTML, like Gecko) Chrome/78.0.3904.108 Safari/537.36"
45.149.173.233 - - [03/Mar/2026:09:48:04 +0200] "GET / HTTP/1.1" 403 614 "-" "Mozilla/5.0 (Windows NT 10.0; Win64; x64) AppleWebKit/537.36 (KHTML, like Gecko) Chrome/78.0.3904.108 Safari/537.36"
45.149.173.233 - - [03/Mar/2026:09:48:05 +0200] "GET /blog/wp-includes/wlwmanifest.xml HTTP/1.1" 403 614 "-" "Mozilla/5.0 (Windows NT 10.0; Win64; x64) AppleWebKit/537.36 (KHTML, like Gecko) Chrome/78.0.3904.108 Safari/537.36"
45.149.173.233 - - [03/Mar/2026:09:48:05 +0200] "GET /web/wp-includes/wlwmanifest.xml HTTP/1.1" 403 614 "-" "Mozilla/5.0 (Windows NT 10.0; Win64; x64) AppleWebKit/537.36 (KHTML, like Gecko) Chrome/78.0.3904.108 Safari/537.36"
45.149.173.233 - - [03/Mar/2026:09:48:05 +0200] "GET /wordpress/wp-includes/wlwmanifest.xml HTTP/1.1" 403 614 "-" "Mozilla/5.0 (Windows NT 10.0; Win64; x64) AppleWebKit/537.36 (KHTML, like Gecko) Chrome/78.0.3904.108 Safari/537.36"
45.149.173.233 - - [03/Mar/2026:09:48:05 +0200] "GET /website/wp-includes/wlwmanifest.xml HTTP/1.1" 403 613 "-" "Mozilla/5.0 (Windows NT 10.0; Win64; x64) AppleWebKit/537.36 (KHTML, like Gecko) Chrome/78.0.3904.108 Safari/537.36"
45.149.173.233 - - [03/Mar/2026:09:48:06 +0200] "GET /wp/wp-includes/wlwmanifest.xml HTTP/1.1" 403 613 "-" "Mozilla/5.0 (Windows NT 10.0; Win64; x64) AppleWebKit/537.36 (KHTML, like Gecko) Chrome/78.0.3904.108 Safari/537.36"
45.149.173.233 - - [03/Mar/2026:09:48:06 +0200] "GET /news/wp-includes/wlwmanifest.xml HTTP/1.1" 403 613 "-" "Mozilla/5.0 (Windows NT 10.0; Win64; x64) AppleWebKit/537.36 (KHTML, like Gecko) Chrome/78.0.3904.108 Safari/537.36"
45.149.173.233 - - [03/Mar/2026:09:48:06 +0200] "GET /2018/wp-includes/wlwmanifest.xml HTTP/1.1" 403 614 "-" "Mozilla/5.0 (Windows NT 10.0; Win64; x64) AppleWebKit/537.36 (KHTML, like Gecko) Chrome/78.0.3904.108 Safari/537.36"
45.149.173.233 - - [03/Mar/2026:09:48:07 +0200] "GET /2019/wp-includes/wlwmanifest.xml HTTP/1.1" 403 614 "-" "Mozilla/5.0 (Windows NT 10.0; Win64; x64) AppleWebKit/537.36 (KHTML, like Gecko) Chrome/78.0.3904.108 Safari/537.36"
45.149.173.233 - - [03/Mar/2026:09:48:07 +0200] "GET /shop/wp-includes/wlwmanifest.xml HTTP/1.1" 403 614 "-" "Mozilla/5.0 (Windows NT 10.0; Win64; x64) AppleWebKit/537.36 (KHTML, like Gecko) Chrome/78.0.3904.108 Safari/537.36"
45.149.173.233 - - [03/Mar/2026:09:48:07 +0200] "GET /wp1/wp-includes/wlwmanifest.xml HTTP/1.1" 403 614 "-" "Mozilla/5.0 (Windows NT 10.0; Win64; x64) AppleWebKit/537.36 (KHTML, like Gecko) Chrome/78.0.3904.108 Safari/537.36"
45.149.173.233 - - [03/Mar/2026:09:48:08 +0200] "GET /test/wp-includes/wlwmanifest.xml HTTP/1.1" 403 613 "-" "Mozilla/5.0 (Windows NT 10.0; Win64; x64) AppleWebKit/537.36 (KHTML, like Gecko) Chrome/78.0.3904.108 Safari/537.36"
45.149.173.233 - - [03/Mar/2026:09:48:08 +0200] "GET /media/wp-includes/wlwmanifest.xml HTTP/1.1" 403 613 "-" "Mozilla/5.0 (Windows NT 10.0; Win64; x64) AppleWebKit/537.36 (KHTML, like Gecko) Chrome/78.0.3904.108 Safari/537.36"
45.149.173.233 - - [03/Mar/2026:09:48:08 +0200] "GET /wp2/wp-includes/wlwmanifest.xml HTTP/1.1" 403 613 "-" "Mozilla/5.0 (Windows NT 10.0; Win64; x64) AppleWebKit/537.36 (KHTML, like Gecko) Chrome/78.0.3904.108 Safari/537.36"
45.149.173.233 - - [03/Mar/2026:09:48:08 +0200] "GET /site/wp-includes/wlwmanifest.xml HTTP/1.1" 403 613 "-" "Mozilla/5.0 (Windows NT 10.0; Win64; x64) AppleWebKit/537.36 (KHTML, like Gecko) Chrome/78.0.3904.108 Safari/537.36"
45.149.173.233 - - [03/Mar/2026:09:48:09 +0200] "GET /cms/wp-includes/wlwmanifest.xml HTTP/1.1" 403 614 "-" "Mozilla/5.0 (Windows NT 10.0; Win64; x64) AppleWebKit/537.36 (KHTML, like Gecko) Chrome/78.0.3904.108 Safari/537.36"
45.149.173.233 - - [03/Mar/2026:09:48:09 +0200] "GET /sito/wp-includes/wlwmanifest.xml HTTP/1.1" 403 614 "-" "Mozilla/5.0 (Windows NT 10.0; Win64; x64) AppleWebKit/537.36 (KHTML, like Gecko) Chrome/78.0.3904.108 Safari/537.36"
217.146.69.20 - - [03/Mar/2026:10:00:41 +0200] "HEAD / HTTP/1.1" 200 3955 "-" "WordPress/6.9.1; https://bearmor.eu"
217.146.69.50 - - [03/Mar/2026:10:01:36 +0200] "HEAD / HTTP/1.1" 200 3955 "-" "Bearmor-Relay/1.0.0"
217.146.69.20 - - [03/Mar/2026:10:15:36 +0200] "HEAD / HTTP/1.1" 200 3955 "-" "WordPress/6.9.1; https://bearmor.eu"
49.13.22.245 - - [03/Mar/2026:10:16:14 +0200] "POST /wp-load.php?29b826=89237 HTTP/1.1" 200 7675 "-" "Mozilla/5.0 (Windows NT 10.0; Win64; x64) AppleWebKit/537.36 (KHTML, like Gecko) Chrome/104.0.5112.97 Safari/537.36"
217.146.69.50 - - [03/Mar/2026:10:16:29 +0200] "HEAD / HTTP/1.1" 200 3955 "-" "Bearmor-Relay/1.0.0"
209.141.37.31 - - [03/Mar/2026:10:22:40 +0200] "GET /wp-login.php HTTP/1.1" 403 3763 "-" "Mozilla/5.0 (Windows NT 10.0; Win64; x64)"
217.146.69.20 - - [03/Mar/2026:10:30:35 +0200] "HEAD / HTTP/1.1" 200 3955 "-" "WordPress/6.9.1; https://bearmor.eu"
217.146.69.50 - - [03/Mar/2026:10:31:27 +0200] "HEAD / HTTP/1.1" 200 3955 "-" "Bearmor-Relay/1.0.0"
192.168.1.1 - - [03/Mar/2026:10:45:50 +0200] "POST /wp-cron.php?doing_wp_cron=1772527550.8733680248260498046875 HTTP/1.1" 200 3609 "-" "WordPress/6.9.1; https://fotovoltaicgreen.ro"
217.146.69.20 - - [03/Mar/2026:10:45:48 +0200] "HEAD / HTTP/1.1" 200 3955 "-" "WordPress/6.9.1; https://bearmor.eu"
192.168.1.1 - - [03/Mar/2026:10:46:46 +0200] "POST /wp-cron.php?doing_wp_cron=1772527606.1785109043121337890625 HTTP/1.1" 200 3609 "-" "WordPress/6.9.1; https://fotovoltaicgreen.ro"
217.146.69.50 - - [03/Mar/2026:10:46:45 +0200] "HEAD / HTTP/1.1" 200 3955 "-" "Bearmor-Relay/1.0.0"
217.146.69.20 - - [03/Mar/2026:11:00:37 +0200] "HEAD / HTTP/1.1" 200 3955 "-" "WordPress/6.9.1; https://bearmor.eu"
217.146.69.50 - - [03/Mar/2026:11:01:44 +0200] "HEAD / HTTP/1.1" 200 3955 "-" "Bearmor-Relay/1.0.0"
217.146.69.20 - - [03/Mar/2026:11:15:30 +0200] "HEAD / HTTP/1.1" 200 3955 "-" "WordPress/6.9.1; https://bearmor.eu"
138.201.158.24 - - [03/Mar/2026:11:16:23 +0200] "POST /wp-load.php?e52146=66672 HTTP/1.1" 200 6430 "-" "Mozilla/5.0 (Windows NT 10.0; Win64; x64) AppleWebKit/537.36 (KHTML, like Gecko) Chrome/104.0.5112.97 Safari/537.36"
217.146.69.50 - - [03/Mar/2026:11:16:27 +0200] "HEAD / HTTP/1.1" 200 3955 "-" "Bearmor-Relay/1.0.0"
217.146.69.20 - - [03/Mar/2026:11:30:35 +0200] "HEAD / HTTP/1.1" 200 3955 "-" "WordPress/6.9.1; https://bearmor.eu"
217.146.69.50 - - [03/Mar/2026:11:31:29 +0200] "HEAD / HTTP/1.1" 200 3955 "-" "Bearmor-Relay/1.0.0"
192.168.1.1 - - [03/Mar/2026:11:37:23 +0200] "POST /wp-cron.php?doing_wp_cron=1772530643.7469930648803710937500 HTTP/1.1" 200 3609 "-" "WordPress/6.9.1; https://fotovoltaicgreen.ro"
74.7.230.9 - - [03/Mar/2026:11:37:21 +0200] "GET /robots.txt HTTP/1.1" 301 3795 "-" "Mozilla/5.0 (Macintosh; Intel Mac OS X 10_15_7) AppleWebKit/537.36 (KHTML, like Gecko) Chrome/131.0.0.0 Safari/537.36; compatible; OAI-SearchBot/1.3; robots.txt; +https://openai.com/searchbot"
74.7.230.9 - - [03/Mar/2026:11:37:24 +0200] "GET /robots.txt HTTP/1.1" 200 3952 "https://www.fotovoltaicgreen.ro/robots.txt" "Mozilla/5.0 (Macintosh; Intel Mac OS X 10_15_7) AppleWebKit/537.36 (KHTML, like Gecko) Chrome/131.0.0.0 Safari/537.36; compatible; OAI-SearchBot/1.3; robots.txt; +https://openai.com/searchbot"
192.168.1.1 - - [03/Mar/2026:11:45:42 +0200] "POST /wp-cron.php?doing_wp_cron=1772531142.8958361148834228515625 HTTP/1.1" 200 3609 "-" "WordPress/6.9.1; https://fotovoltaicgreen.ro"
217.146.69.20 - - [03/Mar/2026:11:45:41 +0200] "HEAD / HTTP/1.1" 200 3955 "-" "WordPress/6.9.1; https://bearmor.eu"
192.168.1.1 - - [03/Mar/2026:11:46:42 +0200] "POST /wp-cron.php?doing_wp_cron=1772531202.4420928955078125000000 HTTP/1.1" 200 3609 "-" "WordPress/6.9.1; https://fotovoltaicgreen.ro"
217.146.69.50 - - [03/Mar/2026:11:46:41 +0200] "HEAD / HTTP/1.1" 200 3955 "-" "Bearmor-Relay/1.0.0"
45.8.17.71 - - [03/Mar/2026:11:51:55 +0200] "POST /xmlrpc.php HTTP/1.1" 200 3251 "-" "Mozilla/5.0 (Macintosh; Intel Mac OS X 10_15_7) AppleWebKit/537.36 (KHTML, like Gecko) Chrome/127.0.0 Safari/537.36"
192.168.1.1 - - [03/Mar/2026:11:51:59 +0200] "POST /wp-cron.php?doing_wp_cron=1772531519.8861019611358642578125 HTTP/1.1" 200 3609 "-" "WordPress/6.9.1; https://fotovoltaicgreen.ro"
45.8.17.90 - - [03/Mar/2026:11:51:59 +0200] "POST /xmlrpc.php HTTP/1.1" 200 389 "-" "Mozilla/5.0 (Macintosh; Intel Mac OS X 10_15_7) AppleWebKit/537.36 (KHTML, like Gecko) Chrome/127.0.0 Safari/537.36"
45.8.17.100 - - [03/Mar/2026:11:52:00 +0200] "POST /xmlrpc.php HTTP/1.1" 200 8851 "-" "Mozilla/5.0 (Macintosh; Intel Mac OS X 10_15_7) AppleWebKit/537.36 (KHTML, like Gecko) Chrome/127.0.0 Safari/537.36"
217.146.69.20 - - [03/Mar/2026:12:00:35 +0200] "HEAD / HTTP/1.1" 200 3955 "-" "WordPress/6.9.1; https://bearmor.eu"
217.146.69.50 - - [03/Mar/2026:12:01:27 +0200] "HEAD / HTTP/1.1" 200 3955 "-" "Bearmor-Relay/1.0.0"
217.146.69.20 - - [03/Mar/2026:12:15:37 +0200] "HEAD / HTTP/1.1" 200 3955 "-" "WordPress/6.9.1; https://bearmor.eu"
49.13.217.108 - - [03/Mar/2026:12:16:25 +0200] "POST /wp-load.php?31f7e8=95436 HTTP/1.1" 200 8209 "-" "Mozilla/5.0 (Windows NT 10.0; Win64; x64) AppleWebKit/537.36 (KHTML, like Gecko) Chrome/104.0.5112.97 Safari/537.36"
217.146.69.50 - - [03/Mar/2026:12:16:32 +0200] "HEAD / HTTP/1.1" 200 3955 "-" "Bearmor-Relay/1.0.0"
217.146.69.20 - - [03/Mar/2026:12:30:32 +0200] "HEAD / HTTP/1.1" 200 3955 "-" "WordPress/6.9.1; https://bearmor.eu"
217.146.69.50 - - [03/Mar/2026:12:31:29 +0200] "HEAD / HTTP/1.1" 200 3955 "-" "Bearmor-Relay/1.0.0"
192.168.1.1 - - [03/Mar/2026:12:42:10 +0200] "POST /wp-cron.php?doing_wp_cron=1772534530.5873980522155761718750 HTTP/1.1" 200 3609 "-" "WordPress/6.9.1; https://fotovoltaicgreen.ro"
74.7.228.39 - - [03/Mar/2026:12:42:08 +0200] "GET /robots.txt HTTP/1.1" 200 3952 "-" "Mozilla/5.0 (Macintosh; Intel Mac OS X 10_15_7) AppleWebKit/537.36 (KHTML, like Gecko) Chrome/131.0.0.0 Safari/537.36; compatible; OAI-SearchBot/1.3; robots.txt; +https://openai.com/searchbot"
192.168.1.1 - - [03/Mar/2026:12:45:36 +0200] "POST /wp-cron.php?doing_wp_cron=1772534736.0168759822845458984375 HTTP/1.1" 200 3609 "-" "WordPress/6.9.1; https://fotovoltaicgreen.ro"
217.146.69.20 - - [03/Mar/2026:12:45:35 +0200] "HEAD / HTTP/1.1" 200 3955 "-" "WordPress/6.9.1; https://bearmor.eu"
192.168.1.1 - - [03/Mar/2026:12:46:28 +0200] "POST /wp-cron.php?doing_wp_cron=1772534788.2234299182891845703125 HTTP/1.1" 200 3609 "-" "WordPress/6.9.1; https://fotovoltaicgreen.ro"
217.146.69.50 - - [03/Mar/2026:12:46:27 +0200] "HEAD / HTTP/1.1" 200 3955 "-" "Bearmor-Relay/1.0.0"
217.146.69.20 - - [03/Mar/2026:13:00:44 +0200] "HEAD / HTTP/1.1" 200 3955 "-" "WordPress/6.9.1; https://bearmor.eu"
217.146.69.50 - - [03/Mar/2026:13:01:39 +0200] "HEAD / HTTP/1.1" 200 3955 "-" "Bearmor-Relay/1.0.0"
108.61.142.70 - - [03/Mar/2026:13:13:29 +0200] "GET / HTTP/1.1" 200 32829 "-" "RootEvidence/1.0"
108.61.142.70 - - [03/Mar/2026:13:13:29 +0200] "GET / HTTP/1.1" 200 36259 "-" "RootEvidence/1.0"
108.61.142.70 - - [03/Mar/2026:13:13:32 +0200] "GET / HTTP/1.1" 301 435 "-" "Go-http-client/1.1"
108.61.142.70 - - [03/Mar/2026:13:13:33 +0200] "GET / HTTP/1.1" 200 36239 "http://fotovoltaicgreen.ro:80" "Go-http-client/1.1"
217.146.69.20 - - [03/Mar/2026:13:15:37 +0200] "HEAD / HTTP/1.1" 200 3955 "-" "WordPress/6.9.1; https://bearmor.eu"
217.146.69.50 - - [03/Mar/2026:13:16:30 +0200] "HEAD / HTTP/1.1" 200 3955 "-" "Bearmor-Relay/1.0.0"
49.13.61.43 - - [03/Mar/2026:13:16:34 +0200] "POST /wp-load.php?78999c=32781 HTTP/1.1" 200 7184 "-" "Mozilla/5.0 (Windows NT 10.0; Win64; x64) AppleWebKit/537.36 (KHTML, like Gecko) Chrome/104.0.5112.97 Safari/537.36"
217.146.69.20 - - [03/Mar/2026:13:30:39 +0200] "HEAD / HTTP/1.1" 200 3955 "-" "WordPress/6.9.1; https://bearmor.eu"
192.168.1.1 - - [03/Mar/2026:13:31:41 +0200] "POST /wp-cron.php?doing_wp_cron=1772537501.3906590938568115234375 HTTP/1.1" 200 3609 "-" "WordPress/6.9.1; https://fotovoltaicgreen.ro"
217.146.69.50 - - [03/Mar/2026:13:31:40 +0200] "HEAD / HTTP/1.1" 200 3955 "-" "Bearmor-Relay/1.0.0"
192.168.1.1 - - [03/Mar/2026:13:45:32 +0200] "POST /wp-cron.php?doing_wp_cron=1772538332.7090868949890136718750 HTTP/1.1" 200 3609 "-" "WordPress/6.9.1; https://fotovoltaicgreen.ro"
217.146.69.20 - - [03/Mar/2026:13:45:30 +0200] "HEAD / HTTP/1.1" 200 3955 "-" "WordPress/6.9.1; https://bearmor.eu"
217.146.69.50 - - [03/Mar/2026:13:46:23 +0200] "HEAD / HTTP/1.1" 200 3955 "-" "Bearmor-Relay/1.0.0"
192.168.1.1 - - [03/Mar/2026:14:00:33 +0200] "POST /wp-cron.php?doing_wp_cron=1772539233.9124820232391357421875 HTTP/1.1" 200 3609 "-" "WordPress/6.9.1; https://fotovoltaicgreen.ro"
217.146.69.20 - - [03/Mar/2026:14:00:32 +0200] "HEAD / HTTP/1.1" 200 3955 "-" "WordPress/6.9.1; https://bearmor.eu"
217.146.69.50 - - [03/Mar/2026:14:01:27 +0200] "HEAD / HTTP/1.1" 200 3955 "-" "Bearmor-Relay/1.0.0"
192.168.1.1 - - [03/Mar/2026:14:03:30 +0200] "POST /wp-cron.php?doing_wp_cron=1772539410.4788749217987060546875 HTTP/1.1" 200 3609 "-" "WordPress/6.9.1; https://fotovoltaicgreen.ro"
74.208.27.151 - - [03/Mar/2026:14:03:30 +0200] "HEAD / HTTP/1.1" 200 3992 "https://fotovoltaicgreen.ro/" "Mozilla/5.0 (Windows NT 10.0; Win64; x64) AppleWebKit/537.36 (KHTML, like Gecko) Chrome/91.0.4472.124 Safari/537.36"
74.208.27.151 - - [03/Mar/2026:14:03:30 +0200] "HEAD / HTTP/1.1" 200 642 "https://fotovoltaicgreen.ro/" "Mozilla/5.0 (Windows NT 10.0; Win64; x64) AppleWebKit/537.36 (KHTML, like Gecko) Chrome/91.0.4472.124 Safari/537.36"
74.208.27.151 - - [03/Mar/2026:14:03:31 +0200] "POST /wp-login.php HTTP/1.1" 200 5831 "https://www.google.com/" "Mozilla/5.0 (Windows NT 10.0; Win64; x64) AppleWebKit/537.36 (KHTML, like Gecko) Chrome/91.0.4472.124 Safari/537.36"
74.208.27.151 - - [03/Mar/2026:14:03:32 +0200] "POST /wp-login.php HTTP/1.1" 302 1328 "https://fotovoltaicgreen.ro/wp-admin/" "Mozilla/5.0 (Windows NT 10.0; Win64; x64) AppleWebKit/537.36 (KHTML, like Gecko) Chrome/90.0.4430.85 Safari/537.36"
74.208.27.151 - - [03/Mar/2026:14:03:33 +0200] "GET /wp-admin/ HTTP/1.1" 200 35019 "https://fotovoltaicgreen.ro/wp-admin/" "Mozilla/5.0 (Windows NT 10.0; Win64; x64) AppleWebKit/537.36 (KHTML, like Gecko) Chrome/90.0.4430.85 Safari/537.36"
74.208.27.151 - - [03/Mar/2026:14:03:35 +0200] "HEAD / HTTP/1.1" 200 3992 "https://fotovoltaicgreen.ro/" "Mozilla/5.0 (Windows NT 10.0; Win64; x64) AppleWebKit/537.36 (KHTML, like Gecko) Chrome/91.0.4472.124 Safari/537.36"
74.208.27.151 - - [03/Mar/2026:14:03:35 +0200] "GET /wp-admin/ HTTP/1.1" 200 34253 "https://www.google.com/" "Mozilla/5.0 (Windows NT 10.0; Win64; x64) AppleWebKit/537.36 (KHTML, like Gecko) Chrome/91.0.4472.124 Safari/537.36"
74.208.27.151 - - [03/Mar/2026:14:03:36 +0200] "HEAD / HTTP/1.1" 200 642 "https://fotovoltaicgreen.ro/" "Mozilla/5.0 (Windows NT 10.0; Win64; x64) AppleWebKit/537.36 (KHTML, like Gecko) Chrome/91.0.4472.124 Safari/537.36"
74.208.27.151 - - [03/Mar/2026:14:03:36 +0200] "GET /wp-admin/plugin-install.php?tab=upload HTTP/1.1" 200 26962 "https://www.google.com/" "Mozilla/5.0 (Windows NT 10.0; Win64; x64) AppleWebKit/537.36 (KHTML, like Gecko) Chrome/91.0.4472.124 Safari/537.36"
74.208.27.151 - - [03/Mar/2026:14:03:37 +0200] "POST /wp-login.php HTTP/1.1" 200 5831 "https://www.google.com/" "Mozilla/5.0 (Windows NT 10.0; Win64; x64) AppleWebKit/537.36 (KHTML, like Gecko) Chrome/91.0.4472.124 Safari/537.36"
74.208.27.151 - - [03/Mar/2026:14:03:38 +0200] "POST /wp-login.php HTTP/1.1" 302 1328 "https://fotovoltaicgreen.ro/wp-admin/" "Mozilla/5.0 (Windows NT 10.0; Win64; x64) AppleWebKit/537.36 (KHTML, like Gecko) Chrome/90.0.4430.85 Safari/537.36"
74.208.27.151 - - [03/Mar/2026:14:03:39 +0200] "GET /wp-admin/ HTTP/1.1" 200 34983 "https://fotovoltaicgreen.ro/wp-admin/" "Mozilla/5.0 (Windows NT 10.0; Win64; x64) AppleWebKit/537.36 (KHTML, like Gecko) Chrome/90.0.4430.85 Safari/537.36"
74.208.27.151 - - [03/Mar/2026:14:03:40 +0200] "GET /wp-admin/ HTTP/1.1" 200 34301 "https://www.google.com/" "Mozilla/5.0 (Windows NT 10.0; Win64; x64) AppleWebKit/537.36 (KHTML, like Gecko) Chrome/91.0.4472.124 Safari/537.36"
74.208.27.151 - - [03/Mar/2026:14:03:37 +0200] "POST /wp-admin/update.php?action=upload-plugin HTTP/1.1" 200 24976 "https://fotovoltaicgreen.ro/wp-admin/plugin-install.php" "Mozilla/5.0 (Windows NT 10.0; Win64; x64) AppleWebKit/537.36 (KHTML, like Gecko) Chrome/132.0.0.0 Safari/537.36"
74.208.27.151 - - [03/Mar/2026:14:03:41 +0200] "GET /wp-admin/plugin-install.php?tab=upload HTTP/1.1" 200 26971 "https://www.google.com/" "Mozilla/5.0 (Windows NT 10.0; Win64; x64) AppleWebKit/537.36 (KHTML, like Gecko) Chrome/91.0.4472.124 Safari/537.36"
74.208.27.151 - - [03/Mar/2026:14:03:43 +0200] "GET /wp-content/plugins/iitvo/index.php HTTP/1.1" 200 6952 "-" "python-requests/2.32.3"
192.168.1.1 - - [03/Mar/2026:14:03:45 +0200] "POST /wp-cron.php?doing_wp_cron=1772539425.9360699653625488281250 HTTP/1.1" 200 3609 "-" "WordPress/6.9.1; https://fotovoltaicgreen.ro"
74.208.27.151 - - [03/Mar/2026:14:03:43 +0200] "POST /wp-admin/update.php?action=upload-plugin HTTP/1.1" 200 24982 "https://fotovoltaicgreen.ro/wp-admin/plugin-install.php" "Mozilla/5.0 (Windows NT 10.0; Win64; x64) AppleWebKit/537.36 (KHTML, like Gecko) Chrome/132.0.0.0 Safari/537.36"
74.208.27.151 - - [03/Mar/2026:14:03:48 +0200] "GET /wp-content/plugins/wrptg/index.php HTTP/1.1" 200 6952 "-" "python-requests/2.32.3"
217.146.69.20 - - [03/Mar/2026:14:15:38 +0200] "HEAD / HTTP/1.1" 200 3955 "-" "WordPress/6.9.1; https://bearmor.eu"
217.146.69.50 - - [03/Mar/2026:14:16:33 +0200] "HEAD / HTTP/1.1" 200 3955 "-" "Bearmor-Relay/1.0.0"
188.245.90.252 - - [03/Mar/2026:14:16:35 +0200] "POST /wp-load.php?415606=53376 HTTP/1.1" 200 10119 "-" "Mozilla/5.0 (Windows NT 10.0; Win64; x64) AppleWebKit/537.36 (KHTML, like Gecko) Chrome/104.0.5112.97 Safari/537.36"
217.146.69.20 - - [03/Mar/2026:14:30:39 +0200] "HEAD / HTTP/1.1" 200 3955 "-" "WordPress/6.9.1; https://bearmor.eu"
192.168.1.1 - - [03/Mar/2026:14:31:35 +0200] "POST /wp-cron.php?doing_wp_cron=1772541095.6712679862976074218750 HTTP/1.1" 200 3609 "-" "WordPress/6.9.1; https://fotovoltaicgreen.ro"
217.146.69.50 - - [03/Mar/2026:14:31:35 +0200] "HEAD / HTTP/1.1" 200 3955 "-" "Bearmor-Relay/1.0.0"
192.168.1.1 - - [03/Mar/2026:14:45:34 +0200] "POST /wp-cron.php?doing_wp_cron=1772541934.1197450160980224609375 HTTP/1.1" 200 3609 "-" "WordPress/6.9.1; https://fotovoltaicgreen.ro"
217.146.69.20 - - [03/Mar/2026:14:45:32 +0200] "HEAD / HTTP/1.1" 200 3955 "-" "WordPress/6.9.1; https://bearmor.eu"
217.146.69.50 - - [03/Mar/2026:14:46:26 +0200] "HEAD / HTTP/1.1" 200 3955 "-" "Bearmor-Relay/1.0.0"
147.235.211.231 - - [03/Mar/2026:14:56:11 +0200] "GET /wp-content/plugins/wrptg/index.php HTTP/1.1" 200 6952 "-" "Mozilla/5.0 (Linux; Android 7.0; SM-G892A Build/NRD90M; wv) AppleWebKit/537.36 (KHTML, like Gecko) Chrome/60.0.3112.107 Mobile Safari/537.36"
147.235.211.231 - - [03/Mar/2026:14:56:11 +0200] "POST /wp-content/plugins/wrptg/index.php HTTP/1.1" 200 3653 "-" "Mozilla/5.0 (Linux; Android 7.0; SM-G892A Build/NRD90M; wv) AppleWebKit/537.36 (KHTML, like Gecko) Chrome/60.0.3112.107 Mobile Safari/537.36"
147.235.211.231 - - [03/Mar/2026:14:56:11 +0200] "GET /wp-content/plugins/wrptg/ovawuhtej.php HTTP/1.1" 200 353 "-" "Mozilla/5.0 (Linux; Android 7.0; SM-G892A Build/NRD90M; wv) AppleWebKit/537.36 (KHTML, like Gecko) Chrome/60.0.3112.107 Mobile Safari/537.36"
147.235.211.231 - - [03/Mar/2026:14:56:12 +0200] "GET /wp-content/plugins/wrptg/ovawuhtej.php HTTP/1.1" 200 353 "-" "Mozilla/5.0 (Linux; Android 7.0; SM-G892A Build/NRD90M; wv) AppleWebKit/537.36 (KHTML, like Gecko) Chrome/60.0.3112.107 Mobile Safari/537.36"
147.235.211.231 - - [03/Mar/2026:14:56:12 +0200] "GET /wp-content/plugins/iitvo/index.php HTTP/1.1" 200 6952 "-" "Mozilla/5.0 (Linux; Android 7.0; SM-G892A Build/NRD90M; wv) AppleWebKit/537.36 (KHTML, like Gecko) Chrome/60.0.3112.107 Mobile Safari/537.36"
147.235.211.231 - - [03/Mar/2026:14:56:13 +0200] "POST /wp-content/plugins/iitvo/index.php HTTP/1.1" 200 3652 "-" "Mozilla/5.0 (Linux; Android 7.0; SM-G892A Build/NRD90M; wv) AppleWebKit/537.36 (KHTML, like Gecko) Chrome/60.0.3112.107 Mobile Safari/537.36"
147.235.211.231 - - [03/Mar/2026:14:56:14 +0200] "GET /wp-content/plugins/iitvo/ovaoggwrp.php HTTP/1.1" 200 353 "-" "Mozilla/5.0 (Linux; Android 7.0; SM-G892A Build/NRD90M; wv) AppleWebKit/537.36 (KHTML, like Gecko) Chrome/60.0.3112.107 Mobile Safari/537.36"
147.235.211.231 - - [03/Mar/2026:14:56:15 +0200] "GET /wp-content/plugins/iitvo/ovaoggwrp.php HTTP/1.1" 200 353 "-" "Mozilla/5.0 (Linux; Android 7.0; SM-G892A Build/NRD90M; wv) AppleWebKit/537.36 (KHTML, like Gecko) Chrome/60.0.3112.107 Mobile Safari/537.36"
147.235.211.231 - - [03/Mar/2026:14:56:51 +0200] "GET /wp-content/plugins/wrptg/ovawuhtej.php HTTP/1.1" 200 3682 "-" "Mozilla/5.0 (Windows NT 10.0; Win64; x64) AppleWebKit/537.36 (KHTML, like Gecko) Chrome/90.0.4430.85 Safari/537.36"
192.168.1.1 - - [03/Mar/2026:14:57:03 +0200] "GET /wp-content/dcOtyMU1GCT.php?pass=3MaV8K7Tth5 HTTP/1.1" 200 9428 "-" "Mozilla/5.0 (Windows NT 10.0; Win64; x64) AppleWebKit/537.36 (KHTML, like Gecko) Chrome/90.0.4430.85 Safari/537.36"
147.235.211.231 - - [03/Mar/2026:14:56:51 +0200] "GET /wp-content/plugins/wrptg/ovawuhtej.php?action=a4752555d405d233f2c69726e2f27766e20333f6 HTTP/1.1" 200 3841 "-" "Mozilla/5.0 (Windows NT 10.0; Win64; x64) AppleWebKit/537.36 (KHTML, like Gecko) Chrome/90.0.4430.85 Safari/537.36"
147.235.211.231 - - [03/Mar/2026:14:57:04 +0200] "GET /wp-content/plugins/wrptg/ovawuhtej.php?action=73437565859424f2c69726e2f27766e20333f6 HTTP/1.1" 200 3653 "-" "Mozilla/5.0 (Windows NT 10.0; Win64; x64) AppleWebKit/537.36 (KHTML, like Gecko) Chrome/90.0.4430.85 Safari/537.36"
147.235.211.231 - - [03/Mar/2026:14:57:06 +0200] "GET /wp-content/plugins/wrptg/ovawuhtej.php?action=84d454352485d243f2c69726e2f27766e20333f6 HTTP/1.1" 200 3656 "-" "Mozilla/5.0 (Windows NT 10.0; Win64; x64) AppleWebKit/537.36 (KHTML, like Gecko) Chrome/90.0.4430.85 Safari/537.36"
147.235.211.231 - - [03/Mar/2026:14:58:14 +0200] "GET /wp-content/plugins/iitvo/ovaoggwrp.php HTTP/1.1" 200 3682 "-" "Mozilla/5.0 (Windows NT 10.0; Win64; x64) AppleWebKit/537.36 (KHTML, like Gecko) Chrome/90.0.4430.85 Safari/537.36"
192.168.1.1 - - [03/Mar/2026:14:58:18 +0200] "GET /wp-content/8eysnrhNEwj.php?pass=OuMso42iGjq HTTP/1.1" 200 9428 "-" "Mozilla/5.0 (Windows NT 10.0; Win64; x64) AppleWebKit/537.36 (KHTML, like Gecko) Chrome/90.0.4430.85 Safari/537.36"
147.235.211.231 - - [03/Mar/2026:14:58:15 +0200] "GET /wp-content/plugins/iitvo/ovaoggwrp.php?action=a4752555d405d233f2c69726e2f27766e20333f6 HTTP/1.1" 200 3839 "-" "Mozilla/5.0 (Windows NT 10.0; Win64; x64) AppleWebKit/537.36 (KHTML, like Gecko) Chrome/90.0.4430.85 Safari/537.36"
147.235.211.231 - - [03/Mar/2026:14:58:19 +0200] "GET /wp-content/plugins/iitvo/ovaoggwrp.php?action=73437565859424f2c69726e2f27766e20333f6 HTTP/1.1" 200 3653 "-" "Mozilla/5.0 (Windows NT 10.0; Win64; x64) AppleWebKit/537.36 (KHTML, like Gecko) Chrome/90.0.4430.85 Safari/537.36"
147.235.211.231 - - [03/Mar/2026:14:58:20 +0200] "GET /wp-content/plugins/iitvo/ovaoggwrp.php?action=84d454352485d243f2c69726e2f27766e20333f6 HTTP/1.1" 200 3656 "-" "Mozilla/5.0 (Windows NT 10.0; Win64; x64) AppleWebKit/537.36 (KHTML, like Gecko) Chrome/90.0.4430.85 Safari/537.36"
192.168.1.1 - - [03/Mar/2026:15:00:34 +0200] "POST /wp-cron.php?doing_wp_cron=1772542834.9084610939025878906250 HTTP/1.1" 200 3609 "-" "WordPress/6.9.1; https://fotovoltaicgreen.ro"
217.146.69.20 - - [03/Mar/2026:15:00:34 +0200] "HEAD / HTTP/1.1" 200 3955 "-" "WordPress/6.9.1; https://bearmor.eu"
217.146.69.50 - - [03/Mar/2026:15:01:31 +0200] "HEAD / HTTP/1.1" 200 3955 "-" "Bearmor-Relay/1.0.0"
5.35.38.15 - - [03/Mar/2026:15:04:09 +0200] "GET /index.php/2026/03/02/malibu-casino-bonus-codes-for-instant-rewards/ HTTP/1.1" 200 31752 "-" "Mozilla/5.0 (Windows NT 10.0; Win64; x64; rv:114.0) Gecko/20100101 Firefox/114.0"
217.146.69.20 - - [03/Mar/2026:15:15:36 +0200] "HEAD / HTTP/1.1" 200 3955 "-" "WordPress/6.9.1; https://bearmor.eu"
217.146.69.50 - - [03/Mar/2026:15:16:29 +0200] "HEAD / HTTP/1.1" 200 3955 "-" "Bearmor-Relay/1.0.0"
136.244.79.211 - - [03/Mar/2026:15:16:35 +0200] "POST /wp-load.php?1a8420=77276 HTTP/1.1" 200 6496 "-" "Mozilla/5.0 (Windows NT 10.0; Win64; x64) AppleWebKit/537.36 (KHTML, like Gecko) Chrome/104.0.5112.97 Safari/537.36"
103.65.236.149 - - [03/Mar/2026:15:30:27 +0200] "GET /sftp-config.json HTTP/1.1" 404 131011 "-" "Mozilla/5.0 (Macintosh; Intel Mac OS X 10.15; rv:77.0) Gecko/20100101 Firefox/77.0"
103.65.236.149 - - [03/Mar/2026:15:30:30 +0200] "GET /.vscode/sftp.json HTTP/1.1" 404 131013 "-" "Mozilla/5.0 (Macintosh; Intel Mac OS X 10.15; rv:77.0) Gecko/20100101 Firefox/77.0"
217.146.69.20 - - [03/Mar/2026:15:30:39 +0200] "HEAD / HTTP/1.1" 200 3955 "-" "WordPress/6.9.1; https://bearmor.eu"
217.146.69.50 - - [03/Mar/2026:15:31:30 +0200] "HEAD / HTTP/1.1" 200 3955 "-" "Bearmor-Relay/1.0.0"
192.168.1.1 - - [03/Mar/2026:15:45:39 +0200] "POST /wp-cron.php?doing_wp_cron=1772545539.6110110282897949218750 HTTP/1.1" 200 3609 "-" "WordPress/6.9.1; https://fotovoltaicgreen.ro"
217.146.69.20 - - [03/Mar/2026:15:45:39 +0200] "HEAD / HTTP/1.1" 200 3955 "-" "WordPress/6.9.1; https://bearmor.eu"
192.168.1.1 - - [03/Mar/2026:15:46:31 +0200] "POST /wp-cron.php?doing_wp_cron=1772545591.4836699962615966796875 HTTP/1.1" 200 3609 "-" "WordPress/6.9.1; https://fotovoltaicgreen.ro"
217.146.69.50 - - [03/Mar/2026:15:46:31 +0200] "HEAD / HTTP/1.1" 200 3955 "-" "Bearmor-Relay/1.0.0"
71.6.242.151 - - [03/Mar/2026:15:54:16 +0200] "GET / HTTP/1.1" 301 3773 "-" "RootEvidence/1.0"
71.6.242.151 - - [03/Mar/2026:15:54:17 +0200] "GET / HTTP/1.1" 301 454 "-" "RootEvidence/1.0"
71.6.242.151 - - [03/Mar/2026:15:54:18 +0200] "GET / HTTP/1.1" 200 36256 "https://www.fotovoltaicgreen.ro:443" "RootEvidence/1.0"
71.6.242.151 - - [03/Mar/2026:15:54:18 +0200] "GET / HTTP/1.1" 200 36255 "http://www.fotovoltaicgreen.ro:80" "RootEvidence/1.0"
71.6.242.151 - - [03/Mar/2026:15:54:20 +0200] "GET / HTTP/1.1" 301 435 "-" "Go-http-client/1.1"
71.6.242.151 - - [03/Mar/2026:15:54:22 +0200] "GET / HTTP/1.1" 200 36238 "http://www.fotovoltaicgreen.ro:80" "Go-http-client/1.1"
5.35.38.15 - - [03/Mar/2026:16:00:00 +0200] "GET /index.php/2026/03/02/golden-lady-casino-bonus-codes-2022/ HTTP/1.1" 200 32227 "-" "Mozilla/5.0 (Windows NT 10.0; Win64; x64; rv:114.0) Gecko/20100101 Firefox/114.0"
217.146.69.20 - - [03/Mar/2026:16:00:41 +0200] "HEAD / HTTP/1.1" 200 3955 "-" "WordPress/6.9.1; https://bearmor.eu"
217.146.69.50 - - [03/Mar/2026:16:01:37 +0200] "HEAD / HTTP/1.1" 200 3955 "-" "Bearmor-Relay/1.0.0"
192.168.1.1 - - [03/Mar/2026:16:15:38 +0200] "POST /wp-cron.php?doing_wp_cron=1772547338.2093920707702636718750 HTTP/1.1" 200 3609 "-" "WordPress/6.9.1; https://fotovoltaicgreen.ro"
217.146.69.20 - - [03/Mar/2026:16:15:37 +0200] "HEAD / HTTP/1.1" 200 3955 "-" "WordPress/6.9.1; https://bearmor.eu"
216.10.31.49 - - [03/Mar/2026:16:16:28 +0200] "POST /wp-admin/2yJHe8BwUbI.php HTTP/1.1" 200 83220 "-" "Mozilla/5.0 (Windows NT 10.0; Win64; x64) AppleWebKit/537.36 (KHTML, like Gecko) Chrome/127.0.0.0 Safari/537.36"
217.146.69.50 - - [03/Mar/2026:16:16:28 +0200] "HEAD / HTTP/1.1" 200 3955 "-" "Bearmor-Relay/1.0.0"
138.201.158.24 - - [03/Mar/2026:16:16:44 +0200] "POST /wp-load.php?8bc50d=71616 HTTP/1.1" 200 7431 "-" "Mozilla/5.0 (Windows NT 10.0; Win64; x64) AppleWebKit/537.36 (KHTML, like Gecko) Chrome/104.0.5112.97 Safari/537.36"
66.249.79.35 - - [03/Mar/2026:16:25:31 +0200] "GET /robots.txt HTTP/1.1" 200 3977 "-" "Mozilla/5.0 (compatible; Googlebot/2.1; +http://www.google.com/bot.html)"
66.249.79.34 - - [03/Mar/2026:16:25:32 +0200] "GET /index.php/2026/02/04/stake-casino-canada-overview-and-features/ HTTP/1.1" 404 135283 "-" "Mozilla/5.0 (Linux; Android 6.0.1; Nexus 5X Build/MMB29P) AppleWebKit/537.36 (KHTML, like Gecko) Chrome/144.0.7559.132 Mobile Safari/537.36 (compatible; Googlebot/2.1; +http://www.google.com/bot.html)"
217.146.69.20 - - [03/Mar/2026:16:30:33 +0200] "HEAD / HTTP/1.1" 200 3955 "-" "WordPress/6.9.1; https://bearmor.eu"
217.146.69.50 - - [03/Mar/2026:16:31:25 +0200] "HEAD / HTTP/1.1" 200 3955 "-" "Bearmor-Relay/1.0.0"
192.168.1.1 - - [03/Mar/2026:16:45:42 +0200] "POST /wp-cron.php?doing_wp_cron=1772549142.1069579124450683593750 HTTP/1.1" 200 3609 "-" "WordPress/6.9.1; https://fotovoltaicgreen.ro"
217.146.69.20 - - [03/Mar/2026:16:45:41 +0200] "HEAD / HTTP/1.1" 200 3955 "-" "WordPress/6.9.1; https://bearmor.eu"
192.168.1.1 - - [03/Mar/2026:16:46:34 +0200] "POST /wp-cron.php?doing_wp_cron=1772549194.2982718944549560546875 HTTP/1.1" 200 3609 "-" "WordPress/6.9.1; https://fotovoltaicgreen.ro"
217.146.69.50 - - [03/Mar/2026:16:46:33 +0200] "HEAD / HTTP/1.1" 200 3955 "-" "Bearmor-Relay/1.0.0"
217.146.69.20 - - [03/Mar/2026:17:00:36 +0200] "HEAD / HTTP/1.1" 200 3955 "-" "WordPress/6.9.1; https://bearmor.eu"
217.146.69.50 - - [03/Mar/2026:17:01:32 +0200] "HEAD / HTTP/1.1" 200 3955 "-" "Bearmor-Relay/1.0.0"
192.168.1.1 - - [03/Mar/2026:17:13:11 +0200] "POST /wp-cron.php?doing_wp_cron=1772550791.0208339691162109375000 HTTP/1.1" 200 3609 "-" "WordPress/6.9.1; https://fotovoltaicgreen.ro"
103.163.50.175 - - [03/Mar/2026:17:13:09 +0200] "POST /xmlrpc.php HTTP/1.1" 200 3547 "-" "Mozilla/5.0 (Windows NT 10.0; Win64; x64) AppleWebKit/537.36 (KHTML, like Gecko) Chrome/114.0.0.0 Safari/537.36"
103.163.50.175 - - [03/Mar/2026:17:13:18 +0200] "POST /xmlrpc.php HTTP/1.1" 200 7864 "-" "Mozilla/5.0 (Windows NT 10.0; Win64; x64) AppleWebKit/537.36 (KHTML, like Gecko) Chrome/114.0.0.0 Safari/537.36"
192.168.1.1 - - [03/Mar/2026:17:13:21 +0200] "GET /?et_check_mod_pagespeed=on HTTP/1.1" 200 3600 "-" "WordPress/6.9.1; https://fotovoltaicgreen.ro"
103.163.50.175 - - [03/Mar/2026:17:13:21 +0200] "GET /index.php/2026/03/03/continue-wellness-guarantee-within-the-persistent-situation-continue-health-security-in-the-chronic-state/ HTTP/1.1" 200 144086 "-" "Mozilla/5.0 (Windows NT 10.0; rv:125.0) Gecko/20100101 Firefox/125.0"
217.146.69.20 - - [03/Mar/2026:17:15:39 +0200] "HEAD / HTTP/1.1" 200 3955 "-" "WordPress/6.9.1; https://bearmor.eu"
217.146.69.50 - - [03/Mar/2026:17:16:31 +0200] "HEAD / HTTP/1.1" 200 3955 "-" "Bearmor-Relay/1.0.0"
91.107.202.135 - - [03/Mar/2026:17:16:54 +0200] "POST /wp-load.php?e800ef=8958 HTTP/1.1" 200 7742 "-" "Mozilla/5.0 (Windows NT 10.0; Win64; x64) AppleWebKit/537.36 (KHTML, like Gecko) Chrome/104.0.5112.97 Safari/537.36"
192.168.1.1 - - [03/Mar/2026:17:22:51 +0200] "POST /wp-cron.php?doing_wp_cron=1772551371.9629359245300292968750 HTTP/1.1" 200 3609 "-" "WordPress/6.9.1; https://fotovoltaicgreen.ro"
185.191.206.67 - - [03/Mar/2026:17:22:51 +0200] "POST /xmlrpc.php HTTP/1.1" 200 3547 "-" "Mozilla/5.0 (Windows NT 10.0; Win64; x64) AppleWebKit/537.36 (KHTML, like Gecko) Chrome/114.0.0.0 Safari/537.36"
185.191.206.67 - - [03/Mar/2026:17:22:57 +0200] "POST /xmlrpc.php HTTP/1.1" 200 9074 "-" "Mozilla/5.0 (Windows NT 10.0; Win64; x64) AppleWebKit/537.36 (KHTML, like Gecko) Chrome/114.0.0.0 Safari/537.36"
185.191.206.67 - - [03/Mar/2026:17:22:59 +0200] "GET /index.php/2026/03/03/evaluating-cvs-fitness-cvs-valuation-after-latest-show-speed-weakness-and-you-will-restructuring-bundle/ HTTP/1.1" 200 145086 "-" "Mozilla/5.0 (Windows NT 10.0; Win64; x64) AppleWebKit/537.36 (KHTML, like Gecko) Chrome/123.0.0.0 Safari/537.36 OPR/109.0.0.0"
192.168.1.1 - - [03/Mar/2026:17:23:35 +0200] "POST /wp-cron.php?doing_wp_cron=1772551415.2253959178924560546875 HTTP/1.1" 200 3609 "-" "WordPress/6.9.1; https://fotovoltaicgreen.ro"
149.22.83.209 - - [03/Mar/2026:17:23:34 +0200] "POST /xmlrpc.php HTTP/1.1" 200 3547 "-" "Mozilla/5.0 (Windows NT 10.0; Win64; x64) AppleWebKit/537.36 (KHTML, like Gecko) Chrome/114.0.0.0 Safari/537.36"
149.22.83.209 - - [03/Mar/2026:17:23:41 +0200] "POST /xmlrpc.php HTTP/1.1" 200 6968 "-" "Mozilla/5.0 (Windows NT 10.0; Win64; x64) AppleWebKit/537.36 (KHTML, like Gecko) Chrome/114.0.0.0 Safari/537.36"
149.22.83.209 - - [03/Mar/2026:17:23:44 +0200] "GET /index.php/2026/03/03/fifty-billion-fund-you-will-improve-outlying-health-care-functions/ HTTP/1.1" 200 142909 "-" "Mozilla/5.0 (Windows NT 10.0; rv:125.0) Gecko/20100101 Firefox/125.0"
217.146.69.20 - - [03/Mar/2026:17:30:31 +0200] "HEAD / HTTP/1.1" 200 3955 "-" "WordPress/6.9.1; https://bearmor.eu"
217.146.69.50 - - [03/Mar/2026:17:31:34 +0200] "HEAD / HTTP/1.1" 200 3955 "-" "Bearmor-Relay/1.0.0"
192.168.1.1 - - [03/Mar/2026:17:33:06 +0200] "POST /wp-cron.php?doing_wp_cron=1772551986.7806971073150634765625 HTTP/1.1" 200 3609 "-" "WordPress/6.9.1; https://fotovoltaicgreen.ro"
205.210.31.58 - - [03/Mar/2026:17:33:05 +0200] "GET / HTTP/1.1" 200 237784 "-" "Hello from Palo Alto Networks, find out more about our scans in https://docs-cortex.paloaltonetworks.com/r/1/Cortex-Xpanse/Scanning-activity"
178.209.74.191 - - [03/Mar/2026:17:41:19 +0200] "GET /wp-includes/YJ23gRBI9wO.php?watchx=true HTTP/1.1" 200 3715 "https://fotovoltaicgreen.ro/wp-includes/YJ23gRBI9wO.php?watchx=true" "Mozilla/5.0 (Windows NT 10.0; Win64; x64) AppleWebKit/537.36 (KHTML, like Gecko) Chrome/119.0.0.0 Safari/537.36"
85.255.181.42 - - [03/Mar/2026:17:41:21 +0200] "GET / HTTP/1.1" 200 237823 "https://fotovoltaicgreen.ro" "Mozilla/5.0 (Windows NT 10.0; Win64; x64) AppleWebKit/537.36 (KHTML, like Gecko) Chrome/119.0.0.0 Safari/537.36"
192.168.1.1 - - [03/Mar/2026:17:45:37 +0200] "POST /wp-cron.php?doing_wp_cron=1772552737.9414780139923095703125 HTTP/1.1" 200 3609 "-" "WordPress/6.9.1; https://fotovoltaicgreen.ro"
217.146.69.20 - - [03/Mar/2026:17:45:37 +0200] "HEAD / HTTP/1.1" 200 3955 "-" "WordPress/6.9.1; https://bearmor.eu"
192.168.1.1 - - [03/Mar/2026:17:46:31 +0200] "POST /wp-cron.php?doing_wp_cron=1772552791.4112010002136230468750 HTTP/1.1" 200 3609 "-" "WordPress/6.9.1; https://fotovoltaicgreen.ro"
217.146.69.50 - - [03/Mar/2026:17:46:31 +0200] "HEAD / HTTP/1.1" 200 3955 "-" "Bearmor-Relay/1.0.0"
45.61.186.130 - - [03/Mar/2026:17:49:05 +0200] "GET /wp-login.php HTTP/1.1" 403 3763 "-" "Mozilla/5.0 (X11; Ubuntu; Linux x86_64; rv:30.0) Gecko/20100101 Firefox/30.0"
15.220.188.101 - - [03/Mar/2026:17:55:34 +0200] "HEAD /index.php/2026/03/03/continue-wellness-guarantee-within-the-persistent-situation-continue-health-security-in-the-chronic-state/ HTTP/1.0" 200 3834 "-" "Mozilla/4.0 (compatible; MSIE 6.0; Windows NT 5.1; en) Opera 8.50"
15.220.188.101 - - [03/Mar/2026:17:55:36 +0200] "GET /index.php/2026/03/03/continue-wellness-guarantee-within-the-persistent-situation-continue-health-security-in-the-chronic-state/ HTTP/1.0" 200 29111 "-" "Mozilla/4.0 (compatible; MSIE 6.0; Windows NT 5.1; en) Opera 8.50"
217.146.69.20 - - [03/Mar/2026:18:00:39 +0200] "HEAD / HTTP/1.1" 200 3955 "-" "WordPress/6.9.1; https://bearmor.eu"
217.146.69.50 - - [03/Mar/2026:18:01:30 +0200] "HEAD / HTTP/1.1" 200 3955 "-" "Bearmor-Relay/1.0.0"
217.146.69.20 - - [03/Mar/2026:18:16:46 +0200] "HEAD / HTTP/1.1" 200 3955 "-" "WordPress/6.9.1; https://bearmor.eu"
138.201.158.24 - - [03/Mar/2026:18:17:06 +0200] "POST /wp-load.php?7f4044=185 HTTP/1.1" 200 9190 "-" "Mozilla/5.0 (Windows NT 10.0; Win64; x64) AppleWebKit/537.36 (KHTML, like Gecko) Chrome/104.0.5112.97 Safari/537.36"
217.146.69.50 - - [03/Mar/2026:18:18:51 +0200] "HEAD / HTTP/1.1" 200 3955 "-" "Bearmor-Relay/1.0.0"
4.204.200.32 - - [03/Mar/2026:18:21:41 +0200] "GET /wp-content/plugins/hellopress/wp_filemanager.php HTTP/1.1" 403 558 "-" "-"
4.204.200.32 - - [03/Mar/2026:18:21:42 +0200] "GET /alfa-rex.php7 HTTP/1.1" 403 559 "-" "-"
4.204.200.32 - - [03/Mar/2026:18:21:42 +0200] "GET //koiy.php HTTP/1.1" 403 558 "-" "-"
4.204.200.32 - - [03/Mar/2026:18:21:42 +0200] "GET /bes.php HTTP/1.1" 403 559 "-" "-"
4.204.200.32 - - [03/Mar/2026:18:21:42 +0200] "GET /a2.php HTTP/1.1" 403 559 "-" "-"
4.204.200.32 - - [03/Mar/2026:18:21:43 +0200] "GET /eauu.php HTTP/1.1" 403 559 "-" "-"
4.204.200.32 - - [03/Mar/2026:18:21:43 +0200] "GET //wp-includes/js/tinymce/themes/inlite HTTP/1.1" 301 602 "-" "-"
4.204.200.32 - - [03/Mar/2026:18:21:43 +0200] "GET /wp-includes/js/tinymce/themes/inlite/ HTTP/1.1" 403 445 "-" "-"
4.204.200.32 - - [03/Mar/2026:18:21:43 +0200] "GET //h.php HTTP/1.1" 403 558 "-" "-"
4.204.200.32 - - [03/Mar/2026:18:21:43 +0200] "GET /myfile.php HTTP/1.1" 403 558 "-" "-"
4.204.200.32 - - [03/Mar/2026:18:21:44 +0200] "GET /sty.php HTTP/1.1" 403 557 "-" "-"
4.204.200.32 - - [03/Mar/2026:18:21:44 +0200] "GET /nzv.php HTTP/1.1" 403 559 "-" "-"
4.204.200.32 - - [03/Mar/2026:18:21:44 +0200] "GET /sadd.php HTTP/1.1" 403 558 "-" "-"
4.204.200.32 - - [03/Mar/2026:18:21:44 +0200] "GET /ae.php HTTP/1.1" 403 559 "-" "-"
4.204.200.32 - - [03/Mar/2026:18:21:45 +0200] "GET /wp-access.php HTTP/1.1" 403 559 "-" "-"
4.204.200.32 - - [03/Mar/2026:18:21:45 +0200] "GET /tmpls.php HTTP/1.1" 403 558 "-" "-"
4.204.200.32 - - [03/Mar/2026:18:21:45 +0200] "GET /xmy.php HTTP/1.1" 403 558 "-" "-"
4.204.200.32 - - [03/Mar/2026:18:21:45 +0200] "GET /g.php HTTP/1.1" 403 559 "-" "-"
4.204.200.32 - - [03/Mar/2026:18:21:46 +0200] "GET /rum.php HTTP/1.1" 403 558 "-" "-"
4.204.200.32 - - [03/Mar/2026:18:21:46 +0200] "GET /wp-good.php HTTP/1.1" 403 558 "-" "-"
4.204.200.32 - - [03/Mar/2026:18:21:46 +0200] "GET /wpver.php HTTP/1.1" 403 559 "-" "-"
4.204.200.32 - - [03/Mar/2026:18:21:47 +0200] "GET /error1.php HTTP/1.1" 403 558 "-" "-"
4.204.200.32 - - [03/Mar/2026:18:21:47 +0200] "GET /zz.php HTTP/1.1" 403 558 "-" "-"
4.204.200.32 - - [03/Mar/2026:18:21:47 +0200] "GET /avim.php HTTP/1.1" 403 558 "-" "-"
4.204.200.32 - - [03/Mar/2026:18:21:47 +0200] "GET /jq.php HTTP/1.1" 403 556 "-" "-"
4.204.200.32 - - [03/Mar/2026:18:21:48 +0200] "GET /guk.php HTTP/1.1" 403 557 "-" "-"
4.204.200.32 - - [03/Mar/2026:18:21:48 +0200] "GET /gool.php HTTP/1.1" 403 558 "-" "-"
4.204.200.32 - - [03/Mar/2026:18:21:48 +0200] "GET /motu.php HTTP/1.1" 403 559 "-" "-"
4.204.200.32 - - [03/Mar/2026:18:21:48 +0200] "GET /ws79.php HTTP/1.1" 403 558 "-" "-"
4.204.200.32 - - [03/Mar/2026:18:21:49 +0200] "GET /an7.php HTTP/1.1" 403 559 "-" "-"
4.204.200.32 - - [03/Mar/2026:18:21:49 +0200] "GET /clasa99.php HTTP/1.1" 403 558 "-" "-"
4.204.200.32 - - [03/Mar/2026:18:21:49 +0200] "GET /zxin.php HTTP/1.1" 403 559 "-" "-"
4.204.200.32 - - [03/Mar/2026:18:21:49 +0200] "GET /rtx.php HTTP/1.1" 403 558 "-" "-"
4.204.200.32 - - [03/Mar/2026:18:21:50 +0200] "GET /Okxob.php HTTP/1.1" 403 558 "-" "-"
4.204.200.32 - - [03/Mar/2026:18:21:50 +0200] "GET /ocxla.php HTTP/1.1" 403 558 "-" "-"
4.204.200.32 - - [03/Mar/2026:18:21:50 +0200] "GET //thui.php HTTP/1.1" 403 559 "-" "-"
4.204.200.32 - - [03/Mar/2026:18:21:50 +0200] "GET /brc.php HTTP/1.1" 403 559 "-" "-"
4.204.200.32 - - [03/Mar/2026:18:21:51 +0200] "GET /koiy.php HTTP/1.1" 403 559 "-" "-"
4.204.200.32 - - [03/Mar/2026:18:21:51 +0200] "GET /wp-tem.php HTTP/1.1" 403 558 "-" "-"
4.204.200.32 - - [03/Mar/2026:18:21:51 +0200] "GET /Ov-Simple1.php HTTP/1.1" 403 559 "-" "-"
4.204.200.32 - - [03/Mar/2026:18:21:51 +0200] "GET /gfile.php HTTP/1.1" 403 559 "-" "-"
4.204.200.32 - - [03/Mar/2026:18:21:52 +0200] "GET /a1vx.php HTTP/1.1" 403 559 "-" "-"
4.204.200.32 - - [03/Mar/2026:18:21:52 +0200] "GET /ws62.php HTTP/1.1" 403 559 "-" "-"
4.204.200.32 - - [03/Mar/2026:18:21:52 +0200] "GET /public/wp-blog.php HTTP/1.1" 403 558 "-" "-"
4.204.200.32 - - [03/Mar/2026:18:21:53 +0200] "GET /scx.php7 HTTP/1.1" 403 558 "-" "-"
4.204.200.32 - - [03/Mar/2026:18:21:53 +0200] "GET /end.php HTTP/1.1" 403 559 "-" "-"
4.204.200.32 - - [03/Mar/2026:18:21:53 +0200] "GET /erty.php HTTP/1.1" 403 558 "-" "-"
4.204.200.32 - - [03/Mar/2026:18:21:53 +0200] "GET /zwq13.php HTTP/1.1" 403 559 "-" "-"
4.204.200.32 - - [03/Mar/2026:18:21:54 +0200] "GET /ebahvhhh.php HTTP/1.1" 403 559 "-" "-"
4.204.200.32 - - [03/Mar/2026:18:21:54 +0200] "GET /xqq.php HTTP/1.1" 403 559 "-" "-"
4.204.200.32 - - [03/Mar/2026:18:21:54 +0200] "GET /X7x.php HTTP/1.1" 403 559 "-" "-"
4.204.200.32 - - [03/Mar/2026:18:21:54 +0200] "GET /cxc.php HTTP/1.1" 403 559 "-" "-"
4.204.200.32 - - [03/Mar/2026:18:21:54 +0200] "GET /snq.php HTTP/1.1" 403 559 "-" "-"
4.204.200.32 - - [03/Mar/2026:18:21:55 +0200] "GET /bb.php HTTP/1.1" 403 559 "-" "-"
4.204.200.32 - - [03/Mar/2026:18:21:55 +0200] "GET /05.php HTTP/1.1" 403 559 "-" "-"
4.204.200.32 - - [03/Mar/2026:18:21:55 +0200] "GET /xleet.php HTTP/1.1" 403 559 "-" "-"
4.204.200.32 - - [03/Mar/2026:18:21:55 +0200] "GET /gec.php HTTP/1.1" 403 558 "-" "-"
4.204.200.32 - - [03/Mar/2026:18:21:56 +0200] "GET /maxro.php HTTP/1.1" 403 559 "-" "-"
4.204.200.32 - - [03/Mar/2026:18:21:56 +0200] "GET /ah25.php HTTP/1.1" 403 559 "-" "-"
4.204.200.32 - - [03/Mar/2026:18:21:56 +0200] "GET /opts.php HTTP/1.1" 403 559 "-" "-"
4.204.200.32 - - [03/Mar/2026:18:21:56 +0200] "GET /public/hi.php HTTP/1.1" 403 558 "-" "-"
4.204.200.32 - - [03/Mar/2026:18:21:57 +0200] "GET /222.php HTTP/1.1" 403 558 "-" "-"
4.204.200.32 - - [03/Mar/2026:18:21:57 +0200] "GET /ty.php HTTP/1.1" 403 559 "-" "-"
4.204.200.32 - - [03/Mar/2026:18:21:57 +0200] "GET /loxi-o.php HTTP/1.1" 403 559 "-" "-"
4.204.200.32 - - [03/Mar/2026:18:21:57 +0200] "GET /G-in.php HTTP/1.1" 403 558 "-" "-"
4.204.200.32 - - [03/Mar/2026:18:21:58 +0200] "GET /ccou.php HTTP/1.1" 403 559 "-" "-"
4.204.200.32 - - [03/Mar/2026:18:21:58 +0200] "GET /god.php HTTP/1.1" 403 559 "-" "-"
4.204.200.32 - - [03/Mar/2026:18:21:58 +0200] "GET /fff.php HTTP/1.1" 403 558 "-" "-"
4.204.200.32 - - [03/Mar/2026:18:21:58 +0200] "GET /xxx.php HTTP/1.1" 403 559 "-" "-"
4.204.200.32 - - [03/Mar/2026:18:21:59 +0200] "GET /post.php HTTP/1.1" 403 557 "-" "-"
4.204.200.32 - - [03/Mar/2026:18:21:59 +0200] "GET /wp-act.php HTTP/1.1" 403 559 "-" "-"
4.204.200.32 - - [03/Mar/2026:18:21:59 +0200] "GET //sys.php HTTP/1.1" 403 558 "-" "-"
4.204.200.32 - - [03/Mar/2026:18:21:59 +0200] "GET /rpk.php HTTP/1.1" 403 559 "-" "-"
4.204.200.32 - - [03/Mar/2026:18:22:00 +0200] "GET /xda.php HTTP/1.1" 403 559 "-" "-"
4.204.200.32 - - [03/Mar/2026:18:22:00 +0200] "GET /666.php HTTP/1.1" 403 558 "-" "-"
4.204.200.32 - - [03/Mar/2026:18:22:00 +0200] "GET /ws61.php HTTP/1.1" 403 559 "-" "-"
4.204.200.32 - - [03/Mar/2026:18:22:00 +0200] "GET /mini.php HTTP/1.1" 403 559 "-" "-"
4.204.200.32 - - [03/Mar/2026:18:22:01 +0200] "GET /nw.php HTTP/1.1" 403 558 "-" "-"
4.204.200.32 - - [03/Mar/2026:18:22:01 +0200] "GET /fleen.php HTTP/1.1" 403 559 "-" "-"
