4.204.200.32 - - [03/Mar/2026:18:22:01 +0200] "GET /autogooey.php HTTP/1.1" 403 559 "-" "-"
4.204.200.32 - - [03/Mar/2026:18:22:02 +0200] "GET /ex.php HTTP/1.1" 403 559 "-" "-"
4.204.200.32 - - [03/Mar/2026:18:22:02 +0200] "GET /iko.php HTTP/1.1" 403 559 "-" "-"
4.204.200.32 - - [03/Mar/2026:18:22:02 +0200] "GET /ze.php HTTP/1.1" 403 558 "-" "-"
4.204.200.32 - - [03/Mar/2026:18:22:02 +0200] "GET /moon.php HTTP/1.1" 403 558 "-" "-"
4.204.200.32 - - [03/Mar/2026:18:22:03 +0200] "GET /c4.php HTTP/1.1" 403 557 "-" "-"
4.204.200.32 - - [03/Mar/2026:18:22:03 +0200] "GET /f6.php HTTP/1.1" 403 559 "-" "-"
4.204.200.32 - - [03/Mar/2026:18:22:03 +0200] "GET /app.php HTTP/1.1" 403 559 "-" "-"
4.204.200.32 - - [03/Mar/2026:18:22:03 +0200] "GET /wp-admin/sc.php HTTP/1.1" 403 558 "-" "-"
4.204.200.32 - - [03/Mar/2026:18:22:04 +0200] "GET /grsiuk.php HTTP/1.1" 403 558 "-" "-"
4.204.200.32 - - [03/Mar/2026:18:22:04 +0200] "GET /new4.php HTTP/1.1" 403 559 "-" "-"
4.204.200.32 - - [03/Mar/2026:18:22:04 +0200] "GET /olfclass.php HTTP/1.1" 403 559 "-" "-"
4.204.200.32 - - [03/Mar/2026:18:22:04 +0200] "GET //ms.php HTTP/1.1" 403 559 "-" "-"
4.204.200.32 - - [03/Mar/2026:18:22:05 +0200] "GET /pass4.php HTTP/1.1" 403 559 "-" "-"
4.204.200.32 - - [03/Mar/2026:18:22:05 +0200] "GET /wdf.php HTTP/1.1" 403 557 "-" "-"
4.204.200.32 - - [03/Mar/2026:18:22:05 +0200] "GET /pouhg.php HTTP/1.1" 403 558 "-" "-"
4.204.200.32 - - [03/Mar/2026:18:22:05 +0200] "GET /wqqs.php HTTP/1.1" 403 558 "-" "-"
4.204.200.32 - - [03/Mar/2026:18:22:06 +0200] "GET /kj.php HTTP/1.1" 403 559 "-" "-"
4.204.200.32 - - [03/Mar/2026:18:22:06 +0200] "GET /e.php HTTP/1.1" 403 558 "-" "-"
4.204.200.32 - - [03/Mar/2026:18:22:06 +0200] "GET /file52.php HTTP/1.1" 403 558 "-" "-"
4.204.200.32 - - [03/Mar/2026:18:22:06 +0200] "GET /z.php HTTP/1.1" 403 559 "-" "-"
4.204.200.32 - - [03/Mar/2026:18:22:07 +0200] "GET /thui.php HTTP/1.1" 403 578 "-" "-"
4.204.200.32 - - [03/Mar/2026:18:22:07 +0200] "GET /pp.php HTTP/1.1" 403 559 "-" "-"
4.204.200.32 - - [03/Mar/2026:18:22:08 +0200] "GET /gjm.php HTTP/1.1" 403 559 "-" "-"
4.204.200.32 - - [03/Mar/2026:18:22:08 +0200] "GET /ok.php HTTP/1.1" 403 558 "-" "-"
4.204.200.32 - - [03/Mar/2026:18:22:08 +0200] "GET //edit.php HTTP/1.1" 403 558 "-" "-"
4.204.200.32 - - [03/Mar/2026:18:22:08 +0200] "GET /agg.php HTTP/1.1" 403 559 "-" "-"
4.204.200.32 - - [03/Mar/2026:18:22:09 +0200] "GET /wp-blog.php HTTP/1.1" 403 558 "-" "-"
4.204.200.32 - - [03/Mar/2026:18:22:09 +0200] "GET /66.php HTTP/1.1" 403 559 "-" "-"
4.204.200.32 - - [03/Mar/2026:18:22:09 +0200] "GET /wp-freya.php HTTP/1.1" 403 559 "-" "-"
4.204.200.32 - - [03/Mar/2026:18:22:09 +0200] "GET /0.php HTTP/1.1" 403 559 "-" "-"
4.204.200.32 - - [03/Mar/2026:18:22:10 +0200] "GET /wp-admin/css/bolt.php HTTP/1.1" 403 559 "-" "-"
4.204.200.32 - - [03/Mar/2026:18:22:10 +0200] "GET /fasx.php HTTP/1.1" 403 558 "-" "-"
4.204.200.32 - - [03/Mar/2026:18:22:10 +0200] "GET /file59.php HTTP/1.1" 403 558 "-" "-"
4.204.200.32 - - [03/Mar/2026:18:22:10 +0200] "GET /cu.php HTTP/1.1" 403 558 "-" "-"
4.204.200.32 - - [03/Mar/2026:18:22:11 +0200] "GET /tax.php HTTP/1.1" 403 559 "-" "-"
4.204.200.32 - - [03/Mar/2026:18:22:11 +0200] "GET /public/vx.php HTTP/1.1" 403 558 "-" "-"
4.204.200.32 - - [03/Mar/2026:18:22:11 +0200] "GET /xa.php HTTP/1.1" 403 559 "-" "-"
4.204.200.32 - - [03/Mar/2026:18:22:11 +0200] "GET /ms-edit.php HTTP/1.1" 403 558 "-" "-"
4.204.200.32 - - [03/Mar/2026:18:22:12 +0200] "GET /sdsa.php HTTP/1.1" 403 559 "-" "-"
4.204.200.32 - - [03/Mar/2026:18:22:12 +0200] "GET /wsws.php HTTP/1.1" 403 558 "-" "-"
4.204.200.32 - - [03/Mar/2026:18:22:12 +0200] "GET /btx25.php HTTP/1.1" 403 557 "-" "-"
4.204.200.32 - - [03/Mar/2026:18:22:12 +0200] "GET /fun.php HTTP/1.1" 403 558 "-" "-"
4.204.200.32 - - [03/Mar/2026:18:22:13 +0200] "GET /vx.php HTTP/1.1" 403 559 "-" "-"
4.204.200.32 - - [03/Mar/2026:18:22:13 +0200] "GET /06.php HTTP/1.1" 403 559 "-" "-"
4.204.200.32 - - [03/Mar/2026:18:22:13 +0200] "GET /mga.php HTTP/1.1" 403 557 "-" "-"
4.204.200.32 - - [03/Mar/2026:18:22:14 +0200] "GET /X57.php HTTP/1.1" 403 558 "-" "-"
4.204.200.32 - - [03/Mar/2026:18:22:14 +0200] "GET /moon3.php HTTP/1.1" 403 559 "-" "-"
4.204.200.32 - - [03/Mar/2026:18:22:14 +0200] "GET /x7.php HTTP/1.1" 403 558 "-" "-"
4.204.200.32 - - [03/Mar/2026:18:22:14 +0200] "GET /sid3.php HTTP/1.1" 403 558 "-" "-"
4.204.200.32 - - [03/Mar/2026:18:22:15 +0200] "GET /mamzi.php HTTP/1.1" 403 559 "-" "-"
4.204.200.32 - - [03/Mar/2026:18:22:15 +0200] "GET /co.php HTTP/1.1" 403 559 "-" "-"
4.204.200.32 - - [03/Mar/2026:18:22:15 +0200] "GET /txets.php HTTP/1.1" 403 559 "-" "-"
4.204.200.32 - - [03/Mar/2026:18:22:15 +0200] "GET /tt.php HTTP/1.1" 403 558 "-" "-"
4.204.200.32 - - [03/Mar/2026:18:22:16 +0200] "GET /fs.php HTTP/1.1" 403 558 "-" "-"
4.204.200.32 - - [03/Mar/2026:18:22:16 +0200] "GET /ff1.php HTTP/1.1" 403 558 "-" "-"
4.204.200.32 - - [03/Mar/2026:18:22:16 +0200] "GET /wp9.php HTTP/1.1" 403 558 "-" "-"
4.204.200.32 - - [03/Mar/2026:18:22:16 +0200] "GET /nhr.php HTTP/1.1" 403 559 "-" "-"
4.204.200.32 - - [03/Mar/2026:18:22:17 +0200] "GET /mans.php HTTP/1.1" 403 559 "-" "-"
4.204.200.32 - - [03/Mar/2026:18:22:17 +0200] "GET /ms.php HTTP/1.1" 403 558 "-" "-"
4.204.200.32 - - [03/Mar/2026:18:22:17 +0200] "GET /forbidals.php HTTP/1.1" 403 559 "-" "-"
4.204.200.32 - - [03/Mar/2026:18:22:17 +0200] "GET /plugins.php HTTP/1.1" 403 559 "-" "-"
4.204.200.32 - - [03/Mar/2026:18:22:18 +0200] "GET /dom.php HTTP/1.1" 403 559 "-" "-"
4.204.200.32 - - [03/Mar/2026:18:22:18 +0200] "GET /8.php HTTP/1.1" 403 559 "-" "-"
4.204.200.32 - - [03/Mar/2026:18:22:18 +0200] "GET /wio.php HTTP/1.1" 403 559 "-" "-"
4.204.200.32 - - [03/Mar/2026:18:22:18 +0200] "GET /wp-conflg.php HTTP/1.1" 403 557 "-" "-"
4.204.200.32 - - [03/Mar/2026:18:22:19 +0200] "GET /wpo.php HTTP/1.1" 403 558 "-" "-"
4.204.200.32 - - [03/Mar/2026:18:22:19 +0200] "GET /bsg-management/php.php HTTP/1.1" 403 559 "-" "-"
4.204.200.32 - - [03/Mar/2026:18:22:19 +0200] "GET /get.php HTTP/1.1" 403 557 "-" "-"
4.204.200.32 - - [03/Mar/2026:18:22:19 +0200] "GET /path.php HTTP/1.1" 403 558 "-" "-"
4.204.200.32 - - [03/Mar/2026:18:22:20 +0200] "GET /fff.php HTTP/1.1" 403 559 "-" "-"
4.204.200.32 - - [03/Mar/2026:18:22:20 +0200] "GET /hello.php HTTP/1.1" 403 559 "-" "-"
4.204.200.32 - - [03/Mar/2026:18:22:20 +0200] "GET /wp-content/admin.php HTTP/1.1" 403 559 "-" "-"
4.204.200.32 - - [03/Mar/2026:18:22:20 +0200] "GET /raw.php HTTP/1.1" 403 559 "-" "-"
4.204.200.32 - - [03/Mar/2026:18:22:21 +0200] "GET /wp-the.php HTTP/1.1" 403 559 "-" "-"
4.204.200.32 - - [03/Mar/2026:18:22:21 +0200] "GET /sxdfrt.php HTTP/1.1" 403 559 "-" "-"
4.204.200.32 - - [03/Mar/2026:18:22:21 +0200] "GET /1061.php HTTP/1.1" 403 559 "-" "-"
4.204.200.32 - - [03/Mar/2026:18:22:21 +0200] "GET /ws59.php HTTP/1.1" 403 558 "-" "-"
4.204.200.32 - - [03/Mar/2026:18:22:22 +0200] "GET /166.php HTTP/1.1" 403 559 "-" "-"
4.204.200.32 - - [03/Mar/2026:18:22:22 +0200] "GET /vgtyu.php HTTP/1.1" 403 558 "-" "-"
4.204.200.32 - - [03/Mar/2026:18:22:22 +0200] "GET /100.kb.php HTTP/1.1" 403 559 "-" "-"
4.204.200.32 - - [03/Mar/2026:18:22:22 +0200] "GET /mcs.php HTTP/1.1" 403 559 "-" "-"
4.204.200.32 - - [03/Mar/2026:18:22:23 +0200] "GET /155.php HTTP/1.1" 403 558 "-" "-"
4.204.200.32 - - [03/Mar/2026:18:22:23 +0200] "GET /ws60.php HTTP/1.1" 403 558 "-" "-"
4.204.200.32 - - [03/Mar/2026:18:22:23 +0200] "GET /fr/ms.php HTTP/1.1" 403 559 "-" "-"
4.204.200.32 - - [03/Mar/2026:18:22:23 +0200] "GET /un.php HTTP/1.1" 403 559 "-" "-"
4.204.200.32 - - [03/Mar/2026:18:22:23 +0200] "GET /zc-318.php HTTP/1.1" 403 559 "-" "-"
4.204.200.32 - - [03/Mar/2026:18:22:24 +0200] "GET /wp5.php HTTP/1.1" 403 559 "-" "-"
4.204.200.32 - - [03/Mar/2026:18:22:24 +0200] "GET /byp8.php HTTP/1.1" 403 558 "-" "-"
4.204.200.32 - - [03/Mar/2026:18:22:24 +0200] "GET /sbhu.php HTTP/1.1" 403 558 "-" "-"
4.204.200.32 - - [03/Mar/2026:18:22:24 +0200] "GET /dsd.php HTTP/1.1" 403 559 "-" "-"
192.168.1.1 - - [03/Mar/2026:18:31:46 +0200] "POST /wp-cron.php?doing_wp_cron=1772555506.9410650730133056640625 HTTP/1.1" 200 3609 "-" "WordPress/6.9.1; https://fotovoltaicgreen.ro"
217.146.69.20 - - [03/Mar/2026:18:31:46 +0200] "HEAD / HTTP/1.1" 200 3955 "-" "WordPress/6.9.1; https://bearmor.eu"
217.146.69.50 - - [03/Mar/2026:18:33:54 +0200] "HEAD / HTTP/1.1" 200 3955 "-" "Bearmor-Relay/1.0.0"
192.168.1.1 - - [03/Mar/2026:18:46:53 +0200] "POST /wp-cron.php?doing_wp_cron=1772556413.4528789520263671875000 HTTP/1.1" 200 3609 "-" "WordPress/6.9.1; https://fotovoltaicgreen.ro"
217.146.69.20 - - [03/Mar/2026:18:46:52 +0200] "HEAD / HTTP/1.1" 200 3955 "-" "WordPress/6.9.1; https://bearmor.eu"
147.235.211.231 - - [03/Mar/2026:18:48:16 +0200] "GET /wp-content/plugins/wrptg/index.php HTTP/1.1" 200 7036 "-" "Mozilla/5.0 (Linux; Android 7.0; SM-G892A Build/NRD90M; wv) AppleWebKit/537.36 (KHTML, like Gecko) Chrome/60.0.3112.107 Mobile Safari/537.36"
147.235.211.231 - - [03/Mar/2026:18:48:16 +0200] "POST /wp-content/plugins/wrptg/index.php HTTP/1.1" 200 3735 "-" "Mozilla/5.0 (Linux; Android 7.0; SM-G892A Build/NRD90M; wv) AppleWebKit/537.36 (KHTML, like Gecko) Chrome/60.0.3112.107 Mobile Safari/537.36"
147.235.211.231 - - [03/Mar/2026:18:48:18 +0200] "GET /wp-content/plugins/wrptg/ovaoxlgne.php HTTP/1.1" 200 353 "-" "Mozilla/5.0 (Linux; Android 7.0; SM-G892A Build/NRD90M; wv) AppleWebKit/537.36 (KHTML, like Gecko) Chrome/60.0.3112.107 Mobile Safari/537.36"
147.235.211.231 - - [03/Mar/2026:18:48:18 +0200] "GET /wp-content/plugins/wrptg/ovaoxlgne.php HTTP/1.1" 200 353 "-" "Mozilla/5.0 (Linux; Android 7.0; SM-G892A Build/NRD90M; wv) AppleWebKit/537.36 (KHTML, like Gecko) Chrome/60.0.3112.107 Mobile Safari/537.36"
147.235.211.231 - - [03/Mar/2026:18:48:21 +0200] "GET /wp-content/plugins/iitvo/index.php HTTP/1.1" 200 7035 "-" "Mozilla/5.0 (Linux; Android 7.0; SM-G892A Build/NRD90M; wv) AppleWebKit/537.36 (KHTML, like Gecko) Chrome/60.0.3112.107 Mobile Safari/537.36"
147.235.211.231 - - [03/Mar/2026:18:48:22 +0200] "POST /wp-content/plugins/iitvo/index.php HTTP/1.1" 200 3734 "-" "Mozilla/5.0 (Linux; Android 7.0; SM-G892A Build/NRD90M; wv) AppleWebKit/537.36 (KHTML, like Gecko) Chrome/60.0.3112.107 Mobile Safari/537.36"
147.235.211.231 - - [03/Mar/2026:18:48:23 +0200] "GET /wp-content/plugins/iitvo/ovajiowej.php HTTP/1.1" 200 353 "-" "Mozilla/5.0 (Linux; Android 7.0; SM-G892A Build/NRD90M; wv) AppleWebKit/537.36 (KHTML, like Gecko) Chrome/60.0.3112.107 Mobile Safari/537.36"
147.235.211.231 - - [03/Mar/2026:18:48:24 +0200] "GET /wp-content/plugins/iitvo/ovajiowej.php HTTP/1.1" 200 353 "-" "Mozilla/5.0 (Linux; Android 7.0; SM-G892A Build/NRD90M; wv) AppleWebKit/537.36 (KHTML, like Gecko) Chrome/60.0.3112.107 Mobile Safari/537.36"
217.146.69.50 - - [03/Mar/2026:18:49:00 +0200] "HEAD / HTTP/1.1" 200 3955 "-" "Bearmor-Relay/1.0.0"
147.235.211.231 - - [03/Mar/2026:18:53:47 +0200] "POST /wp-content/plugins/iitvo/index.php HTTP/1.1" 200 7100 "-" "Mozilla/5.0 (Windows NT 10.0; Win64; x64) AppleWebKit/537.36 (KHTML, like Gecko) Chrome/138.0.0.0 Safari/537.36"
147.235.211.231 - - [03/Mar/2026:18:53:47 +0200] "POST /wp-content/plugins/wrptg/index.php HTTP/1.1" 200 7099 "-" "Mozilla/5.0 (Windows NT 10.0; Win64; x64) AppleWebKit/537.36 (KHTML, like Gecko) Chrome/138.0.0.0 Safari/537.36"
147.235.211.231 - - [03/Mar/2026:18:53:50 +0200] "POST /wp-content/plugins/wrptg/index.php HTTP/1.1" 200 7140 "-" "Mozilla/5.0 (Windows NT 10.0; Win64; x64) AppleWebKit/537.36 (KHTML, like Gecko) Chrome/138.0.0.0 Safari/537.36"
147.235.211.231 - - [03/Mar/2026:18:53:50 +0200] "POST /wp-content/plugins/iitvo/index.php HTTP/1.1" 200 7141 "-" "Mozilla/5.0 (Windows NT 10.0; Win64; x64) AppleWebKit/537.36 (KHTML, like Gecko) Chrome/138.0.0.0 Safari/537.36"
147.235.211.231 - - [03/Mar/2026:18:53:55 +0200] "POST /wp-content/plugins/iitvo/index.php HTTP/1.1" 200 7180 "-" "Mozilla/5.0 (Windows NT 10.0; Win64; x64) AppleWebKit/537.36 (KHTML, like Gecko) Chrome/138.0.0.0 Safari/537.36"
147.235.211.231 - - [03/Mar/2026:18:53:55 +0200] "POST /wp-content/plugins/wrptg/index.php HTTP/1.1" 200 7179 "-" "Mozilla/5.0 (Windows NT 10.0; Win64; x64) AppleWebKit/537.36 (KHTML, like Gecko) Chrome/138.0.0.0 Safari/537.36"
147.235.211.231 - - [03/Mar/2026:18:54:02 +0200] "POST /wp-content/plugins/wrptg/index.php HTTP/1.1" 200 7220 "-" "Mozilla/5.0 (Windows NT 10.0; Win64; x64) AppleWebKit/537.36 (KHTML, like Gecko) Chrome/138.0.0.0 Safari/537.36"
147.235.211.231 - - [03/Mar/2026:18:54:00 +0200] "POST /wp-content/plugins/iitvo/index.php HTTP/1.1" 200 7220 "-" "Mozilla/5.0 (Windows NT 10.0; Win64; x64) AppleWebKit/537.36 (KHTML, like Gecko) Chrome/138.0.0.0 Safari/537.36"
217.146.69.20 - - [03/Mar/2026:19:01:42 +0200] "HEAD / HTTP/1.1" 200 3955 "-" "WordPress/6.9.1; https://bearmor.eu"
217.146.69.50 - - [03/Mar/2026:19:03:47 +0200] "HEAD / HTTP/1.1" 200 3955 "-" "Bearmor-Relay/1.0.0"
217.146.69.20 - - [03/Mar/2026:19:16:46 +0200] "HEAD / HTTP/1.1" 200 3955 "-" "WordPress/6.9.1; https://bearmor.eu"
95.179.211.0 - - [03/Mar/2026:19:17:13 +0200] "POST /wp-load.php?746b9e=82579 HTTP/1.1" 200 13678 "-" "Mozilla/5.0 (Windows NT 10.0; Win64; x64) AppleWebKit/537.36 (KHTML, like Gecko) Chrome/104.0.5112.97 Safari/537.36"
217.146.69.50 - - [03/Mar/2026:19:18:51 +0200] "HEAD / HTTP/1.1" 200 3955 "-" "Bearmor-Relay/1.0.0"
147.235.211.231 - - [03/Mar/2026:19:26:40 +0200] "GET /wp-content/plugins/iitvo/ovajiowej.php HTTP/1.1" 200 3682 "-" "Mozilla/5.0 (Windows NT 10.0; Win64; x64) AppleWebKit/537.36 (KHTML, like Gecko) Chrome/90.0.4430.85 Safari/537.36"
192.168.1.1 - - [03/Mar/2026:19:26:45 +0200] "GET /wp-content/HTkcODmZhRF.php?pass=5x8U7AeNiTz HTTP/1.1" 200 9428 "-" "Mozilla/5.0 (Windows NT 10.0; Win64; x64) AppleWebKit/537.36 (KHTML, like Gecko) Chrome/90.0.4430.85 Safari/537.36"
147.235.211.231 - - [03/Mar/2026:19:26:41 +0200] "GET /wp-content/plugins/iitvo/ovajiowej.php?action=a4752555d405d233f2c69726e2f27766e20333f6 HTTP/1.1" 200 3841 "-" "Mozilla/5.0 (Windows NT 10.0; Win64; x64) AppleWebKit/537.36 (KHTML, like Gecko) Chrome/90.0.4430.85 Safari/537.36"
147.235.211.231 - - [03/Mar/2026:19:26:46 +0200] "GET /wp-content/plugins/iitvo/ovajiowej.php?action=73437565859424f2c69726e2f27766e20333f6 HTTP/1.1" 200 3653 "-" "Mozilla/5.0 (Windows NT 10.0; Win64; x64) AppleWebKit/537.36 (KHTML, like Gecko) Chrome/90.0.4430.85 Safari/537.36"
147.235.211.231 - - [03/Mar/2026:19:26:47 +0200] "GET /wp-content/plugins/iitvo/ovajiowej.php?action=84d454352485d243f2c69726e2f27766e20333f6 HTTP/1.1" 200 3656 "-" "Mozilla/5.0 (Windows NT 10.0; Win64; x64) AppleWebKit/537.36 (KHTML, like Gecko) Chrome/90.0.4430.85 Safari/537.36"
192.168.1.1 - - [03/Mar/2026:19:31:46 +0200] "POST /wp-cron.php?doing_wp_cron=1772559106.2759590148925781250000 HTTP/1.1" 200 3609 "-" "WordPress/6.9.1; https://fotovoltaicgreen.ro"
217.146.69.20 - - [03/Mar/2026:19:31:45 +0200] "HEAD / HTTP/1.1" 200 3955 "-" "WordPress/6.9.1; https://bearmor.eu"
217.146.69.50 - - [03/Mar/2026:19:33:51 +0200] "HEAD / HTTP/1.1" 200 3955 "-" "Bearmor-Relay/1.0.0"
144.172.114.76 - - [03/Mar/2026:19:40:27 +0200] "GET /kickstart.php HTTP/1.1" 404 130954 "-" "Python-urllib/2.7"
134.195.82.121 - - [03/Mar/2026:19:43:37 +0200] "GET /wp-content/plugins/wrptg/dejxk.php?pass=xleeeeet HTTP/1.1" 200 9342 "-" "Mozilla/5.0 (Windows NT 10.0; Win64; x64) AppleWebKit/537.36 (KHTML, like Gecko) Chrome/127.0.0.0 Safari/537.36"
147.235.211.231 - - [03/Mar/2026:19:45:42 +0200] "GET /wp-content/plugins/wrptg/ovaoxlgne.php HTTP/1.1" 200 3682 "-" "Mozilla/5.0 (Windows NT 10.0; Win64; x64) AppleWebKit/537.36 (KHTML, like Gecko) Chrome/90.0.4430.85 Safari/537.36"
192.168.1.1 - - [03/Mar/2026:19:45:46 +0200] "GET /wp-content/NQh45cSHnxA.php?pass=98eqlLUwASj HTTP/1.1" 200 9428 "-" "Mozilla/5.0 (Windows NT 10.0; Win64; x64) AppleWebKit/537.36 (KHTML, like Gecko) Chrome/90.0.4430.85 Safari/537.36"
147.235.211.231 - - [03/Mar/2026:19:45:42 +0200] "GET /wp-content/plugins/wrptg/ovaoxlgne.php?action=a4752555d405d233f2c69726e2f27766e20333f6 HTTP/1.1" 200 3840 "-" "Mozilla/5.0 (Windows NT 10.0; Win64; x64) AppleWebKit/537.36 (KHTML, like Gecko) Chrome/90.0.4430.85 Safari/537.36"
147.235.211.231 - - [03/Mar/2026:19:45:46 +0200] "GET /wp-content/plugins/wrptg/ovaoxlgne.php?action=73437565859424f2c69726e2f27766e20333f6 HTTP/1.1" 200 3653 "-" "Mozilla/5.0 (Windows NT 10.0; Win64; x64) AppleWebKit/537.36 (KHTML, like Gecko) Chrome/90.0.4430.85 Safari/537.36"
147.235.211.231 - - [03/Mar/2026:19:45:47 +0200] "GET /wp-content/plugins/wrptg/ovaoxlgne.php?action=84d454352485d243f2c69726e2f27766e20333f6 HTTP/1.1" 200 3656 "-" "Mozilla/5.0 (Windows NT 10.0; Win64; x64) AppleWebKit/537.36 (KHTML, like Gecko) Chrome/90.0.4430.85 Safari/537.36"
192.168.1.1 - - [03/Mar/2026:19:46:46 +0200] "POST /wp-cron.php?doing_wp_cron=1772560006.6328120231628417968750 HTTP/1.1" 200 3609 "-" "WordPress/6.9.1; https://fotovoltaicgreen.ro"
217.146.69.20 - - [03/Mar/2026:19:46:46 +0200] "HEAD / HTTP/1.1" 200 3955 "-" "WordPress/6.9.1; https://bearmor.eu"
217.146.69.50 - - [03/Mar/2026:19:48:37 +0200] "HEAD / HTTP/1.1" 200 3955 "-" "Bearmor-Relay/1.0.0"
49.13.61.43 - - [03/Mar/2026:19:54:15 +0200] "GET / HTTP/1.1" 200 17216 "-" "Mozilla/5.0 (Windows NT 10.0; Win64; x64) AppleWebKit/537.36 (KHTML, like Gecko) Chrome/104.0.5112.97 Safari/537.36"
5.231.88.50 - - [03/Mar/2026:19:55:02 +0200] "GET /wp-content/HTkcODmZhRF.php?pass=5x8U7AeNiTz HTTP/1.1" 200 9428 "-" "Mozilla/5.0 (Windows NT 10.0; Win64; x64) AppleWebKit/537.36 (KHTML, like Gecko) Chrome/127.0.0.0 Safari/537.36"
194.44.39.53 - - [03/Mar/2026:19:57:54 +0200] "GET /index.php/2026/03/03/continue-wellness-guarantee-within-the-persistent-situation-continue-health-security-in-the-chronic-state/ HTTP/1.1" 200 29274 "-" "Screaming Frog SEO Spider/20.2"
217.146.69.20 - - [03/Mar/2026:20:01:32 +0200] "HEAD / HTTP/1.1" 200 3955 "-" "WordPress/6.9.1; https://bearmor.eu"
162.245.222.15 - - [03/Mar/2026:20:03:05 +0200] "GET /wp-content/NQh45cSHnxA.php?pass=98eqlLUwASj HTTP/1.1" 200 9428 "-" "Mozilla/5.0 (Windows NT 10.0; Win64; x64) AppleWebKit/537.36 (KHTML, like Gecko) Chrome/127.0.0.0 Safari/537.36"
217.146.69.50 - - [03/Mar/2026:20:03:22 +0200] "HEAD / HTTP/1.1" 200 3955 "-" "Bearmor-Relay/1.0.0"
217.146.69.20 - - [03/Mar/2026:20:16:23 +0200] "HEAD / HTTP/1.1" 200 3955 "-" "WordPress/6.9.1; https://bearmor.eu"
49.12.219.178 - - [03/Mar/2026:20:17:15 +0200] "POST /wp-load.php?9513a2=22192 HTTP/1.1" 200 6742 "-" "Mozilla/5.0 (Windows NT 10.0; Win64; x64) AppleWebKit/537.36 (KHTML, like Gecko) Chrome/104.0.5112.97 Safari/537.36"
217.146.69.50 - - [03/Mar/2026:20:18:02 +0200] "HEAD / HTTP/1.1" 200 3955 "-" "Bearmor-Relay/1.0.0"
217.146.69.20 - - [03/Mar/2026:20:31:10 +0200] "HEAD / HTTP/1.1" 200 3955 "-" "WordPress/6.9.1; https://bearmor.eu"
192.168.1.1 - - [03/Mar/2026:20:32:38 +0200] "POST /wp-cron.php?doing_wp_cron=1772562758.1118400096893310546875 HTTP/1.1" 200 3609 "-" "WordPress/6.9.1; https://fotovoltaicgreen.ro"
217.146.69.50 - - [03/Mar/2026:20:32:37 +0200] "HEAD / HTTP/1.1" 200 3955 "-" "Bearmor-Relay/1.0.0"
45.83.178.85 - - [03/Mar/2026:20:35:36 +0200] "GET /index.php/2026/03/03/continue-wellness-guarantee-within-the-persistent-situation-continue-health-security-in-the-chronic-state/ HTTP/1.1" 200 29315 "-" "Mozilla/5.0 (compatible; Googlebot/2.1; +http://www.google.com/bot.html)"
192.168.1.1 - - [03/Mar/2026:20:46:03 +0200] "POST /wp-cron.php?doing_wp_cron=1772563563.8106510639190673828125 HTTP/1.1" 200 3609 "-" "WordPress/6.9.1; https://fotovoltaicgreen.ro"
217.146.69.20 - - [03/Mar/2026:20:46:03 +0200] "HEAD / HTTP/1.1" 200 3955 "-" "WordPress/6.9.1; https://bearmor.eu"
192.168.1.1 - - [03/Mar/2026:20:47:29 +0200] "POST /wp-cron.php?doing_wp_cron=1772563649.2870728969573974609375 HTTP/1.1" 200 3609 "-" "WordPress/6.9.1; https://fotovoltaicgreen.ro"
217.146.69.50 - - [03/Mar/2026:20:47:28 +0200] "HEAD / HTTP/1.1" 200 3955 "-" "Bearmor-Relay/1.0.0"
217.146.69.20 - - [03/Mar/2026:21:01:07 +0200] "HEAD / HTTP/1.1" 200 3955 "-" "WordPress/6.9.1; https://bearmor.eu"
217.146.69.50 - - [03/Mar/2026:21:02:30 +0200] "HEAD / HTTP/1.1" 200 3955 "-" "Bearmor-Relay/1.0.0"
195.178.110.223 - - [03/Mar/2026:21:13:19 +0200] "GET / HTTP/1.1" 200 36243 "-" "Mozilla/5.0 (Windows NT 10.0; Win64; x64) AppleWebKit/537.36 (KHTML, like Gecko) Chrome/131.0.0.0 Safari/537.36"
195.178.110.223 - - [03/Mar/2026:21:13:20 +0200] "GET /wp-content/themes/Divi/core/admin/js/common.js?ver=4.27.4 HTTP/1.1" 200 4172 "-" "Mozilla/5.0 (Macintosh; Intel Mac OS X 10_15_7) AppleWebKit/537.36 (KHTML, like Gecko) Chrome/131.0.0.0 Safari/537.36"
195.178.110.223 - - [03/Mar/2026:21:13:20 +0200] "GET /wp-includes/js/jquery/jquery-migrate.min.js?ver=3.4.1 HTTP/1.1" 200 8480 "-" "Mozilla/5.0 (X11; Linux x86_64) AppleWebKit/537.36 (KHTML, like Gecko) Chrome/131.0.0.0 Safari/537.36"
195.178.110.223 - - [03/Mar/2026:21:13:20 +0200] "GET /wp-content/themes/Divi/includes/builder/feature/dynamic-assets/assets/js/magnific-popup.js?ver=4.27.4 HTTP/1.1" 200 12011 "-" "Mozilla/5.0 (Windows NT 10.0; Win64; x64; rv:133.0) Gecko/20100101 Firefox/133.0"
195.178.110.223 - - [03/Mar/2026:21:13:20 +0200] "GET /wp-content/themes/Divi/includes/builder/feature/dynamic-assets/assets/js/jquery.fitvids.js?ver=4.27.4 HTTP/1.1" 200 4948 "-" "Mozilla/5.0 (Macintosh; Intel Mac OS X 10_15_7) AppleWebKit/537.36 (KHTML, like Gecko) Chrome/131.0.0.0 Safari/537.36"
195.178.110.223 - - [03/Mar/2026:21:13:20 +0200] "GET /wp-content/plugins/gtranslate/js/popup.js?ver=6.9.1 HTTP/1.1" 200 9538 "-" "Mozilla/5.0 (X11; Linux x86_64) AppleWebKit/537.36 (KHTML, like Gecko) Chrome/131.0.0.0 Safari/537.36"
195.178.110.223 - - [03/Mar/2026:21:13:20 +0200] "GET /wp-includes/js/jquery/jquery.min.js?ver=3.7.1 HTTP/1.1" 200 34088 "-" "Mozilla/5.0 (X11; Linux x86_64) AppleWebKit/537.36 (KHTML, like Gecko) Chrome/131.0.0.0 Safari/537.36"
195.178.110.223 - - [03/Mar/2026:21:13:20 +0200] "GET /wp-content/themes/Divi/js/scripts.min.js?ver=4.27.4 HTTP/1.1" 200 74587 "-" "Mozilla/5.0 (Windows NT 10.0; Win64; x64; rv:133.0) Gecko/20100101 Firefox/133.0"
195.178.110.223 - - [03/Mar/2026:21:13:20 +0200] "GET /wp-content/themes/Divi/includes/builder/feature/dynamic-assets/assets/js/salvattore.js?ver=4.27.4 HTTP/1.1" 200 3723 "-" "Mozilla/5.0 (X11; Linux x86_64) AppleWebKit/537.36 (KHTML, like Gecko) Chrome/131.0.0.0 Safari/537.36"
195.178.110.223 - - [03/Mar/2026:21:13:20 +0200] "GET /.env HTTP/1.1" 404 131891 "-" "Mozilla/5.0 (X11; Linux x86_64) AppleWebKit/537.36 (KHTML, like Gecko) Chrome/131.0.0.0 Safari/537.36"
195.178.110.223 - - [03/Mar/2026:21:13:21 +0200] "GET /.env.bak HTTP/1.1" 404 131899 "-" "Mozilla/5.0 (X11; Linux x86_64) AppleWebKit/537.36 (KHTML, like Gecko) Chrome/131.0.0.0 Safari/537.36"
195.178.110.223 - - [03/Mar/2026:21:13:20 +0200] "GET / HTTP/1.1" 200 32945 "-" "Mozilla/5.0 (X11; Linux x86_64) AppleWebKit/537.36 (KHTML, like Gecko) Chrome/131.0.0.0 Safari/537.36"
195.178.110.223 - - [03/Mar/2026:21:13:21 +0200] "GET /.env.save HTTP/1.1" 404 131903 "-" "Mozilla/5.0 (Windows NT 10.0; Win64; x64; rv:133.0) Gecko/20100101 Firefox/133.0"
195.178.110.223 - - [03/Mar/2026:21:13:22 +0200] "GET /.env.backup HTTP/1.1" 404 131907 "-" "Mozilla/5.0 (Windows NT 10.0; Win64; x64; rv:133.0) Gecko/20100101 Firefox/133.0"
195.178.110.223 - - [03/Mar/2026:21:13:22 +0200] "GET /backend/.env HTTP/1.1" 404 131907 "-" "Mozilla/5.0 (X11; Linux x86_64) AppleWebKit/537.36 (KHTML, like Gecko) Chrome/131.0.0.0 Safari/537.36"
195.178.110.223 - - [03/Mar/2026:21:13:23 +0200] "GET /admin/.env HTTP/1.1" 404 131901 "-" "Mozilla/5.0 (Macintosh; Intel Mac OS X 10_15_7) AppleWebKit/537.36 (KHTML, like Gecko) Chrome/131.0.0.0 Safari/537.36"
195.178.110.223 - - [03/Mar/2026:21:13:24 +0200] "GET /.git/config HTTP/1.1" 404 131907 "-" "Mozilla/5.0 (Windows NT 10.0; Win64; x64) AppleWebKit/537.36 (KHTML, like Gecko) Chrome/131.0.0.0 Safari/537.36"
195.178.110.223 - - [03/Mar/2026:21:13:24 +0200] "GET /wp-config.php HTTP/1.1" 200 169 "-" "Mozilla/5.0 (Windows NT 10.0; Win64; x64) AppleWebKit/537.36 (KHTML, like Gecko) Chrome/131.0.0.0 Safari/537.36"
195.178.110.223 - - [03/Mar/2026:21:13:24 +0200] "GET /config.js HTTP/1.1" 404 131903 "-" "Mozilla/5.0 (Windows NT 10.0; Win64; x64) AppleWebKit/537.36 (KHTML, like Gecko) Chrome/131.0.0.0 Safari/537.36"
195.178.110.223 - - [03/Mar/2026:21:13:25 +0200] "GET /aws-config.js HTTP/1.1" 404 131907 "-" "Mozilla/5.0 (Macintosh; Intel Mac OS X 10_15_7) AppleWebKit/537.36 (KHTML, like Gecko) Chrome/131.0.0.0 Safari/537.36"
195.178.110.223 - - [03/Mar/2026:21:13:25 +0200] "GET /aws.config.js HTTP/1.1" 404 131909 "-" "Mozilla/5.0 (X11; Linux x86_64) AppleWebKit/537.36 (KHTML, like Gecko) Chrome/131.0.0.0 Safari/537.36"
195.178.110.223 - - [03/Mar/2026:21:13:26 +0200] "GET /_debugbar/ HTTP/1.1" 404 131905 "-" "Mozilla/5.0 (Windows NT 10.0; Win64; x64) AppleWebKit/537.36 (KHTML, like Gecko) Chrome/131.0.0.0 Safari/537.36"
195.178.110.223 - - [03/Mar/2026:21:13:26 +0200] "GET /debugbar/ HTTP/1.1" 404 131903 "-" "Mozilla/5.0 (Windows NT 10.0; Win64; x64; rv:133.0) Gecko/20100101 Firefox/133.0"
195.178.110.223 - - [03/Mar/2026:21:13:27 +0200] "GET /debug/ HTTP/1.1" 404 131895 "-" "Mozilla/5.0 (X11; Linux x86_64) AppleWebKit/537.36 (KHTML, like Gecko) Chrome/131.0.0.0 Safari/537.36"
195.178.110.223 - - [03/Mar/2026:21:13:27 +0200] "GET /phpinfo.php HTTP/1.1" 404 131907 "-" "Mozilla/5.0 (Windows NT 10.0; Win64; x64) AppleWebKit/537.36 (KHTML, like Gecko) Chrome/131.0.0.0 Safari/537.36"
195.178.110.223 - - [03/Mar/2026:21:13:28 +0200] "GET /info.php HTTP/1.1" 404 131899 "-" "Mozilla/5.0 (X11; Linux x86_64) AppleWebKit/537.36 (KHTML, like Gecko) Chrome/131.0.0.0 Safari/537.36"
195.178.110.223 - - [03/Mar/2026:21:13:28 +0200] "GET /test.php HTTP/1.1" 404 131899 "-" "Mozilla/5.0 (X11; Linux x86_64) AppleWebKit/537.36 (KHTML, like Gecko) Chrome/131.0.0.0 Safari/537.36"
195.178.110.223 - - [03/Mar/2026:21:13:29 +0200] "GET /.aws/credentials HTTP/1.1" 404 131915 "-" "Mozilla/5.0 (X11; Linux x86_64) AppleWebKit/537.36 (KHTML, like Gecko) Chrome/131.0.0.0 Safari/537.36"
195.178.110.223 - - [03/Mar/2026:21:13:29 +0200] "GET /.aws/config HTTP/1.1" 404 131903 "-" "Mozilla/5.0 (Macintosh; Intel Mac OS X 10_15_7) AppleWebKit/537.36 (KHTML, like Gecko) Chrome/131.0.0.0 Safari/537.36"
195.178.110.223 - - [03/Mar/2026:21:13:30 +0200] "GET /aws-credentials HTTP/1.1" 404 131913 "-" "Mozilla/5.0 (X11; Linux x86_64) AppleWebKit/537.36 (KHTML, like Gecko) Chrome/131.0.0.0 Safari/537.36"
195.178.110.223 - - [03/Mar/2026:21:13:30 +0200] "GET /aws.json HTTP/1.1" 404 131899 "-" "Mozilla/5.0 (X11; Linux x86_64) AppleWebKit/537.36 (KHTML, like Gecko) Chrome/131.0.0.0 Safari/537.36"
195.178.110.223 - - [03/Mar/2026:21:13:31 +0200] "GET /.s3cfg HTTP/1.1" 404 131893 "-" "Mozilla/5.0 (Macintosh; Intel Mac OS X 10_15_7) AppleWebKit/537.36 (KHTML, like Gecko) Chrome/131.0.0.0 Safari/537.36"
217.146.69.20 - - [03/Mar/2026:21:16:18 +0200] "HEAD / HTTP/1.1" 200 3955 "-" "WordPress/6.9.1; https://bearmor.eu"
91.107.202.135 - - [03/Mar/2026:21:17:23 +0200] "POST /wp-load.php?2fc626=24432 HTTP/1.1" 200 8358 "-" "Mozilla/5.0 (Windows NT 10.0; Win64; x64) AppleWebKit/537.36 (KHTML, like Gecko) Chrome/104.0.5112.97 Safari/537.36"
217.146.69.50 - - [03/Mar/2026:21:17:50 +0200] "HEAD / HTTP/1.1" 200 3955 "-" "Bearmor-Relay/1.0.0"